000
CDUS43 KMQT 190515
CLIMQT


CLIMATE REPORT
NATIONAL WEATHER SERVICE MARQUETTE MI
113 AM EDT THU APR 19 2018


...................................

...THE MARQUETTE MI CLIMATE SUMMARY FOR APRIL 18 2018...

CLIMATE NORMAL PERIOD 1981 TO 2010
CLIMATE RECORD PERIOD 1961 TO 2018


WEATHER ITEM   OBSERVED RECORD YEAR NORMAL DEPARTURE LAST
                VALUE   VALUE       VALUE  FROM      YEAR
                                           NORMAL
...........................................................
TEMPERATURE (F)
 YESTERDAY
  MAXIMUM         33     79    2005  49    -16       46
  MINIMUM         26     15    1983  29     -3       25
                               1974
  AVERAGE         30                 39     -9       36

PRECIPITATION (IN)
  YESTERDAY        T      0.98 2004   0.10  -0.10     0.24
  MONTH TO DATE    3.27               1.91   1.36     2.92
  SINCE MAR 1      4.65               4.94  -0.29     4.76
  SINCE JAN 1      8.81               9.49  -0.68     9.34

SNOWFALL (IN)
  YESTERDAY        T      1.5  1975   0.4   -0.4      0.0
  MONTH TO DATE   35.2               11.2   24.0      9.4
  SINCE MAR 1     59.3               46.1   13.2     29.3
  SINCE JUL 1    175.3              198.5  -23.2    150.4
  SNOW DEPTH      34

DEGREE DAYS
 HEATING
  YESTERDAY       35                 26      9       29
  MONTH TO DATE  765                540    225      449
  SINCE MAR 1   2092               1803    289     1701
  SINCE JUL 1   8780               8427    353     7385

 COOLING
  YESTERDAY        0                  0      0        0
  MONTH TO DATE    0                  0      0        0
  SINCE MAR 1      0                  0      0        0
  SINCE JAN 1      0                  0      0        0
...........................................................

WIND (MPH)
  RESULTANT WIND SPEED  MM   RESULTANT WIND DIRECTION  MM
  HIGHEST WIND SPEED    MM   HIGHEST WIND DIRECTION    MM
  HIGHEST GUST SPEED    25   HIGHEST GUST DIRECTION    NE (45)
  AVERAGE WIND SPEED    MM

SKY COVER
  POSSIBLE SUNSHINE  MM
  AVERAGE SKY COVER  MM

WEATHER CONDITIONS
 THE FOLLOWING WEATHER WAS RECORDED YESTERDAY.
  LIGHT SNOW

RELATIVE HUMIDITY (PERCENT)
 HIGHEST    MM
 LOWEST     MM
 AVERAGE    MM
..........................................................

THE MARQUETTE MI CLIMATE NORMALS FOR TODAY
                         NORMAL    RECORD    YEAR
 MAXIMUM TEMPERATURE (F)   50        79      1987
 MINIMUM TEMPERATURE (F)   30         9      1983


SUNRISE AND SUNSET
APRIL 19 2018.........SUNRISE   656 AM EDT   SUNSET   844 PM EDT
APRIL 20 2018.........SUNRISE   654 AM EDT   SUNSET   845 PM EDT


-  INDICATES NEGATIVE NUMBERS.
R  INDICATES RECORD WAS SET OR TIED.
MM INDICATES DATA IS MISSING.
T  INDICATES TRACE AMOUNT.




$$
