459
CDUS43 KMQT 160515
CLIMQT


CLIMATE REPORT
NATIONAL WEATHER SERVICE MARQUETTE MI
114 AM EDT MON APR 16 2018


...................................

...THE MARQUETTE MI CLIMATE SUMMARY FOR APRIL 15 2018...

CLIMATE NORMAL PERIOD 1981 TO 2010
CLIMATE RECORD PERIOD 1961 TO 2018


WEATHER ITEM   OBSERVED RECORD YEAR NORMAL DEPARTURE LAST
                VALUE   VALUE       VALUE  FROM      YEAR
                                           NORMAL
...........................................................
TEMPERATURE (F)
 YESTERDAY
  MAXIMUM         23     76    2002  48    -25       56
  MINIMUM         19     -1    2014  28     -9       43
  AVERAGE         21                 38    -17       50

PRECIPITATION (IN)
  YESTERDAY        2.04R  1.00 1993   0.11   1.93     0.55
  MONTH TO DATE    2.64               1.61   1.03     2.64
  SINCE MAR 1      4.02               4.64  -0.62     4.48
  SINCE JAN 1      8.18               9.19  -1.01     9.06

SNOWFALL (IN)
  YESTERDAY       15.8 R 10.0  1993   0.5   15.3      0.0
  MONTH TO DATE   24.3                9.8   14.5      9.0
  SINCE MAR 1     48.4               44.7    3.7     28.9
  SINCE JUL 1    164.4              197.1  -32.7    150.0
  SNOW DEPTH      19

DEGREE DAYS
 HEATING
  YESTERDAY       44                 27     17       15
  MONTH TO DATE  645                461    184      359
  SINCE MAR 1   1972               1724    248     1611
  SINCE JUL 1   8660               8348    312     7295

 COOLING
  YESTERDAY        0                  0      0        0
  MONTH TO DATE    0                  0      0        0
  SINCE MAR 1      0                  0      0        0
  SINCE JAN 1      0                  0      0        0
...........................................................


WIND (MPH)
  RESULTANT WIND SPEED  MM   RESULTANT WIND DIRECTION  MM
  HIGHEST WIND SPEED    MM   HIGHEST WIND DIRECTION    MM
  HIGHEST GUST SPEED    37   HIGHEST GUST DIRECTION     N (360)
  AVERAGE WIND SPEED    MM


SKY COVER
  POSSIBLE SUNSHINE  MM
  AVERAGE SKY COVER  MM


WEATHER CONDITIONS
 THE FOLLOWING WEATHER WAS RECORDED YESTERDAY.
  LT FREEZING RAIN
  HEAVY SNOW
  SNOW
  LIGHT SNOW


RELATIVE HUMIDITY (PERCENT)
 HIGHEST    MM
 LOWEST     MM
 AVERAGE    MM

..........................................................


THE MARQUETTE MI CLIMATE NORMALS FOR TODAY
                         NORMAL    RECORD    YEAR
 MAXIMUM TEMPERATURE (F)   48        83      2002
 MINIMUM TEMPERATURE (F)   28        -5      2014


SUNRISE AND SUNSET
APRIL 16 2018.........SUNRISE   701 AM EDT   SUNSET   839 PM EDT
APRIL 17 2018.........SUNRISE   700 AM EDT   SUNSET   841 PM EDT


-  INDICATES NEGATIVE NUMBERS.
R  INDICATES RECORD WAS SET OR TIED.
MM INDICATES DATA IS MISSING.
T  INDICATES TRACE AMOUNT.

$$

TITUS
