000
CDUS43 KMQT 010515
CLIMQT


CLIMATE REPORT
NATIONAL WEATHER SERVICE MARQUETTE MI
115 AM EDT SUN APR 1 2018


...................................

...THE MARQUETTE MI CLIMATE SUMMARY FOR MARCH 31 2018...

CLIMATE NORMAL PERIOD 1981 TO 2010
CLIMATE RECORD PERIOD 1961 TO 2018


WEATHER ITEM   OBSERVED RECORD YEAR NORMAL DEPARTURE LAST
                VALUE   VALUE       VALUE  FROM      YEAR
                                           NORMAL
...........................................................
TEMPERATURE (F)
 YESTERDAY
  MAXIMUM         23     70    2010  40    -17       46
  MINIMUM          2     -8    1975  20    -18       29
  AVERAGE         13                 30    -17       38

PRECIPITATION (IN)
  YESTERDAY        0.43   1.81 1985   0.10   0.33     0.00
  MONTH TO DATE    1.38               3.03  -1.65     1.84
  SINCE MAR 1      1.38               3.03  -1.65     1.84
  SINCE JAN 1      5.54               7.58  -2.04     6.42

SNOWFALL (IN)
  YESTERDAY        4.9   18.5  1985   0.8    4.1      0.0
  MONTH TO DATE   24.1               34.9  -10.8     19.9
  SINCE MAR 1     24.1               34.9  -10.8     19.9
  SINCE JUL 1    140.1              187.3  -47.2    141.0
  SNOW DEPTH      19

DEGREE DAYS
 HEATING
  YESTERDAY       52                 35     17       27
  MONTH TO DATE 1327               1263     64     1252
  SINCE MAR 1   1327               1263     64     1252
  SINCE JUL 1   8015               7887    128     6936

 COOLING
  YESTERDAY        0                  0      0        0
  MONTH TO DATE    0                  0      0        0
  SINCE MAR 1      0                  0      0        0
  SINCE JAN 1      0                  0      0        0
...........................................................


WIND (MPH)
  RESULTANT WIND SPEED  MM   RESULTANT WIND DIRECTION  MM
  HIGHEST WIND SPEED    MM   HIGHEST WIND DIRECTION    MM
  HIGHEST GUST SPEED    26   HIGHEST GUST DIRECTION    NW (315)
  AVERAGE WIND SPEED    MM


SKY COVER
  POSSIBLE SUNSHINE  MM
  AVERAGE SKY COVER  MM


WEATHER CONDITIONS
 THE FOLLOWING WEATHER WAS RECORDED YESTERDAY.
  SNOW
  LIGHT SNOW


RELATIVE HUMIDITY (PERCENT)
 HIGHEST    MM
 LOWEST     MM
 AVERAGE    MM

..........................................................


THE MARQUETTE MI CLIMATE NORMALS FOR TODAY
                         NORMAL    RECORD    YEAR
 MAXIMUM TEMPERATURE (F)   41        68      2010
 MINIMUM TEMPERATURE (F)   21        -5      1964


SUNRISE AND SUNSET
APRIL  1 2018.........SUNRISE   730 AM EDT   SUNSET   819 PM EDT
APRIL  2 2018.........SUNRISE   728 AM EDT   SUNSET   821 PM EDT


-  INDICATES NEGATIVE NUMBERS.
R  INDICATES RECORD WAS SET OR TIED.
MM INDICATES DATA IS MISSING.
T  INDICATES TRACE AMOUNT.




$$
