936
CDUS43 KMQT 142103
CLIMQT


CLIMATE REPORT
NATIONAL WEATHER SERVICE MARQUETTE MI
502 PM EDT MON MAY 14 2018


...................................

...THE MARQUETTE MI CLIMATE SUMMARY FOR MAY 14 2018...
VALID TODAY AS OF 0500 PM LOCAL TIME.

CLIMATE NORMAL PERIOD 1981 TO 2010
CLIMATE RECORD PERIOD 1961 TO 2018


WEATHER ITEM   OBSERVED RECORD YEAR NORMAL DEPARTURE LAST
                VALUE   VALUE       VALUE  FROM      YEAR
                                           NORMAL
...........................................................
TEMPERATURE (F)
 TODAY
  MAXIMUM         76     81    1982  61     15       54
  MINIMUM         47     27    1971  39      8       38
                               1964
  AVERAGE         62                 50     12       46

PRECIPITATION (IN)
  TODAY            0.00   1.02 2007   0.10  -0.10     0.00
  MONTH TO DATE    0.42               1.25  -0.83     0.76
  SINCE MAR 1      5.08               7.29  -2.21     8.00
  SINCE JAN 1      9.24              11.84  -2.60    12.58

SNOWFALL (IN)
  TODAY            0.0    1.1  2016   0.1   -0.1      0.0
  MONTH TO DATE    0.0                1.4   -1.4      0.9
  SINCE MAR 1     59.3               50.8    8.5     32.9
  SINCE JUL 1    175.3              203.2  -27.9    154.0
  SNOW DEPTH       0

DEGREE DAYS
 HEATING
  TODAY            3                 15    -12       19
  MONTH TO DATE  219                243    -24      303
  SINCE MAR 1   2612               2321    291     2303
  SINCE JUL 1   9300               8945    355     7987

 COOLING
  TODAY            0                  0      0        0
  MONTH TO DATE    0                  0      0        0
  SINCE MAR 1      0                  1     -1        0
  SINCE JAN 1      0                  1     -1        0
...........................................................


WIND (MPH)
  HIGHEST WIND SPEED    MM   HIGHEST WIND DIRECTION    MM
  HIGHEST GUST SPEED    17   HIGHEST GUST DIRECTION    SW (225)
  AVERAGE WIND SPEED    MM


SKY COVER
  POSSIBLE SUNSHINE  MM
  AVERAGE SKY COVER  MM


WEATHER CONDITIONS
 THE FOLLOWING WEATHER WAS RECORDED TODAY.
  NO SIGNIFICANT WEATHER WAS OBSERVED.


RELATIVE HUMIDITY (PERCENT)
 HIGHEST    MM
 LOWEST     MM
 AVERAGE    MM

..........................................................


THE MARQUETTE MI CLIMATE NORMALS FOR TOMORROW
                         NORMAL    RECORD    YEAR
 MAXIMUM TEMPERATURE (F)   62        88      1962
 MINIMUM TEMPERATURE (F)   40        24      1967


SUNRISE AND SUNSET
MAY 14 2018...........SUNRISE   618 AM EDT   SUNSET   916 PM EDT
MAY 15 2018...........SUNRISE   616 AM EDT   SUNSET   917 PM EDT


-  INDICATES NEGATIVE NUMBERS.
R  INDICATES RECORD WAS SET OR TIED.
MM INDICATES DATA IS MISSING.
T  INDICATES TRACE AMOUNT.




$$
