000
CDUS43 KMQT 092106
CLIMQT


CLIMATE REPORT
NATIONAL WEATHER SERVICE MARQUETTE MI
506 PM EDT WED MAY 9 2018


...................................

...THE MARQUETTE MI CLIMATE SUMMARY FOR MAY 9 2018...
VALID TODAY AS OF 0500 PM LOCAL TIME.

CLIMATE NORMAL PERIOD 1981 TO 2010
CLIMATE RECORD PERIOD 1961 TO 2018


WEATHER ITEM   OBSERVED RECORD YEAR NORMAL DEPARTURE LAST
                VALUE   VALUE       VALUE  FROM      YEAR
                                           NORMAL
...........................................................
TEMPERATURE (F)
 TODAY
  MAXIMUM         51     86    1985  59     -8       58
  MINIMUM         41     17    1983  38      3       24
  AVERAGE         46                 48     -2       41

PRECIPITATION (IN)
  TODAY            0.17   0.94 1990   0.09   0.08     0.00
  MONTH TO DATE    0.32               0.79  -0.47     0.62
  SINCE MAR 1      4.98               6.83  -1.85     7.86
  SINCE JAN 1      9.14              11.38  -2.24    12.44

SNOWFALL (IN)
  TODAY            0.0    8.2  1990   0.1   -0.1      0.0
  MONTH TO DATE    0.0                0.9   -0.9      0.9
  SINCE MAR 1     59.3               50.3    9.0     32.9
  SINCE JUL 1    175.3              202.7  -27.4    154.0
  SNOW DEPTH       0

DEGREE DAYS
 HEATING
  TODAY           19                 17      2       24
  MONTH TO DATE  137                165    -28      227
  SINCE MAR 1   2530               2243    287     2227
  SINCE JUL 1   9218               8867    351     7911

 COOLING
  TODAY            0                  0      0        0
  MONTH TO DATE    0                  0      0        0
  SINCE MAR 1      0                  1     -1        0
  SINCE JAN 1      0                  1     -1        0
...........................................................


WIND (MPH)
  HIGHEST WIND SPEED    MM   HIGHEST WIND DIRECTION    MM
  HIGHEST GUST SPEED    19   HIGHEST GUST DIRECTION     S (180)
  AVERAGE WIND SPEED    MM


SKY COVER
  POSSIBLE SUNSHINE  MM
  AVERAGE SKY COVER  MM


WEATHER CONDITIONS
 THE FOLLOWING WEATHER WAS RECORDED TODAY.
  RAIN
  LIGHT RAIN


RELATIVE HUMIDITY (PERCENT)
 HIGHEST    MM
 LOWEST     MM
 AVERAGE    MM

..........................................................


THE MARQUETTE MI CLIMATE NORMALS FOR TOMORROW
                         NORMAL    RECORD    YEAR
 MAXIMUM TEMPERATURE (F)   60        85      1993
 MINIMUM TEMPERATURE (F)   38        20      1966


SUNRISE AND SUNSET
MAY  9 2018...........SUNRISE   624 AM EDT   SUNSET   910 PM EDT
MAY 10 2018...........SUNRISE   623 AM EDT   SUNSET   911 PM EDT


-  INDICATES NEGATIVE NUMBERS.
R  INDICATES RECORD WAS SET OR TIED.
MM INDICATES DATA IS MISSING.
T  INDICATES TRACE AMOUNT.




$$
