297
CDUS44 KMRX 262141
CLICHA


CLIMATE REPORT
NATIONAL WEATHER SERVICE MORRISTOWN TN
541 PM EDT SAT MAY 26 2018


...................................

...THE CHATTANOOGA  ASOS CLIMATE SUMMARY FOR MAY 26 2018...
VALID TODAY AS OF 0500 PM LOCAL TIME.

CLIMATE NORMAL PERIOD 1981 TO 2010
CLIMATE RECORD PERIOD 1879 TO 2018


WEATHER ITEM   OBSERVED TIME   RECORD YEAR NORMAL DEPARTURE LAST
                VALUE   (LST)  VALUE       VALUE  FROM      YEAR
                                                  NORMAL
..................................................................
TEMPERATURE (F)
 TODAY
  MAXIMUM         86    339 PM  94    1962  82      4       85
                                      1953
  MINIMUM         69    622 AM  40    1979  60      9       52
  AVERAGE         78                        71      7       69

PRECIPITATION (IN)
  TODAY            0.01          1.64 1974   0.13  -0.12     0.00
  MONTH TO DATE    1.12                      3.47  -2.35     4.32
  SINCE MAR 1     10.44                     12.44  -2.00    18.88
  SINCE JAN 1     21.31                     22.19  -0.88    27.31

SNOWFALL (IN)
  TODAY            0.0                       0.0    0.0      0.0
  MONTH TO DATE    0.0                       0.0    0.0      0.0
  SINCE MAR 1      T                         1.3   -1.3       T
  SINCE JUL 1      0.8                       3.9   -3.1      0.3
  SNOW DEPTH       0

DEGREE DAYS
 HEATING
  TODAY            0                         0      0        0
  MONTH TO DATE    1                        38    -37       25
  SINCE MAR 1    655                       616     39      408
  SINCE JUL 1   3053                      3238   -185     2219

 COOLING
  TODAY           13                         7      6        4
  MONTH TO DATE  256                       112    144      153
  SINCE MAR 1    274                       158    116      279
  SINCE JAN 1    299                       158    141      279
..................................................................


WIND (MPH)
  HIGHEST WIND SPEED    13   HIGHEST WIND DIRECTION    SW (210)
  HIGHEST GUST SPEED    17   HIGHEST GUST DIRECTION     S (200)
  AVERAGE WIND SPEED     5.5


SKY COVER
  POSSIBLE SUNSHINE  MM
  AVERAGE SKY COVER 0.8


WEATHER CONDITIONS
 THE FOLLOWING WEATHER WAS RECORDED TODAY.
  LIGHT RAIN


RELATIVE HUMIDITY (PERCENT)
 HIGHEST    90           300 AM
 LOWEST     51           300 PM
 AVERAGE    71

..........................................................


THE CHATTANOOGA  ASOS CLIMATE NORMALS FOR TOMORROW
                         NORMAL    RECORD    YEAR
 MAXIMUM TEMPERATURE (F)   83        95      1911
 MINIMUM TEMPERATURE (F)   61        41      1961


SUNRISE AND SUNSET
MAY 26 2018...........SUNRISE   630 AM EDT   SUNSET   846 PM EDT
MAY 27 2018...........SUNRISE   630 AM EDT   SUNSET   846 PM EDT


-  INDICATES NEGATIVE NUMBERS.
R  INDICATES RECORD WAS SET OR TIED.
MM INDICATES DATA IS MISSING.
T  INDICATES TRACE AMOUNT.




$$
