000
CXUS54 KFWD 010830
CF60F2
PRELIMINARY LOCAL CLIMATOLOGICAL DATA (WS FORM: F-6)
STATION: BOWIE
MONTH: FEBRUARY
YEAR: 2022
LATITUDE: 33 36 N
LONGITUDE: 97 47 W
TEMPERATURE IN F: :PCPN: SNOW: WIND :SUNSHINE: SKY :PK WND
================================================================================
1 2 3 4 5 6A 6B 7 8 9 10 11 12 13 14 15 16 17 18
12Z AVG MX 2MIN
DY MAX MIN AVG DEP HDD CDD WTR SNW DPTH SPD SPD DIR MIN PSBL S-S WX SPD DR
================================================================================
1 68 52 60 17 5 0 0.00 M M 10.2 16 180 M M 7 25 170
2 55 22 39 -4 26 0 0.29 M M 13.0 18 340 M M 9 1 26 330
3 22 15 19 -24 46 0 0.00 M M 15.5 23 340 M M 10 26 350
4 31 17 24 -19 41 0 0.00 M M 9.4 16 330 M M 3 18 330
5 46 13 30 -13 35 0 0.00 M M 5.6 14 180 M M 0 20 180
6 54 24 39 -4 26 0 0.00 M M 4.6 10 160 M M 0 M M
7 55 28 42 -2 23 0 0.00 M M 5.9 13 320 M M 0 16 320
8 67 29 48 4 17 0 0.00 M M 5.6 16 220 M M 0 24 230
9 67 32 50 6 15 0 0.00 M M 3.7 7 300 M M 0 M M
10 69 35 52 8 13 0 0.00 M M 1.9 6 180 M M 0 18 90
11 76 35 56 12 9 0 0.00 M M 7.0 15 30 M M 1 26 30
12 53 25 39 -5 26 0 0.00 M M 12.7 21 10 M M 4 31 10
13 62 24 43 -2 22 0 0.00 M M 4.3 12 340 M M 0 16 300
14 72 31 52 7 13 0 0.00 M M 6.6 15 200 M M 0 23 200
15 71 42 57 12 8 0 0.00 M M 14.3 22 170 M M 0 31 160
16 74 59 67 22 0 2 0.00 M M 16.4 22 180 M M 5 36 170
17 65 25 45 -1 20 0 0.27 M M 16.9 26 320 M M 9 36 170
18 52 17 35 -11 30 0 0.00 M M 1.7 7 340 M M 0 M M
19 65 28 47 1 18 0 0.00 M M 3.7 10 170 M M 0 16 170
20 71 35 53 7 12 0 0.00 M M 10.6 21 190 M M 0 29 190
21 77 51 64 18 1 0 0.43 M M 9.5 17 190 M M 3 1 23 200
22 64 26 45 -2 20 0 0.06 M M 14.4 21 340 M M 2 28 340
23 26 18 22 -25 43 0 0.01 M M 10.3 18 360 M M 9 28 360
24 27 18 23 -24 42 0 0.00 M M 8.2 14 330 M M 9 1 18 330
25 34 16 25 -23 40 0 0.00 M M 5.1 10 30 M M 3 16 30
26 38 29 34 -14 31 0 0.00 M M 4.1 8 320 M M 9 M M
27 56 25 41 -7 24 0 0.00 M M 6.5 13 360 M M 0 20 350
28 67 24 46 -2 19 0 0.00 M M 2.5 8 270 M M 0 M M
================================================================================
SM 1584 795 625 2 1.06 M 230.2 M 83
================================================================================
AV 56.6 28.4 8.2 FASTST M M 3 MAX(MPH)
MISC ----> 26 320 # 36 170
================================================================================
NOTES:
# LAST OF SEVERAL OCCURRENCES
COLUMN 17 PEAK WIND IN M.P.H.
PRELIMINARY LOCAL CLIMATOLOGICAL DATA (WS FORM: F-6) , PAGE 2
STATION: BOWIE
MONTH: FEBRUARY
YEAR: 2022
LATITUDE: 33 36 N
LONGITUDE: 97 47 W
[TEMPERATURE DATA] [PRECIPITATION DATA] SYMBOLS USED IN COLUMN 16
AVERAGE MONTHLY: 42.5 TOTAL FOR MONTH: 1.06 1 = FOG OR MIST
DPTR FM NORMAL: -2.6 DPTR FM NORMAL: -1.38 2 = FOG REDUCING VISIBILITY
HIGHEST: 77 ON 21 GRTST 24HR 0.43 ON 21-21 TO 1/4 MILE OR LESS
LOWEST: 13 ON 5 3 = THUNDER
SNOW, ICE PELLETS, HAIL 4 = ICE PELLETS
TOTAL MONTH: M 5 = HAIL
GRTST 24HR M ON M 6 = FREEZING RAIN OR DRIZZLE
GRTST DEPTH: M ON M 7 = DUSTSTORM OR SANDSTORM:
VSBY 1/2 MILE OR LESS
8 = SMOKE OR HAZE
[NO. OF DAYS WITH] [WEATHER - DAYS WITH] 9 = BLOWING SNOW
X = TORNADO
MAX 32 OR BELOW: 4 0.01 INCH OR MORE: 5
MAX 90 OR ABOVE: 0 0.10 INCH OR MORE: 3
MIN 32 OR BELOW: 21 0.50 INCH OR MORE: 0
MIN 0 OR BELOW: 0 1.00 INCH OR MORE: 0
[HDD (BASE 65) ]
TOTAL THIS MO. 625 CLEAR (SCALE 0-3) 19
DPTR FM NORMAL 68 PTCLDY (SCALE 4-7) 3
TOTAL FM JUL 1 1992 CLOUDY (SCALE 8-10) 6
DPTR FM NORMAL -517
[CDD (BASE 65) ]
TOTAL THIS MO. 2
DPTR FM NORMAL 0 [PRESSURE DATA]
TOTAL FM JAN 1 2 HIGHEST SLP M ON M
DPTR FM NORMAL 2 LOWEST SLP M ON M
[REMARKS]
#FINAL-02-22#