000
CXUS54 KFWD 010730
CF60F2
PRELIMINARY LOCAL CLIMATOLOGICAL DATA (WS FORM: F-6)
STATION: BOWIE
MONTH: SEPTEMBER
YEAR: 2023
LATITUDE: 33 36 N
LONGITUDE: 97 47 W
TEMPERATURE IN F: :PCPN: SNOW: WIND :SUNSHINE: SKY :PK WND
================================================================================
1 2 3 4 5 6A 6B 7 8 9 10 11 12 13 14 15 16 17 18
12Z AVG MX 2MIN
DY MAX MIN AVG DEP HDD CDD WTR SNW DPTH SPD SPD DIR MIN PSBL S-S WX SPD DR
================================================================================
1 98 71 85 5 0 20 0.00 M M 6.4 12 150 M M 0 20 140
2 97 66 82 3 0 17 0.00 M M 5.1 10 120 M M 0 18 170
3 103 72 88 9 0 23 0.00 M M 8.0 16 170 M M 0 28 170
4 101 72 87 8 0 22 0.00 M M 9.6 16 200 M M 0 23 160
5 104 79 92 14 0 27 0.01 M M 9.4 15 160 M M 1 22 190
6 102 77 90 12 0 25 0.00 M M 4.4 10 220 M M 0 22 220
7 107 71 89 11 0 24 0.00 M M 3.7 10 240 M M 0 21 230
8 109 73 91 14 0 26 0.05 M M 6.4 25 190 M M 1 32 100
9 95 72 84 7 0 19 0.00 M M 7.1 13 80 M M 0 20 80
10 94 66 80 4 0 15 0.00 M M 5.0 9 150 M M 0 18 150
11 88 65 77 1 0 12 0.25 M M 5.2 16 320 M M 5 20 320
12 74 66 70 -6 0 5 0.00 M M 5.3 12 10 M M 8 16 10
13 82 66 74 -1 0 9 0.00 M M 3.3 8 90 M M 7 M M
14 76 67 72 -3 0 7 0.23 M M 5.2 8 110 M M 9 1 M M
15 81 66 74 0 0 9 0.31 M M 3.1 8 130 M M 6 M M
16 87 64 76 2 0 11 0.00 M M 2.3 9 360 M M 2 M M
17 90 59 75 1 0 10 0.00 M M 2.3 8 330 M M 0 M M
18 92 58 75 2 0 10 0.00 M M 3.5 10 210 M M 0 16 210
19 87 65 76 3 0 11 0.73 M M 6.7 14 130 M M 3 24 120
20 92 67 80 8 0 15 0.00 M M 8.8 12 150 M M 0 18 160
21 91 73 82 10 0 17 0.00 M M 7.6 16 100 M M 1 24 60
22 97 71 84 12 0 19 0.00 M M 7.5 15 190 M M 0 20 190
23 99 73 86 15 0 21 0.00 M M 9.2 14 180 M M 0 22 180
24 97 76 87 16 0 22 0.00 M M 4.8 9 50 M M 1 21 60
25 92 68 80 10 0 15 0.00 M M 3.2 13 50 M M 4 17 50
26 92 61 77 7 0 12 0.00 M M 1.4 8 90 M M 0 M M
27 94 64 79 9 0 14 0.00 M M 2.9 9 200 M M 0 M M
28 95 64 80 11 0 15 0.00 M M 4.2 10 190 M M 1 18 190
29 95 68 82 13 0 17 0.00 M M 6.3 14 150 M M 0 1 22 170
30 93 68 81 12 0 16 0.00 M M 6.2 12 140 M M 0 21 160
================================================================================
SM 2804 2048 0 485 1.58 M 164.2 M 49
================================================================================
AV 93.5 68.3 5.5 FASTST M M 2 MAX(MPH)
MISC ----> 25 190 32 100
================================================================================
NOTES:
# LAST OF SEVERAL OCCURRENCES
COLUMN 17 PEAK WIND IN M.P.H.
PRELIMINARY LOCAL CLIMATOLOGICAL DATA (WS FORM: F-6) , PAGE 2
STATION: BOWIE
MONTH: SEPTEMBER
YEAR: 2023
LATITUDE: 33 36 N
LONGITUDE: 97 47 W
[TEMPERATURE DATA] [PRECIPITATION DATA] SYMBOLS USED IN COLUMN 16
AVERAGE MONTHLY: 80.9 TOTAL FOR MONTH: 1.58 1 = FOG OR MIST
DPTR FM NORMAL: 6.7 DPTR FM NORMAL: -1.83 2 = FOG REDUCING VISIBILITY
HIGHEST: 109 ON 8 GRTST 24HR 0.73 ON 19-19 TO 1/4 MILE OR LESS
LOWEST: 58 ON 18 3 = THUNDER
SNOW, ICE PELLETS, HAIL 4 = ICE PELLETS
TOTAL MONTH: M 5 = HAIL
GRTST 24HR M ON M 6 = FREEZING RAIN OR DRIZZLE
GRTST DEPTH: M ON M 7 = DUSTSTORM OR SANDSTORM:
VSBY 1/2 MILE OR LESS
8 = SMOKE OR HAZE
[NO. OF DAYS WITH] [WEATHER - DAYS WITH] 9 = BLOWING SNOW
X = TORNADO
MAX 32 OR BELOW: 0 0.01 INCH OR MORE: 6
MAX 90 OR ABOVE: 23 0.10 INCH OR MORE: 4
MIN 32 OR BELOW: 0 0.50 INCH OR MORE: 1
MIN 0 OR BELOW: 0 1.00 INCH OR MORE: 0
[HDD (BASE 65) ]
TOTAL THIS MO. 0 CLEAR (SCALE 0-3) 24
DPTR FM NORMAL -16 PTCLDY (SCALE 4-7) 4
TOTAL FM JUL 1 0 CLOUDY (SCALE 8-10) 2
DPTR FM NORMAL -15
[CDD (BASE 65) ]
TOTAL THIS MO. 485
DPTR FM NORMAL 193 [PRESSURE DATA]
TOTAL FM JAN 1 2617 HIGHEST SLP M ON M
DPTR FM NORMAL 634 LOWEST SLP M ON M
[REMARKS]
#FINAL-09-23#