000
CXUS54 KHGX 011510
CF611R
PRELIMINARY LOCAL CLIMATOLOGICAL DATA (WS FORM: F-6)
STATION: BRENHAM
MONTH: FEBRUARY
YEAR: 2024
LATITUDE: 30 13 N
LONGITUDE: 96 22 W
TEMPERATURE IN F: :PCPN: SNOW: WIND :SUNSHINE: SKY :PK WND
================================================================================
1 2 3 4 5 6A 6B 7 8 9 10 11 12 13 14 15 16 17 18
12Z AVG MX 2MIN
DY MAX MIN AVG DEP HDD CDD WTR SNW DPTH SPD SPD DIR MIN PSBL S-S WX SPD DR
================================================================================
1 73 44 59 M 6 0 0.00 0.0 0 4.1 12 170 M M 1 20 160
2 72 55 64 M 1 0 0.91 0.0 0 5.5 12 160 M M 9 123 17 160
3 73 52 63 M 2 0 1.45 0.0 0 5.2 12 20 M M 5 3 27 190
4 67 51 59 M 6 0 0.00 0.0 0 10.0 24 330 M M 2 35 330
5 64 52 58 M 7 0 0.00 0.0 0 15.5 24 340 M M 6 31 340
6 71 44 58 M 7 0 M 0.0 0 1.2 6 320 M M 0 1 M M
7 69 45 57 M 8 0 M 0.0 0 7.5 18 160 M M 4 18 25 160
8 76 61 69 M 0 4 T 0.0 0 4.1 12 210 M M 7 18 160
9 74 64 69 M 0 4 T 0.0 0 2.8 8 210 M M 8 M M
10 73 61 67 M 0 2 0.71 0.0 0 3.5 21 290 M M 10 13 28 290
11 72 49 61 M 4 0 0.60 0.0 0 10.5 22 320 M M 10 13 28 320
12 60 42 51 M 14 0 0.00 0.0 0 14.0 23 340 M M 4 30 310
13 66 37 52 M 13 0 0.00 0.0 0 1.3 7 190 M M 0 M M
14 70 42 56 M 9 0 0.00 0.0 0 3.6 12 140 M M 2 M M
15 73 56 65 M 0 0 0.00 0.0 0 1.7 8 210 M M 7 M M
16 71 58 65 M 0 0 M 0.0 0 6.7 15 340 M M 7 23 350
17 58 38 48 M 17 0 M 0.0 0 15.0 23 350 M M 4 30 350
18 54 33 44 M 21 0 M 0.0 0 4.9 9 350 M M 1 17 360
19 67 32 50 M 15 0 0.00 0.0 0 4.6 12 190 M M 0 20 170
20 78 50 64 M 1 0 0.00 0.0 0 6.2 13 170 M M 0 1 16 170
21 78 60 69 M 0 4 0.00 0.0 0 10.6 20 180 M M 7 1 25 180
22 80 62 71 M 0 6 0.00 0.0 0 9.0 18 190 M M 6 25 190
23 77 56 67 M 0 2 0.00 0.0 0 9.1 18 360 M M 0 23 360
24 79 46 63 M 2 0 0.00 0.0 0 1.7 9 210 M M 0 8 M M
25 82 56 69 M 0 4 0.00 0.0 0 10.0 17 190 M M 2 8 25 200
26 80 67 74 M 0 9 0.00 0.0 0 11.0 16 180 M M 7 25 180
27 87 69 78 M 0 13 0.00 0.0 0 11.8 17 190 M M 7 1 25 190
28 72 49 61 M 4 0 0.00 0.0 0 13.1 24 360 M M 4 18 33 360
29 53 46 50 M 15 0 0.00 0.0 0 5.7 9 360 M M 7 M M
================================================================================
SM 2069 1477 152 48 3.67 0.0 209.9 M 127
================================================================================
AV 71.3 50.9 7.2 FASTST M M 4 MAX(MPH)
MISC ----> # 24 330 35 330
================================================================================
NOTES:
# LAST OF SEVERAL OCCURRENCES
COLUMN 17 PEAK WIND IN M.P.H.
PRELIMINARY LOCAL CLIMATOLOGICAL DATA (WS FORM: F-6) , PAGE 2
STATION: BRENHAM
MONTH: FEBRUARY
YEAR: 2024
LATITUDE: 30 13 N
LONGITUDE: 96 22 W
[TEMPERATURE DATA] [PRECIPITATION DATA] SYMBOLS USED IN COLUMN 16
AVERAGE MONTHLY: 61.1 TOTAL FOR MONTH: 3.67 1 = FOG OR MIST
DPTR FM NORMAL: 8.7 DPTR FM NORMAL: 0.65 2 = FOG REDUCING VISIBILITY
HIGHEST: 87 ON 27 GRTST 24HR 1.45 ON 3- 3 TO 1/4 MILE OR LESS
LOWEST: 32 ON 19 3 = THUNDER
SNOW, ICE PELLETS, HAIL 4 = ICE PELLETS
TOTAL MONTH: 0.0 INCH 5 = HAIL
GRTST 24HR 0.0 6 = FREEZING RAIN OR DRIZZLE
GRTST DEPTH: 0 7 = DUSTSTORM OR SANDSTORM:
VSBY 1/2 MILE OR LESS
8 = SMOKE OR HAZE
[NO. OF DAYS WITH] [WEATHER - DAYS WITH] 9 = BLOWING SNOW
X = TORNADO
MAX 32 OR BELOW: 0 0.01 INCH OR MORE: 4
MAX 90 OR ABOVE: 0 0.10 INCH OR MORE: 4
MIN 32 OR BELOW: 1 0.50 INCH OR MORE: 4
MIN 0 OR BELOW: 0 1.00 INCH OR MORE: 1
[HDD (BASE 65) ]
TOTAL THIS MO. 152 CLEAR (SCALE 0-3) 11
DPTR FM NORMAL M PTCLDY (SCALE 4-7) 15
TOTAL FM JUL 1 1123 CLOUDY (SCALE 8-10) 3
DPTR FM NORMAL M
[CDD (BASE 65) ]
TOTAL THIS MO. 48
DPTR FM NORMAL M [PRESSURE DATA]
TOTAL FM JAN 1 49 HIGHEST SLP M ON M
DPTR FM NORMAL M LOWEST SLP M ON M
[REMARKS]
#FINAL-02-24#