000
CXUS51 KBTV 010700
CF61V4
PRELIMINARY LOCAL CLIMATOLOGICAL DATA (WS FORM: F-6)
STATION: SAINT JOHNSBURY VT ASOS
MONTH: MARCH
YEAR: 2023
LATITUDE: 44 25 N
LONGITUDE: 72 1 W
TEMPERATURE IN F: :PCPN: SNOW: WIND :SUNSHINE: SKY :PK WND
================================================================================
1 2 3 4 5 6A 6B 7 8 9 10 11 12 13 14 15 16 17 18
12Z AVG MX 2MIN
DY MAX MIN AVG DEP HDD CDD WTR SNW DPTH SPD SPD DIR MIN PSBL S-S WX SPD DR
================================================================================
1 39 21 30 6 35 0 M M M M M M M M 0 M M
2 37 31 34 10 31 0 M M M M M M M M 0 M M
3 39 24 32 8 33 0 M M M M M M M M 0 M M
4 35 28 32 8 33 0 M M M M M M M M 0 M M
5 38 28 33 8 32 0 M M M M M M M M 0 M M
6 40 26 33 8 32 0 M M M M M M M M 0 M M
7 31 23 27 1 38 0 M M M M M M M M 0 M M
8 35 24 30 4 35 0 M M M M M M M M 0 M M
9 34 28 31 5 34 0 M M M M M M M M 0 M M
10 41 18 30 3 35 0 M M M M M M M M 0 M M
11 42 23 33 6 32 0 M M M M M M M M 0 M M
12 49 15 32 4 33 0 M M M M M M M M 0 M M
13 43 27 35 7 30 0 M M M M M M M M 0 M M
14 34 31 33 5 32 0 M M M M M M M M 0 M M
15 34 30 32 3 33 0 M M M M M M M M 0 M M
16 40 20 30 1 35 0 M M M M M M M M 0 M M
17 43 32 38 8 27 0 M M M M M M M M 0 M M
18 42 28 35 5 30 0 M M M M M M M M 0 M M
19 29 15 22 -8 43 0 M M M M M M M M 0 M M
20 44 14 29 -2 36 0 M M M M M M M M 0 M M
21 48 21 35 4 30 0 M M M M M M M M 0 M M
22 53 22 38 6 27 0 M M M M M M M M 0 M M
23 42 36 39 7 26 0 M M M M M M M M 0 M M
24 40 27 34 2 31 0 0.00 M M M M M M M 0 M M
25 38 21 30 -3 35 0 0.16 M M M M M M M 0 M M
26 40 31 36 3 29 0 0.04 M M M M M M M 0 M M
27 48 28 38 4 27 0 0.00 M M M M M M M 0 M M
28 41 26 34 0 31 0 0.00 M M M M M M M 0 M M
29 50 20 35 1 30 0 0.10 M M M M M M M 0 M M
30 33 19 26 -9 39 0 0.04 M M M M M M M 0 M M
31 41 14 28 -7 37 0 0.16 M M M M M M M 0 M M
================================================================================
SM 1243 751 1011 0 0.50 M M M 0
================================================================================
AV 40.1 24.2 M FASTST M M 0 MAX(MPH)
MISC ----> M M M M
================================================================================
NOTES:
# LAST OF SEVERAL OCCURRENCES
COLUMN 17 PEAK WIND IN M.P.H.
PRELIMINARY LOCAL CLIMATOLOGICAL DATA (WS FORM: F-6) , PAGE 2
STATION: SAINT JOHNSBURY VT ASOS
MONTH: MARCH
YEAR: 2023
LATITUDE: 44 25 N
LONGITUDE: 72 1 W
[TEMPERATURE DATA] [PRECIPITATION DATA] SYMBOLS USED IN COLUMN 16
AVERAGE MONTHLY: 32.2 TOTAL FOR MONTH: 0.50 1 = FOG OR MIST
DPTR FM NORMAL: 3.0 DPTR FM NORMAL: -1.92 2 = FOG REDUCING VISIBILITY
HIGHEST: 53 ON 22 GRTST 24HR 0.16 ON 25-25 TO 1/4 MILE OR LESS
LOWEST: 14 ON 31,20 3 = THUNDER
SNOW, ICE PELLETS, HAIL 4 = ICE PELLETS
TOTAL MONTH: M 5 = HAIL
GRTST 24HR M ON M 6 = FREEZING RAIN OR DRIZZLE
GRTST DEPTH: M ON M 7 = DUSTSTORM OR SANDSTORM:
VSBY 1/2 MILE OR LESS
8 = SMOKE OR HAZE
[NO. OF DAYS WITH] [WEATHER - DAYS WITH] 9 = BLOWING SNOW
X = TORNADO
MAX 32 OR BELOW: 2 0.01 INCH OR MORE: 5
MAX 90 OR ABOVE: 0 0.10 INCH OR MORE: 2
MIN 32 OR BELOW: 30 0.50 INCH OR MORE: 0
MIN 0 OR BELOW: 0 1.00 INCH OR MORE: 0
[HDD (BASE 65) ]
TOTAL THIS MO. 1011 CLEAR (SCALE 0-3) 31
DPTR FM NORMAL -99 PTCLDY (SCALE 4-7) 0
TOTAL FM JUL 1 5731 CLOUDY (SCALE 8-10) 0
DPTR FM NORMAL -1160
[CDD (BASE 65) ]
TOTAL THIS MO. 0
DPTR FM NORMAL 0 [PRESSURE DATA]
TOTAL FM JAN 1 0 HIGHEST SLP M ON M
DPTR FM NORMAL 0 LOWEST SLP M ON M
[REMARKS]
#FINAL-03-23#