000
CXUS51 KBTV 010700
CF61V4
PRELIMINARY LOCAL CLIMATOLOGICAL DATA (WS FORM: F-6)
STATION: SAINT JOHNSBURY VT ASOS
MONTH: SEPTEMBER
YEAR: 2020
LATITUDE: 44 25 N
LONGITUDE: 72 1 W
TEMPERATURE IN F: :PCPN: SNOW: WIND :SUNSHINE: SKY :PK WND
================================================================================
1 2 3 4 5 6A 6B 7 8 9 10 11 12 13 14 15 16 17 18
12Z AVG MX 2MIN
DY MAX MIN AVG DEP HDD CDD WTR SNW DPTH SPD SPD DIR MIN PSBL S-S WX SPD DR
================================================================================
1 76 47 62 -3 3 0 0.00 M M M M M M M 0 M M
2 68 61 65 0 0 0 0.13 M M M M M M M 0 M M
3 77 55 66 1 0 1 0.00 M M M M M M M 0 M M
4 74 52 63 -1 2 0 0.00 M M M M M M M 0 M M
5 72 47 60 -4 5 0 0.00 M M M M M M M 0 M M
6 72 46 59 -5 6 0 0.00 M M M M M M M 0 M M
7 78 45 62 -1 3 0 0.00 M M M M M M M 0 M M
8 82 56 69 6 0 4 0.00 M M M M M M M 0 M M
9 88 58 73 10 0 8 0.00 M M M M M M M 0 M M
10 86 58 72 10 0 7 0.00 M M M M M M M 0 M M
11 63 43 53 -9 12 0 0.00 M M M M M M M 0 M M
12 71 38 55 -7 10 0 0.00 M M M M M M M 0 M M
13 71 49 60 -1 5 0 0.03 M M M M M M M 0 M M
14 63 39 51 -10 14 0 0.00 M M M M M M M 0 M M
15 63 34 49 -11 16 0 0.00 M M M M M M M 0 M M
16 73 41 57 -3 8 0 0.00 M M M M M M M 0 M M
17 62 47 55 -5 10 0 0.00 M M M M M M M 0 M M
18 61 34 48 -11 17 0 0.00 M M M M M M M 0 M M
19 57 29 43 -16 22 0 0.00 M M M M M M M 0 M M
20 60 29 45 -13 20 0 0.00 M M M M M M M 0 M M
21 65 28 47 -11 18 0 0.00 M M M M M M M 0 M M
22 64 29 47 -11 18 0 0.00 M M M M M M M 0 M M
23 72 37 55 -2 10 0 0.00 M M M M M M M 0 M M
24 76 47 62 5 3 0 0.00 M M M M M M M 0 M M
25 76 48 62 6 3 0 0.00 M M M M M M M 0 M M
26 80 49 65 9 0 0 0.00 M M M M M M M 0 M M
27 77 66 72 17 0 7 0.00 M M M M M M M 0 M M
28 80 64 72 17 0 7 0.01 M M M M M M M 0 M M
29 82 60 71 17 0 6 0.67 M M M M M M M 0 M M
30 71 50 61 7 4 0 1.05 M M M M M M M 0 M M
================================================================================
SM 2160 1386 209 40 1.89 M M M 0
================================================================================
AV 72.0 46.2 M FASTST M M 0 MAX(MPH)
MISC ----> M M M M
================================================================================
NOTES:
# LAST OF SEVERAL OCCURRENCES
COLUMN 17 PEAK WIND IN M.P.H.
PRELIMINARY LOCAL CLIMATOLOGICAL DATA (WS FORM: F-6) , PAGE 2
STATION: SAINT JOHNSBURY VT ASOS
MONTH: SEPTEMBER
YEAR: 2020
LATITUDE: 44 25 N
LONGITUDE: 72 1 W
[TEMPERATURE DATA] [PRECIPITATION DATA] SYMBOLS USED IN COLUMN 16
AVERAGE MONTHLY: 59.1 TOTAL FOR MONTH: 1.89 1 = FOG OR MIST
DPTR FM NORMAL: -0.9 DPTR FM NORMAL: -1.50 2 = FOG REDUCING VISIBILITY
HIGHEST: 88 ON 9 GRTST 24HR 1.72 ON 29-30 TO 1/4 MILE OR LESS
LOWEST: 28 ON 21 3 = THUNDER
SNOW, ICE PELLETS, HAIL 4 = ICE PELLETS
TOTAL MONTH: M 5 = HAIL
GRTST 24HR M ON M 6 = FREEZING RAIN OR DRIZZLE
GRTST DEPTH: M ON M 7 = DUSTSTORM OR SANDSTORM:
VSBY 1/2 MILE OR LESS
8 = SMOKE OR HAZE
[NO. OF DAYS WITH] [WEATHER - DAYS WITH] 9 = BLOWING SNOW
X = TORNADO
MAX 32 OR BELOW: 0 0.01 INCH OR MORE: 5
MAX 90 OR ABOVE: 0 0.10 INCH OR MORE: 3
MIN 32 OR BELOW: 4 0.50 INCH OR MORE: 2
MIN 0 OR BELOW: 0 1.00 INCH OR MORE: 1
[HDD (BASE 65) ]
TOTAL THIS MO. 209 CLEAR (SCALE 0-3) 30
DPTR FM NORMAL 25 PTCLDY (SCALE 4-7) 0
TOTAL FM JUL 1 252 CLOUDY (SCALE 8-10) 0
DPTR FM NORMAL 17
[CDD (BASE 65) ]
TOTAL THIS MO. 40
DPTR FM NORMAL 6 [PRESSURE DATA]
TOTAL FM JAN 1 546 HIGHEST SLP M ON M
DPTR FM NORMAL 114 LOWEST SLP 29.22 ON 30
[REMARKS]
#FINAL-09-20#