000
CXUS55 KBOU 010735
CF633V
PRELIMINARY LOCAL CLIMATOLOGICAL DATA (WS FORM: F-6)
STATION: Walden
MONTH: JUNE
YEAR: 2020
LATITUDE: 40 45 N
LONGITUDE: 106 16 W
TEMPERATURE IN F: :PCPN: SNOW: WIND :SUNSHINE: SKY :PK WND
================================================================================
1 2 3 4 5 6A 6B 7 8 9 10 11 12 13 14 15 16 17 18
12Z AVG MX 2MIN
DY MAX MIN AVG DEP HDD CDD WTR SNW DPTH SPD SPD DIR MIN PSBL S-S WX SPD DR
================================================================================
1 77 43 60 M 5 0 M M M 8.3 22 170 M M 1 31 170
2 77 43 60 M 5 0 M M M 5.2 13 280 M M 1 18 240
3 73 37 55 M 10 0 M M M 8.1 22 330 M M 2 30 330
4 77 41 59 M 6 0 M M M 11.2 29 300 M M 1 37 300
5 81 37 59 M 6 0 M M M 7.9 14 230 M M 1 23 240
6 64 41 53 M 12 0 M M M 12.3 27 250 M M 5 35 250
7 70 37 54 M 11 0 M M M 16.2 28 210 M M 3 41 230
8 63 34 49 M 16 0 M M M 9.7 24 20 M M 7 33 20
9 54 34 44 M 21 0 M M M 9.8 22 300 M M 7 30 300
10 63 37 50 M 15 0 M M M 8.0 14 270 M M 6 23 230
11 70 34 52 M 13 0 M M M 5.9 14 230 M M 1 17 230
12 75 39 57 M 8 0 M M M 6.0 10 120 M M 2 17 250
13 75 45 60 M 5 0 M M M 9.9 20 230 M M 3 33 230
14 73 39 56 M 9 0 M M M 11.8 23 240 M M 0 30 230
15 75 32 54 M 11 0 M M M 8.7 20 200 M M 0 28 200
16 75 41 58 M 7 0 M M M 15.2 31 210 M M 1 44 210
17 73 41 57 M 8 0 M M M 16.0 22 250 M M 1 32 200
18 70 34 52 M 13 0 M M M 6.3 14 280 M M 4 17 280
19 66 36 51 M 14 0 M M M 9.2 20 310 M M 4 25 310
20 70 30 50 M 15 0 M M M 8.3 20 240 M M 1 27 240
21 68 41 55 M 10 0 M M M 6.4 22 310 M M 3 32 310
22 70 39 55 M 10 0 M M M 5.3 10 330 M M 4 M M
23 75 37 56 M 9 0 M M M 5.9 16 320 M M 3 23 320
24 75 39 57 M 8 0 M M M 6.6 16 110 M M 2 22 190
25 81 39 60 M 5 0 M M M 8.2 24 200 M M 3 38 230
26 77 41 59 M 6 0 M M M 7.2 29 200 M M 2 38 200
27 75 39 57 M 8 0 M M M 7.9 14 230 M M 2 23 260
28 75 45 60 M 5 0 M M M 11.7 23 250 M M 2 35 250
29 75 41 58 M 7 0 M M M 14.5 23 210 M M 2 30 200
30 61 34 48 M 17 0 0.00 0.0 0 14.6 24 230 M M 5 37 230
================================================================================
SM 2153 1150 295 0 0.00 0.0 282.3 M 79
================================================================================
AV 71.8 38.3 9.4 FASTST M M 3 MAX(MPH)
MISC ----> # 31 210 # 44 210
================================================================================
NOTES:
# LAST OF SEVERAL OCCURRENCES
COLUMN 17 PEAK WIND IN M.P.H.
PRELIMINARY LOCAL CLIMATOLOGICAL DATA (WS FORM: F-6) , PAGE 2
STATION: Walden
MONTH: JUNE
YEAR: 2020
LATITUDE: 40 45 N
LONGITUDE: 106 16 W
[TEMPERATURE DATA] [PRECIPITATION DATA] SYMBOLS USED IN COLUMN 16
AVERAGE MONTHLY: 55.1 TOTAL FOR MONTH: 0.00 1 = FOG OR MIST
DPTR FM NORMAL: M DPTR FM NORMAL: M 2 = FOG REDUCING VISIBILITY
HIGHEST: 81 ON 25, 5 GRTST 24HR 0.00 ON 30-30 TO 1/4 MILE OR LESS
LOWEST: 30 ON 20 3 = THUNDER
SNOW, ICE PELLETS, HAIL 4 = ICE PELLETS
TOTAL MONTH: 0.0 INCH 5 = HAIL
GRTST 24HR 0.0 6 = FREEZING RAIN OR DRIZZLE
GRTST DEPTH: 0 7 = DUSTSTORM OR SANDSTORM:
VSBY 1/2 MILE OR LESS
8 = SMOKE OR HAZE
[NO. OF DAYS WITH] [WEATHER - DAYS WITH] 9 = BLOWING SNOW
X = TORNADO
MAX 32 OR BELOW: 0 0.01 INCH OR MORE: 0
MAX 90 OR ABOVE: 0 0.10 INCH OR MORE: 0
MIN 32 OR BELOW: 2 0.50 INCH OR MORE: 0
MIN 0 OR BELOW: 0 1.00 INCH OR MORE: 0
[HDD (BASE 65) ]
TOTAL THIS MO. 295 CLEAR (SCALE 0-3) 22
DPTR FM NORMAL M PTCLDY (SCALE 4-7) 8
TOTAL FM JUL 1 9927 CLOUDY (SCALE 8-10) 0
DPTR FM NORMAL M
[CDD (BASE 65) ]
TOTAL THIS MO. 0
DPTR FM NORMAL M [PRESSURE DATA]
TOTAL FM JAN 1 0 HIGHEST SLP M ON M
DPTR FM NORMAL M LOWEST SLP M ON M
[REMARKS]
#FINAL-06-20#