000
CXUS54 KEWX 011110
CF65C1
PRELIMINARY LOCAL CLIMATOLOGICAL DATA (WS FORM: F-6)
STATION: BOERNE
MONTH: FEBRUARY
YEAR: 2024
LATITUDE: 29 43 N
LONGITUDE: 98 42 W
TEMPERATURE IN F: :PCPN: SNOW: WIND :SUNSHINE: SKY :PK WND
================================================================================
1 2 3 4 5 6A 6B 7 8 9 10 11 12 13 14 15 16 17 18
12Z AVG MX 2MIN
DY MAX MIN AVG DEP HDD CDD WTR SNW DPTH SPD SPD DIR MIN PSBL S-S WX SPD DR
================================================================================
1 68 41 55 M 10 0 0.00 M M 5.2 12 160 M M 5 18 190
2 64 52 58 M 7 0 0.51 M M 8.3 13 110 M M 9 29 170
3 68 43 56 M 9 0 0.13 M M 4.0 9 280 M M 5 22 350
4 64 54 59 M 6 0 0.00 M M 13.1 24 330 M M 0 35 330
5 61 45 53 M 12 0 0.00 M M 10.7 16 350 M M 4 29 340
6 64 34 49 M 16 0 0.00 M M 2.0 7 170 M M 0 M M
7 64 41 53 M 12 0 0.00 M M 9.8 17 190 M M 5 26 190
8 70 55 63 M 2 0 0.00 M M 4.0 10 180 M M 5 18 180
9 70 61 66 M 0 1 0.00 M M 5.1 12 200 M M 7 16 210
10 68 59 64 M 1 0 0.30 M M 4.1 12 200 M M 9 20 350
11 63 45 54 M 11 0 0.00 M M 7.7 15 330 M M 6 24 330
12 57 36 47 M 18 0 0.00 M M 9.0 18 330 M M 2 29 330
13 64 32 48 M 17 0 0.00 M M 3.6 10 160 M M 0 16 160
14 61 36 49 M 16 0 0.00 M M 3.5 9 150 M M 7 M M
15 68 55 62 M 3 0 0.00 M M 3.8 10 200 M M 6 17 200
16 68 50 59 M 6 0 0.00 M M 8.2 14 200 M M 5 21 200
17 50 36 43 M 22 0 0.00 M M 13.0 20 20 M M 1 29 20
18 54 30 42 M 23 0 0.00 M M 5.1 10 360 M M 1 M M
19 64 32 48 M 17 0 0.00 M M 6.4 15 220 M M 0 20 220
20 75 43 59 M 6 0 0.00 M M 5.3 12 200 M M 0 17 200
21 72 57 65 M 0 0 0.00 M M 8.3 16 160 M M 5 23 160
22 82 55 69 M 0 4 0.00 M M 6.5 13 190 M M 4 22 320
23 72 48 60 M 5 0 0.00 M M 5.4 15 50 M M 0 21 50
24 73 39 56 M 9 0 0.00 M M 4.9 13 170 M M 0 21 170
25 81 55 68 M 0 3 0.00 M M 9.3 16 220 M M 2 21 220
26 82 54 68 M 0 3 0.00 M M 4.8 13 170 M M 0 20 230
27 81 63 72 M 0 7 0.00 M M 5.5 9 200 M M 5 17 210
28 68 43 56 M 9 0 0.00 M M 11.4 23 20 M M 2 32 20
29 45 41 43 M 22 0 0.00 M M 5.8 9 40 M M 9 17 10
================================================================================
SM 1941 1335 259 18 0.94 M 193.9 M 104
================================================================================
AV 66.9 46.0 6.7 FASTST M M 4 MAX(MPH)
MISC ----> 24 330 35 330
================================================================================
NOTES:
# LAST OF SEVERAL OCCURRENCES
COLUMN 17 PEAK WIND IN M.P.H.
PRELIMINARY LOCAL CLIMATOLOGICAL DATA (WS FORM: F-6) , PAGE 2
STATION: BOERNE
MONTH: FEBRUARY
YEAR: 2024
LATITUDE: 29 43 N
LONGITUDE: 98 42 W
[TEMPERATURE DATA] [PRECIPITATION DATA] SYMBOLS USED IN COLUMN 16
AVERAGE MONTHLY: 56.5 TOTAL FOR MONTH: 0.94 1 = FOG OR MIST
DPTR FM NORMAL: 0.0 DPTR FM NORMAL: M 2 = FOG REDUCING VISIBILITY
HIGHEST: 82 ON 26,22 GRTST 24HR 0.51 ON 2- 2 TO 1/4 MILE OR LESS
LOWEST: 30 ON 18 3 = THUNDER
SNOW, ICE PELLETS, HAIL 4 = ICE PELLETS
TOTAL MONTH: M 5 = HAIL
GRTST 24HR M ON M 6 = FREEZING RAIN OR DRIZZLE
GRTST DEPTH: M ON M 7 = DUSTSTORM OR SANDSTORM:
VSBY 1/2 MILE OR LESS
8 = SMOKE OR HAZE
[NO. OF DAYS WITH] [WEATHER - DAYS WITH] 9 = BLOWING SNOW
X = TORNADO
MAX 32 OR BELOW: 0 0.01 INCH OR MORE: 3
MAX 90 OR ABOVE: 0 0.10 INCH OR MORE: 3
MIN 32 OR BELOW: 3 0.50 INCH OR MORE: 1
MIN 0 OR BELOW: 0 1.00 INCH OR MORE: 0
[HDD (BASE 65) ]
TOTAL THIS MO. 259 CLEAR (SCALE 0-3) 13
DPTR FM NORMAL M PTCLDY (SCALE 4-7) 13
TOTAL FM JUL 1 1620 CLOUDY (SCALE 8-10) 3
DPTR FM NORMAL M
[CDD (BASE 65) ]
TOTAL THIS MO. 18
DPTR FM NORMAL M [PRESSURE DATA]
TOTAL FM JAN 1 18 HIGHEST SLP M ON M
DPTR FM NORMAL M LOWEST SLP M ON M
[REMARKS]
#FINAL-02-24#