000
CXUS54 KMAF 030138
CF66R6
PRELIMINARY LOCAL CLIMATOLOGICAL DATA (WS FORM: F-6)
STATION: TERRELL COUNTY AIRPORT
MONTH: APRIL
YEAR: 2022
LATITUDE: 30 2 N
LONGITUDE: 102 13 W
TEMPERATURE IN F: :PCPN: SNOW: WIND :SUNSHINE: SKY :PK WND
================================================================================
1 2 3 4 5 6A 6B 7 8 9 10 11 12 13 14 15 16 17 18
12Z AVG MX 2MIN
DY MAX MIN AVG DEP HDD CDD WTR SNW DPTH SPD SPD DIR MIN PSBL S-S WX SPD DR
================================================================================
1 86 50 68 2 0 3 0.00 M M 9.1 18 100 M M 0 24 100
2 86 58 72 6 0 7 0.00 M M 7.7 15 350 M M 0 21 360
3 92 57 75 8 0 10 0.00 M M 11.3 25 110 M M 0 32 110
4 88 61 75 8 0 10 0.00 M M 8.6 17 360 M M 0 23 360
5 95 57 76 9 0 11 0.00 M M 13.6 30 240 M M 0 42 250
6 78 55 67 0 0 2 0.00 M M 13.1 29 360 M M 0 38 360
7 73 48 61 -7 4 0 0.00 M M 8.5 17 80 M M 0 24 80
8 79 49 64 -4 1 0 0.00 M M 9.0 18 60 M M 0 26 100
9 89 48 69 1 0 4 0.00 M M 7.9 21 120 M M 0 26 110
10 95 56 76 8 0 11 0.00 M M 8.0 26 230 M M 0 32 230
11 95 60 78 10 0 13 0.00 M M 8.2 24 230 M M 0 31 240
12 95 62 79 10 0 14 0.00 M M 9.2 24 210 M M 0 31 210
13 87 55 71 2 0 6 0.00 M M 11.1 29 330 M M 0 35 320
14 84 54 69 0 0 4 0.00 M M 14.2 23 120 M M 0 30 120
15 91 57 74 5 0 9 0.00 M M 8.3 21 120 M M 0 27 120
16 96 64 80 10 0 15 0.00 M M 6.9 16 10 M M 0 22 20
17 96 64 80 10 0 15 0.00 M M 8.6 22 360 M M 0 29 350
18 90 65 78 8 0 13 0.00 M M 15.0 26 90 M M 0 35 110
19 73 63 68 -2 0 3 0.00 M M 15.0 26 110 M M 0 34 120
20 94 65 80 9 0 15 0.00 M M M M M M M 0 M M
21 90 66 78 7 0 13 0.00 M M M M M M M 0 M M
22 92 70 81 10 0 16 0.00 M M M M M M M 0 M M
23 93 66 80 9 0 15 0.00 M M M M M M M 0 M M
24 90 67 79 7 0 14 0.00 M M M M M M M 0 M M
25 67 57 62 -10 3 0 0.02 M M M M M M M 0 M M
26 69 52 61 -11 4 0 0.01 M M M M M M M 0 M M
27 82 55 69 -3 0 4 0.00 M M M M M M M 0 M M
28 87 64 76 3 0 11 0.00 M M M M M M M 0 M M
29 97 66 82 9 0 17 0.00 M M M M M M M 0 M M
30 91 65 78 5 0 13 0.00 M M M M M M M 0 M M
================================================================================
SM 2620 1776 12 268 0.03 M 193.3 M 0
================================================================================
AV 87.3 59.2 10.2 FASTST M M 0 MAX(MPH)
MISC ----> 30 240 42 250
================================================================================
NOTES:
# LAST OF SEVERAL OCCURRENCES
COLUMN 17 PEAK WIND IN M.P.H.
PRELIMINARY LOCAL CLIMATOLOGICAL DATA (WS FORM: F-6) , PAGE 2
STATION: TERRELL COUNTY AIRPORT
MONTH: APRIL
YEAR: 2022
LATITUDE: 30 2 N
LONGITUDE: 102 13 W
[TEMPERATURE DATA] [PRECIPITATION DATA] SYMBOLS USED IN COLUMN 16
AVERAGE MONTHLY: 73.3 TOTAL FOR MONTH: 0.03 1 = FOG OR MIST
DPTR FM NORMAL: 3.7 DPTR FM NORMAL: -0.40 2 = FOG REDUCING VISIBILITY
HIGHEST: 97 ON 29 GRTST 24HR 0.03 ON 25-26 TO 1/4 MILE OR LESS
LOWEST: 48 ON 9, 7 3 = THUNDER
SNOW, ICE PELLETS, HAIL 4 = ICE PELLETS
TOTAL MONTH: M 5 = HAIL
GRTST 24HR M ON M 6 = FREEZING RAIN OR DRIZZLE
GRTST DEPTH: M ON M 7 = DUSTSTORM OR SANDSTORM:
VSBY 1/2 MILE OR LESS
8 = SMOKE OR HAZE
[NO. OF DAYS WITH] [WEATHER - DAYS WITH] 9 = BLOWING SNOW
X = TORNADO
MAX 32 OR BELOW: 0 0.01 INCH OR MORE: 2
MAX 90 OR ABOVE: 16 0.10 INCH OR MORE: 0
MIN 32 OR BELOW: 0 0.50 INCH OR MORE: 0
MIN 0 OR BELOW: 0 1.00 INCH OR MORE: 0
[HDD (BASE 65) ]
TOTAL THIS MO. 12 CLEAR (SCALE 0-3) 30
DPTR FM NORMAL -24 PTCLDY (SCALE 4-7) 0
TOTAL FM JUL 1 1485 CLOUDY (SCALE 8-10) 0
DPTR FM NORMAL -236
[CDD (BASE 65) ]
TOTAL THIS MO. 268
DPTR FM NORMAL 94 [PRESSURE DATA]
TOTAL FM JAN 1 322 HIGHEST SLP 30.34 ON 26
DPTR FM NORMAL 83 LOWEST SLP 29.47 ON 12
[REMARKS]
#FINAL-04-22#