000
CXUS52 KTAE 010800
CF6AAF
PRELIMINARY LOCAL CLIMATOLOGICAL DATA (WS FORM: F-6)
STATION: APALACHICOLA
MONTH: JULY
YEAR: 2021
LATITUDE: 29 43 N
LONGITUDE: 85 2 W
TEMPERATURE IN F: :PCPN: SNOW: WIND :SUNSHINE: SKY :PK WND
================================================================================
1 2 3 4 5 6A 6B 7 8 9 10 11 12 13 14 15 16 17 18
12Z AVG MX 2MIN
DY MAX MIN AVG DEP HDD CDD WTR SNW DPTH SPD SPD DIR MIN PSBL S-S WX SPD DR
================================================================================
1 85 73 79 -3 0 14 0.45 0.0 M 7.5 15 150 M M 4 1 23 140
2 85 75 80 -2 0 15 0.74 0.0 0 8.2 21 250 M M 4 13 28 270
3 82 76 79 -3 0 14 0.32 0.0 0 7.4 20 320 M M 4 13 25 310
4 85 75 80 -2 0 15 0.55 0.0 0 5.5 21 230 M M 7 13 25 230
5 85 74 80 -2 0 15 T 0.0 M 3.7 9 210 M M 2 12 200
6 86 72 79 -3 0 14 0.35 0.0 0 7.7 21 120 M M 3 13 30 140
7 88 72 80 -2 0 15 0.26 M M 9.3 21 20 M M 6 1 27 20
8 87 74 81 -1 0 16 0.00 0.0 M 5.9 14 220 M M 1 19 220
9 89 73 81 -1 0 16 0.32 0.0 0 6.6 16 10 M M 4 13 21 350
10 87 73 80 -2 0 15 0.00 0.0 0 5.2 13 200 M M 0 16 240
11 87 73 80 -2 0 15 0.00 0.0 0 5.9 13 200 M M 1 18 210
12 84 76 80 -2 0 15 0.02 0.0 0 4.6 15 150 M M 2 3 20 140
13 87 73 80 -2 0 15 0.00 0.0 0 6.7 14 150 M M 1 19 120
14 89 73 81 -1 0 16 0.00 0.0 0 5.8 13 160 M M 1 18 160
15 89 75 82 0 0 17 0.00 M M 5.6 14 150 M M 1 3 18 140
16 90 73 82 0 0 17 0.00 M M 6.7 13 150 M M 1 M M
17 M M M M M M M M M M M M M M M M M
18 M M M M M M M M M M M M M M M M M
19 90 73 82 0 0 17 0.09 0.0 0 7.5 17 250 M M 3 3 20 250
20 86 76 81 -1 0 16 0.59 0.0 0 4.7 26 260 M M 4 13 33 260
21 90 81 86 4 0 21 0.01 0.0 0 9.2 17 260 M M 1 22 270
22 92 80 86 4 0 21 0.18 0.0 M 8.2 20 250 M M 2 1 26 250
23 95 74 85 3 0 20 0.72 0.0 0 6.7 23 20 M M 3 13 31 50
24 89 74 82 0 0 17 0.00 0.0 0 6.0 13 130 M M 3 16 90
25 89 75 82 0 0 17 0.00 0.0 0 5.5 13 150 M M 1 1 15 150
26 91 76 84 2 0 19 0.00 0.0 M 4.4 13 200 M M 1 16 170
27 92 77 85 3 0 20 T 0.0 0 5.3 18 50 M M 2 3 25 50
28 90 75 83 1 0 18 0.71 0.0 M 2.5 23 280 M M 2 138 28 290
29 88 76 82 0 0 17 0.42 0.0 M 3.9 21 220 M M 4 13 25 220
30 90 77 84 2 0 19 T 0.0 M 5.5 15 220 M M 3 13 19 230
31 91 77 84 2 0 19 T 0.0 0 6.5 16 250 M M 2 3 20 260
================================================================================
SM 2558 2171 0 485 5.73 0.0 178.2 M 73
================================================================================
AV 88.2 74.9 6.1 FASTST M M 3 MAX(MPH)
MISC ----> 26 260 33 260
================================================================================
NOTES:
# LAST OF SEVERAL OCCURRENCES
COLUMN 17 PEAK WIND IN M.P.H.
PRELIMINARY LOCAL CLIMATOLOGICAL DATA (WS FORM: F-6) , PAGE 2
STATION: APALACHICOLA
MONTH: JULY
YEAR: 2021
LATITUDE: 29 43 N
LONGITUDE: 85 2 W
[TEMPERATURE DATA] [PRECIPITATION DATA] SYMBOLS USED IN COLUMN 16
AVERAGE MONTHLY: 81.5 TOTAL FOR MONTH: 5.73 1 = FOG OR MIST
DPTR FM NORMAL: -0.7 DPTR FM NORMAL: -0.01 2 = FOG REDUCING VISIBILITY
HIGHEST: 95 ON 23 GRTST 24HR 1.68 ON 30- 1 TO 1/4 MILE OR LESS
LOWEST: 72 ON 7, 6 3 = THUNDER
SNOW, ICE PELLETS, HAIL 4 = ICE PELLETS
TOTAL MONTH: 0.0 INCH 5 = HAIL
GRTST 24HR 0.0 6 = FREEZING RAIN OR DRIZZLE
GRTST DEPTH: 0 7 = DUSTSTORM OR SANDSTORM:
VSBY 1/2 MILE OR LESS
8 = SMOKE OR HAZE
[NO. OF DAYS WITH] [WEATHER - DAYS WITH] 9 = BLOWING SNOW
X = TORNADO
MAX 32 OR BELOW: 0 0.01 INCH OR MORE: 15
MAX 90 OR ABOVE: 10 0.10 INCH OR MORE: 12
MIN 32 OR BELOW: 0 0.50 INCH OR MORE: 5
MIN 0 OR BELOW: 0 1.00 INCH OR MORE: 0
[HDD (BASE 65) ]
TOTAL THIS MO. 0 CLEAR (SCALE 0-3) 19
DPTR FM NORMAL 0 PTCLDY (SCALE 4-7) 10
TOTAL FM JUL 1 0 CLOUDY (SCALE 8-10) 2
DPTR FM NORMAL 0
[CDD (BASE 65) ]
TOTAL THIS MO. 485
DPTR FM NORMAL -48 [PRESSURE DATA]
TOTAL FM JAN 1 1434 HIGHEST SLP 30.25 ON 14
DPTR FM NORMAL -47 LOWEST SLP 29.86 ON 2
[REMARKS]
#FINAL-07-21#