000
CXUS52 KTAE 010900
CF6AAF
PRELIMINARY LOCAL CLIMATOLOGICAL DATA (WS FORM: F-6)
STATION: APALACHICOLA
MONTH: NOVEMBER
YEAR: 2020
LATITUDE: 29 43 N
LONGITUDE: 85 2 W
TEMPERATURE IN F: :PCPN: SNOW: WIND :SUNSHINE: SKY :PK WND
================================================================================
1 2 3 4 5 6A 6B 7 8 9 10 11 12 13 14 15 16 17 18
12Z AVG MX 2MIN
DY MAX MIN AVG DEP HDD CDD WTR SNW DPTH SPD SPD DIR MIN PSBL S-S WX SPD DR
================================================================================
1 81 61 71 5 0 6 0.00 0.0 M 8.9 17 20 M M 4 24 360
2 69 48 59 -7 6 0 0.00 0.0 M 12.4 22 20 M M 0 28 20
3 70 43 57 -8 8 0 0.00 0.0 M 5.7 13 50 M M 0 15 70
4 75 47 61 -4 4 0 0.00 0.0 M 7.3 13 80 M M 0 17 100
5 80 59 70 5 0 5 0.00 0.0 M 8.9 16 90 M M 1 24 110
6 80 62 71 7 0 6 0.00 0.0 M 7.5 14 110 M M 1 19 110
7 84 65 75 11 0 10 0.00 0.0 M 10.1 17 70 M M 3 25 70
8 84 68 76 12 0 11 0.00 0.0 M 10.9 21 80 M M 2 32 80
9 86 70 78 14 0 13 0.01 0.0 M 13.3 23 70 M M 5 1 34 50
10 85 74 80 17 0 15 0.12 0.0 0 11.5 20 80 M M 6 1 29 100
11 85 75 80 17 0 15 0.01 0.0 0 8.6 17 100 M M 8 1 24 110
12 85 66 76 13 0 11 0.00 0.0 0 9.3 15 340 M M 5 20 310
13 82 57 70 7 0 5 0.00 0.0 M 5.8 14 30 M M 2 1 20 340
14 76 55 66 4 0 1 0.00 0.0 M 5.8 15 110 M M 1 1 22 100
15 84 59 72 10 0 7 0.00 0.0 M 4.4 15 250 M M 3 12 18 240
16 76 55 66 4 0 1 0.00 0.0 M 11.0 18 30 M M 0 24 360
17 76 50 63 1 2 0 0.00 0.0 M 9.4 21 30 M M 0 29 10
18 70 46 58 -3 7 0 0.00 0.0 M 11.0 18 60 M M 0 25 40
19 71 47 59 -2 6 0 0.00 0.0 M 10.6 17 80 M M 1 25 80
20 76 54 65 4 0 0 0.00 0.0 0 8.5 16 90 M M 3 23 90
21 80 62 71 10 0 6 0.00 0.0 M 8.7 14 80 M M 7 19 60
22 76 63 70 10 0 5 0.00 0.0 M 6.0 15 80 M M 9 20 80
23 77 50 64 4 1 0 0.00 0.0 M 7.9 15 20 M M 0 19 30
24 74 47 61 1 4 0 0.00 0.0 0 6.4 15 110 M M 0 22 100
25 78 53 66 6 0 1 0.04 0.0 0 9.3 17 120 M M 4 1 24 140
26 81 69 75 15 0 10 0.06 0.0 0 5.8 13 180 M M 3 1 17 180
27 79 65 72 13 0 7 0.00 0.0 M 2.9 10 170 M M 7 12 14 150
28 76 66 71 12 0 6 0.61 0.0 M 6.2 17 10 M M 5 1 20 10
29 74 64 69 10 0 4 0.47 0.0 0 8.6 26 230 M M 8 13 34 220
30 74 43 59 1 6 0 0.12 0.0 0 13.5 36 240 M M 4 13 49 220
================================================================================
SM 2344 1743 44 145 1.44 0.0 256.2 M 92
================================================================================
AV 78.1 58.1 8.5 FASTST M M 3 MAX(MPH)
MISC ----> 36 240 49 220
================================================================================
NOTES:
# LAST OF SEVERAL OCCURRENCES
COLUMN 17 PEAK WIND IN M.P.H.
PRELIMINARY LOCAL CLIMATOLOGICAL DATA (WS FORM: F-6) , PAGE 2
STATION: APALACHICOLA
MONTH: NOVEMBER
YEAR: 2020
LATITUDE: 29 43 N
LONGITUDE: 85 2 W
[TEMPERATURE DATA] [PRECIPITATION DATA] SYMBOLS USED IN COLUMN 16
AVERAGE MONTHLY: 68.1 TOTAL FOR MONTH: 1.44 1 = FOG OR MIST
DPTR FM NORMAL: 6.1 DPTR FM NORMAL: -2.08 2 = FOG REDUCING VISIBILITY
HIGHEST: 86 ON 9 GRTST 24HR 0.61 ON 28-28 TO 1/4 MILE OR LESS
LOWEST: 43 ON 30, 3 3 = THUNDER
SNOW, ICE PELLETS, HAIL 4 = ICE PELLETS
TOTAL MONTH: 0.0 INCH 5 = HAIL
GRTST 24HR 0.0 6 = FREEZING RAIN OR DRIZZLE
GRTST DEPTH: 0 7 = DUSTSTORM OR SANDSTORM:
VSBY 1/2 MILE OR LESS
8 = SMOKE OR HAZE
[NO. OF DAYS WITH] [WEATHER - DAYS WITH] 9 = BLOWING SNOW
X = TORNADO
MAX 32 OR BELOW: 0 0.01 INCH OR MORE: 8
MAX 90 OR ABOVE: 0 0.10 INCH OR MORE: 4
MIN 32 OR BELOW: 0 0.50 INCH OR MORE: 1
MIN 0 OR BELOW: 0 1.00 INCH OR MORE: 0
[HDD (BASE 65) ]
TOTAL THIS MO. 44 CLEAR (SCALE 0-3) 15
DPTR FM NORMAL -101 PTCLDY (SCALE 4-7) 14
TOTAL FM JUL 1 48 CLOUDY (SCALE 8-10) 1
DPTR FM NORMAL -124
[CDD (BASE 65) ]
TOTAL THIS MO. 145
DPTR FM NORMAL 89 [PRESSURE DATA]
TOTAL FM JAN 1 2883 HIGHEST SLP 30.47 ON 19
DPTR FM NORMAL 278 LOWEST SLP 29.75 ON 30
[REMARKS]
#FINAL-11-20#