000
CXUS56 KMFR 010930
CF6AAT
PRELIMINARY LOCAL CLIMATOLOGICAL DATA (WS FORM: F-6)
STATION: ALTURAS CA
MONTH: AUGUST
YEAR: 2023
LATITUDE: 41 29 N
LONGITUDE: 120 34 W
TEMPERATURE IN F: :PCPN: SNOW: WIND :SUNSHINE: SKY :PK WND
================================================================================
1 2 3 4 5 6A 6B 7 8 9 10 11 12 13 14 15 16 17 18
12Z AVG MX 2MIN
DY MAX MIN AVG DEP HDD CDD WTR SNW DPTH SPD SPD DIR MIN PSBL S-S WX SPD DR
================================================================================
1 89 42 66 -3 0 1 0.00 M M 3.4 17 270 M M 0 8 23 280
2 90 44 67 -1 0 2 0.00 M M 5.1 22 250 M M 0 27 260
3 90 48 69 1 0 4 0.00 M M 5.6 24 250 M M 1 34 260
4 88 47 68 0 0 3 0.57 M M 5.6 35 20 M M 3 13 53 360
5 83 45 64 -4 1 0 0.00 M M 4.5 16 330 M M 1 1 22 320
6 82 47 65 -3 0 0 0.00 M M 5.1 16 300 M M 0 23 300
7 84 50 67 -1 0 2 0.00 M M 3.8 18 310 M M 2 25 350
8 88 49 69 2 0 4 0.00 M M 5.8 20 270 M M 1 27 300
9 85 43 64 -3 1 0 0.00 M M 6.5 20 260 M M 0 29 280
10 87 45 66 -1 0 1 0.00 M M 4.5 14 260 M M 0 20 260
11 91 46 69 2 0 4 0.00 M M 3.9 15 270 M M 0 20 320
12 94 53 74 7 0 9 0.00 M M 4.3 17 350 M M 0 25 340
13 95 48 72 6 0 7 0.00 M M 2.9 12 20 M M 0 17 20
14 97 50 74 8 0 9 T M M 3.4 23 180 M M 0 30 180
15 96 56 76 10 0 11 0.00 M M 3.8 15 190 M M 0 23 190
16 92 54 73 7 0 8 T M M 3.5 12 350 M M 1 16 350
17 87 57 72 6 0 7 0.06 M M 4.7 21 230 M M 5 3 30 230
18 90 52 71 6 0 6 0.00 M M 5.4 21 250 M M 1 1 29 260
19 88 53 71 6 0 6 0.00 M M 4.6 22 240 M M 1 3 32 250
20 73 60 67 2 0 2 0.00 M M 2.7 20 160 M M 5 28 170
21 67 52 60 -5 5 0 0.46 M M 5.2 18 110 M M 9 1 27 110
22 72 48 60 -5 5 0 0.00 M M 4.6 18 260 M M 5 12 28 250
23 82 44 63 -1 2 0 0.00 M M 2.4 12 200 M M 0 1 16 200
24 87 45 66 2 0 1 T M M 4.6 18 180 M M 1 1 28 170
25 87 50 69 5 0 4 0.00 M M 7.2 18 220 M M 1 30 230
26 88 49 69 5 0 4 0.00 M M 5.0 21 260 M M M 32 250
27 90 40 65 1 0 0 0.00 M M 4.0 17 260 M M 0 23 250
28 92 40 66 3 0 1 0.00 M M 3.9 18 280 M M 0 24 280
29 78 38 58 -5 7 0 0.00 M M 5.6 20 330 M M 1 8 28 320
30 81 37 59 -4 6 0 0.00 M M 2.0 8 140 M M 0 18 17 360
31 82 38 60 -3 5 0 0.01 M M 6.7 24 270 M M 2 33 290
================================================================================
SM 2675 1470 32 96 1.10 M 140.3 M 40
================================================================================
AV 86.3 47.4 4.5 FASTST M M 1 MAX(MPH)
MISC ----> 35 20 53 360
================================================================================
NOTES:
# LAST OF SEVERAL OCCURRENCES
COLUMN 17 PEAK WIND IN M.P.H.
PRELIMINARY LOCAL CLIMATOLOGICAL DATA (WS FORM: F-6) , PAGE 2
STATION: ALTURAS CA
MONTH: AUGUST
YEAR: 2023
LATITUDE: 41 29 N
LONGITUDE: 120 34 W
[TEMPERATURE DATA] [PRECIPITATION DATA] SYMBOLS USED IN COLUMN 16
AVERAGE MONTHLY: 66.9 TOTAL FOR MONTH: 1.10 1 = FOG OR MIST
DPTR FM NORMAL: 1.1 DPTR FM NORMAL: 0.83 2 = FOG REDUCING VISIBILITY
HIGHEST: 97 ON 14 GRTST 24HR 0.57 ON 4- 4 TO 1/4 MILE OR LESS
LOWEST: 37 ON 30 3 = THUNDER
SNOW, ICE PELLETS, HAIL 4 = ICE PELLETS
TOTAL MONTH: M 5 = HAIL
GRTST 24HR M ON M 6 = FREEZING RAIN OR DRIZZLE
GRTST DEPTH: M ON M 7 = DUSTSTORM OR SANDSTORM:
VSBY 1/2 MILE OR LESS
8 = SMOKE OR HAZE
[NO. OF DAYS WITH] [WEATHER - DAYS WITH] 9 = BLOWING SNOW
X = TORNADO
MAX 32 OR BELOW: 0 0.01 INCH OR MORE: 4
MAX 90 OR ABOVE: 11 0.10 INCH OR MORE: 2
MIN 32 OR BELOW: 0 0.50 INCH OR MORE: 1
MIN 0 OR BELOW: 0 1.00 INCH OR MORE: 0
[HDD (BASE 65) ]
TOTAL THIS MO. 32 CLEAR (SCALE 0-3) 26
DPTR FM NORMAL -18 PTCLDY (SCALE 4-7) 3
TOTAL FM JUL 1 33 CLOUDY (SCALE 8-10) 2
DPTR FM NORMAL -43
[CDD (BASE 65) ]
TOTAL THIS MO. 96
DPTR FM NORMAL 23 [PRESSURE DATA]
TOTAL FM JAN 1 242 HIGHEST SLP M ON M
DPTR FM NORMAL 20 LOWEST SLP 29.70 ON 31
[REMARKS]
#FINAL-08-23#