000
CXUS51 KPHI 010815
CF6ABE
PRELIMINARY LOCAL CLIMATOLOGICAL DATA (WS FORM: F-6)
STATION: ALLENTOWN PA
MONTH: JUNE
YEAR: 2023
LATITUDE: 40 39 N
LONGITUDE: 75 26 W
TEMPERATURE IN F: :PCPN: SNOW: WIND :SUNSHINE: SKY :PK WND
================================================================================
1 2 3 4 5 6A 6B 7 8 9 10 11 12 13 14 15 16 17 18
12Z AVG MX 2MIN
DY MAX MIN AVG DEP HDD CDD WTR SNW DPTH SPD SPD DIR MIN PSBL S-S WX SPD DR
================================================================================
1 91 45 68 1 0 3 0.00 0.0 0 3.5 15 70 M M 0 20 50
2 96 55 76 9 0 11 T 0.0 0 6.0 23 360 M M 1 32 10
3 76 59 68 1 0 3 T 0.0 0 9.2 20 80 M M 7 25 140
4 77 47 62 -6 3 0 0.00 0.0 0 9.4 20 60 M M 4 31 30
5 78 45 62 -6 3 0 0.00 0.0 0 6.9 18 340 M M 1 26 320
6 81 51 66 -2 0 1 0.00 0.0 0 9.7 25 350 M M 5 8 33 350
7 70 46 58 -10 7 0 0.00 0.0 0 5.9 20 320 M M 7 8 27 320
8 72 42 57 -12 8 0 T 0.0 0 4.5 16 330 M M 5 8 20 340
9 73 50 62 -7 3 0 0.00 0.0 0 5.8 22 340 M M 5 8 26 340
10 82 50 66 -3 0 1 0.00 0.0 0 6.2 16 310 M M 3 21 340
11 86 53 70 0 0 5 0.00 0.0 0 5.3 14 170 M M 2 20 140
12 78 61 70 0 0 5 1.04 0.0 0 8.0 21 160 M M 7 1 28 170
13 76 55 66 -4 0 1 0.00 0.0 0 7.2 18 260 M M 2 23 230
14 71 54 63 -8 2 0 0.36 0.0 0 7.7 20 240 M M 6 13 30 280
15 78 56 67 -4 0 2 0.00 0.0 0 6.1 14 250 M M 2 19 250
16 71 55 63 -8 2 0 0.17 0.0 0 4.8 16 40 M M 6 13 19 50
17 76 56 66 -6 0 1 0.04 0.0 0 8.2 31 340 M M 2 3 45 330
18 79 53 66 -6 0 1 0.00 0.0 0 6.1 16 320 M M 2 20 330
19 85 56 71 -1 0 6 0.00 0.0 0 5.8 16 110 M M 0 22 110
20 80 62 71 -1 0 6 0.00 0.0 0 9.5 16 90 M M 4 21 120
21 74 57 66 -7 0 1 T 0.0 0 12.0 21 60 M M 3 26 60
22 69 61 65 -8 0 0 T 0.0 0 11.3 18 60 M M 10 25 70
23 68 64 66 -7 0 1 0.19 0.0 0 7.7 13 80 M M 10 1 17 90
24 83 66 75 2 0 10 0.57 0.0 0 5.1 13 210 M M 7 123 17 220
25 86 63 75 1 0 10 0.09 0.0 0 2.7 12 150 M M 5 13 18 130
26 85 65 75 1 0 10 1.17 0.0 0 7.6 30 260 M M 6 13 44 240
27 79 64 72 -2 0 7 0.35 0.0 0 4.1 13 30 M M 8 13 20 140
28 77 62 70 -4 0 5 0.00 0.0 0 6.2 15 310 M M 6 18 19 320
29 82 62 72 -2 0 7 0.00 0.0 0 4.4 10 240 M M 4 18 15 250
30 83 58 71 -3 0 6 0.00 0.0 0 4.1 13 210 M M 2 18 22 140
================================================================================
SM 2362 1673 28 103 3.98 0.0 201.0 M 132
================================================================================
AV 78.7 55.8 6.7 FASTST M M 4 MAX(MPH)
MISC ----> 31 340 45 330
================================================================================
NOTES:
# LAST OF SEVERAL OCCURRENCES
COLUMN 17 PEAK WIND IN M.P.H.
PRELIMINARY LOCAL CLIMATOLOGICAL DATA (WS FORM: F-6) , PAGE 2
STATION: ALLENTOWN PA
MONTH: JUNE
YEAR: 2023
LATITUDE: 40 39 N
LONGITUDE: 75 26 W
[TEMPERATURE DATA] [PRECIPITATION DATA] SYMBOLS USED IN COLUMN 16
AVERAGE MONTHLY: 67.3 TOTAL FOR MONTH: 3.98 1 = FOG OR MIST
DPTR FM NORMAL: -3.7 DPTR FM NORMAL: -0.42 2 = FOG REDUCING VISIBILITY
HIGHEST: 96 ON 2 GRTST 24HR 1.22 ON 26-27 TO 1/4 MILE OR LESS
LOWEST: 42 ON 8 3 = THUNDER
SNOW, ICE PELLETS, HAIL 4 = ICE PELLETS
TOTAL MONTH: 0.0 INCH 5 = HAIL
GRTST 24HR 0.0 6 = FREEZING RAIN OR DRIZZLE
GRTST DEPTH: 0 7 = DUSTSTORM OR SANDSTORM:
VSBY 1/2 MILE OR LESS
8 = SMOKE OR HAZE
[NO. OF DAYS WITH] [WEATHER - DAYS WITH] 9 = BLOWING SNOW
X = TORNADO
MAX 32 OR BELOW: 0 0.01 INCH OR MORE: 9
MAX 90 OR ABOVE: 2 0.10 INCH OR MORE: 7
MIN 32 OR BELOW: 0 0.50 INCH OR MORE: 3
MIN 0 OR BELOW: 0 1.00 INCH OR MORE: 2
[HDD (BASE 65) ]
TOTAL THIS MO. 28 CLEAR (SCALE 0-3) 11
DPTR FM NORMAL 9 PTCLDY (SCALE 4-7) 16
TOTAL FM JUL 1 5025 CLOUDY (SCALE 8-10) 3
DPTR FM NORMAL -268
[CDD (BASE 65) ]
TOTAL THIS MO. 103
DPTR FM NORMAL -93 [PRESSURE DATA]
TOTAL FM JAN 1 123 HIGHEST SLP 30.25 ON 21
DPTR FM NORMAL -141 LOWEST SLP 29.48 ON 14
[REMARKS]
#FINAL-06-23#