000
CXUS51 KPHI 150141
CF6ABE
PRELIMINARY LOCAL CLIMATOLOGICAL DATA (WS FORM: F-6)
STATION: ALLENTOWN PA
MONTH: JULY
YEAR: 2022
LATITUDE: 40 39 N
LONGITUDE: 75 26 W
TEMPERATURE IN F: :PCPN: SNOW: WIND :SUNSHINE: SKY :PK WND
================================================================================
1 2 3 4 5 6A 6B 7 8 9 10 11 12 13 14 15 16 17 18
12Z AVG MX 2MIN
DY MAX MIN AVG DEP HDD CDD WTR SNW DPTH SPD SPD DIR MIN PSBL S-S WX SPD DR
================================================================================
1 92 60 76 1 0 11 T 0.0 0 6.1 21 230 M M 1 26 210
2 86 72 79 4 0 14 T 0.0 0 6.8 15 250 M M 1 25 230
3 86 62 74 -1 0 9 0.00 0.0 0 6.0 14 350 M M 1 26 90
4 85 54 70 -5 0 5 0.00 0.0 0 3.6 14 360 M M 0 8 21 340
5 87 64 76 1 0 11 0.18 0.0 0 7.0 21 220 M M 5 1 27 210
6 85 71 78 3 0 13 0.00 0.0 0 7.3 17 360 M M 3 1 23 350
7 82 69 76 0 0 11 0.00 0.0 0 7.5 13 80 M M 7 22 110
8 86 63 75 -1 0 10 T 0.0 0 3.5 15 250 M M 6 20 230
9 87 64 76 0 0 11 0.00 0.0 0 6.5 20 50 M M 3 23 50
10 84 57 71 -5 0 6 0.00 0.0 0 6.1 14 80 M M 0 18 70
11 86 57 72 -4 0 7 0.00 0.0 0 7.7 16 220 M M 1 24 180
12 92 62 77 1 0 12 0.00 0.0 0 9.0 21 220 M M 1 25 220
13 89 64 77 1 0 12 T 0.0 0 5.3 18 260 M M 2 1 25 260
14 88 63 76 0 0 11 0.00 0.0 0 4.7 14 300 M M 3 20 320
15 87 63 75 -1 0 10 0.00 0.0 0 5.5 18 140 M M 4 23 140
16 85 68 77 1 0 12 0.03 0.0 0 4.4 15 250 M M 7 1 19 250
17 86 66 76 0 0 11 0.09 0.0 0 3.4 14 200 M M 6 1 31 220
18 88 70 79 3 0 14 1.52 0.0 0 7.4 24 240 M M 6 13 34 250
19 90 67 79 3 0 14 0.00 0.0 0 8.2 17 240 M M 1 23 240
20 93 69 81 5 0 16 0.00 0.0 0 7.8 15 210 M M 1 19 230
21 93 72 83 7 0 18 0.00 0.0 0 7.9 20 250 M M 1 27 240
22 93 70 82 6 0 17 T 0.0 0 6.7 21 230 M M 2 28 230
23 95 68 82 6 0 17 0.00 0.0 0 5.5 15 250 M M 0 19 240
24 95 69 82 6 0 17 0.00 0.0 0 9.8 20 220 M M 0 30 170
25 90 74 82 6 0 17 T 0.0 0 8.9 22 260 M M 3 27 260
26 82 62 72 -4 0 7 0.00 0.0 0 5.6 14 230 M M 0 17 270
27 85 59 72 -4 0 7 T 0.0 0 5.1 16 240 M M 3 19 240
28 91 69 80 5 0 15 0.51 0.0 0 6.3 22 290 M M 4 13 30 310
29 80 68 74 -1 0 9 T 0.0 0 5.5 13 230 M M 4 1 15 210
30 86 64 75 0 0 10 0.00 0.0 0 6.6 16 330 M M 2 23 330
31 85 59 72 -3 0 7 0.05 0.0 0 4.0 21 230 M M 3 1 27 220
================================================================================
SM 2719 2019 0 361 2.38 0.0 195.7 M 81
================================================================================
AV 87.7 65.1 6.3 FASTST M M 3 MAX(MPH)
MISC ----> 24 240 34 250
================================================================================
NOTES:
# LAST OF SEVERAL OCCURRENCES
COLUMN 17 PEAK WIND IN M.P.H.
PRELIMINARY LOCAL CLIMATOLOGICAL DATA (WS FORM: F-6) , PAGE 2
STATION: ALLENTOWN PA
MONTH: JULY
YEAR: 2022
LATITUDE: 40 39 N
LONGITUDE: 75 26 W
[TEMPERATURE DATA] [PRECIPITATION DATA] SYMBOLS USED IN COLUMN 16
AVERAGE MONTHLY: 76.4 TOTAL FOR MONTH: 2.38 1 = FOG OR MIST
DPTR FM NORMAL: 0.8 DPTR FM NORMAL: -2.92 2 = FOG REDUCING VISIBILITY
HIGHEST: 95 ON 24,23 GRTST 24HR 1.52 ON 17-18 TO 1/4 MILE OR LESS
LOWEST: 54 ON 4 3 = THUNDER
SNOW, ICE PELLETS, HAIL 4 = ICE PELLETS
TOTAL MONTH: 0.0 INCH 5 = HAIL
GRTST 24HR 0.0 6 = FREEZING RAIN OR DRIZZLE
GRTST DEPTH: 0 7 = DUSTSTORM OR SANDSTORM:
VSBY 1/2 MILE OR LESS
8 = SMOKE OR HAZE
[NO. OF DAYS WITH] [WEATHER - DAYS WITH] 9 = BLOWING SNOW
X = TORNADO
MAX 32 OR BELOW: 0 0.01 INCH OR MORE: 6
MAX 90 OR ABOVE: 10 0.10 INCH OR MORE: 3
MIN 32 OR BELOW: 0 0.50 INCH OR MORE: 2
MIN 0 OR BELOW: 0 1.00 INCH OR MORE: 1
[HDD (BASE 65) ]
TOTAL THIS MO. 0 CLEAR (SCALE 0-3) 21
DPTR FM NORMAL -1 PTCLDY (SCALE 4-7) 10
TOTAL FM JUL 1 0 CLOUDY (SCALE 8-10) 0
DPTR FM NORMAL 0
[CDD (BASE 65) ]
TOTAL THIS MO. 361
DPTR FM NORMAL 33 [PRESSURE DATA]
TOTAL FM JAN 1 542 HIGHEST SLP 30.21 ON 31
DPTR FM NORMAL -50 LOWEST SLP 29.64 ON 21
[REMARKS]
#FINAL-07-22#