000
CXUS51 KPHI 010915
CF6ABE
PRELIMINARY LOCAL CLIMATOLOGICAL DATA (WS FORM: F-6)
STATION: ALLENTOWN PA
MONTH: FEBRUARY
YEAR: 2020
LATITUDE: 40 39 N
LONGITUDE: 75 26 W
TEMPERATURE IN F: :PCPN: SNOW: WIND :SUNSHINE: SKY :PK WND
================================================================================
1 2 3 4 5 6A 6B 7 8 9 10 11 12 13 14 15 16 17 18
12Z AVG MX 2MIN
DY MAX MIN AVG DEP HDD CDD WTR SNW DPTH SPD SPD DIR MIN PSBL S-S WX SPD DR
================================================================================
1 44 30 37 9 28 0 0.01 0.0 0 1.3 7 260 M M 9 128 9 270
2 43 34 39 11 26 0 0.10 T 0 5.8 18 260 M M 8 18 22 250
3 60 34 47 18 18 0 0.00 0.0 0 7.2 18 230 M M 3 18 23 240
4 60 36 48 19 17 0 0.04 0.0 0 2.6 18 350 M M 7 18 24 340
5 48 36 42 13 23 0 0.07 0.0 0 6.5 15 340 M M 10 19 350
6 44 35 40 11 25 0 0.26 0.0 0 5.4 18 90 M M 10 18 23 100
7 53 32 43 14 22 0 0.43 T 0 12.6 25 290 M M 10 1 36 290
8 42 26 34 5 31 0 0.00 0.0 0 8.6 21 310 M M 5 25 310
9 44 29 37 7 28 0 0.00 0.0 0 4.6 12 190 M M 7 16 180
10 48 41 45 15 20 0 0.17 0.0 0 5.9 14 230 M M 10 18 22 210
11 50 43 47 17 18 0 0.25 0.0 0 4.8 16 290 M M 10 18 21 300
12 46 34 40 10 25 0 0.26 0.0 0 6.9 16 210 M M 4 1 24 260
13 47 37 42 12 23 0 0.48 0.0 0 5.8 18 300 M M 10 18 26 300
14 40 15 28 -2 37 0 T T 0 13.4 24 360 M M 4 29 360
15 32 10 21 -10 44 0 0.00 0.0 0 5.7 13 210 M M 0 19 210
16 43 25 34 3 31 0 0.00 0.0 M 3.4 12 230 M M 6 14 210
17 54 26 40 9 25 0 0.00 0.0 0 4.5 12 70 M M 0 14 70
18 54 33 44 13 21 0 0.04 0.0 0 5.8 16 60 M M 9 18 20 150
19 49 29 39 7 26 0 0.00 0.0 0 9.6 24 320 M M 3 1 32 330
20 36 23 30 -2 35 0 0.00 0.0 0 7.0 15 350 M M 2 19 330
21 38 18 28 -4 37 0 0.00 0.0 0 6.6 15 340 M M 1 19 350
22 54 23 39 7 26 0 0.00 0.0 0 10.3 20 250 M M 0 27 250
23 57 21 39 7 26 0 0.00 0.0 0 4.6 16 230 M M 0 23 250
24 62 23 43 10 22 0 0.00 0.0 0 2.5 12 190 M M 4 19 170
25 51 42 47 14 18 0 0.06 0.0 0 3.7 10 70 M M 9 18 12 70
26 53 44 49 16 16 0 0.08 0.0 0 8.8 23 90 M M 10 18 30 110
27 46 29 38 4 27 0 0.72 T 0 16.9 30 260 M M 9 1 45 240
28 42 28 35 1 30 0 T T 0 14.0 31 250 M M 4 39 260
29 37 25 31 -3 34 0 T T 0 12.0 23 310 M M 5 33 290
================================================================================
SM 1377 861 759 0 2.97 T 206.8 M 169
================================================================================
AV 47.5 29.7 7.1 FASTST M M 6 MAX(MPH)
MISC ----> 31 250 45 240
================================================================================
NOTES:
# LAST OF SEVERAL OCCURRENCES
COLUMN 17 PEAK WIND IN M.P.H.
PRELIMINARY LOCAL CLIMATOLOGICAL DATA (WS FORM: F-6) , PAGE 2
STATION: ALLENTOWN PA
MONTH: FEBRUARY
YEAR: 2020
LATITUDE: 40 39 N
LONGITUDE: 75 26 W
[TEMPERATURE DATA] [PRECIPITATION DATA] SYMBOLS USED IN COLUMN 16
AVERAGE MONTHLY: 38.6 TOTAL FOR MONTH: 2.97 1 = FOG OR MIST
DPTR FM NORMAL: 7.9 DPTR FM NORMAL: 0.27 2 = FOG REDUCING VISIBILITY
HIGHEST: 62 ON 24 GRTST 24HR 0.80 ON 26-27 TO 1/4 MILE OR LESS
LOWEST: 10 ON 15 3 = THUNDER
SNOW, ICE PELLETS, HAIL 4 = ICE PELLETS
TOTAL MONTH: T 5 = HAIL
GRTST 24HR T ON 2- 2 6 = FREEZING RAIN OR DRIZZLE
GRTST DEPTH: 0 7 = DUSTSTORM OR SANDSTORM:
VSBY 1/2 MILE OR LESS
8 = SMOKE OR HAZE
[NO. OF DAYS WITH] [WEATHER - DAYS WITH] 9 = BLOWING SNOW
X = TORNADO
MAX 32 OR BELOW: 1 0.01 INCH OR MORE: 14
MAX 90 OR ABOVE: 0 0.10 INCH OR MORE: 8
MIN 32 OR BELOW: 17 0.50 INCH OR MORE: 1
MIN 0 OR BELOW: 0 1.00 INCH OR MORE: 0
[HDD (BASE 65) ]
TOTAL THIS MO. 759 CLEAR (SCALE 0-3) 8
DPTR FM NORMAL -200 PTCLDY (SCALE 4-7) 9
TOTAL FM JUL 1 3530 CLOUDY (SCALE 8-10) 12
DPTR FM NORMAL -840
[CDD (BASE 65) ]
TOTAL THIS MO. 0
DPTR FM NORMAL 0 [PRESSURE DATA]
TOTAL FM JAN 1 0 HIGHEST SLP 30.67 ON 15
DPTR FM NORMAL 0 LOWEST SLP 28.82 ON 7
[REMARKS]
#FINAL-02-20#