000
CXUS55 KABQ 011010
CF6ABQ
PRELIMINARY LOCAL CLIMATOLOGICAL DATA (WS FORM: F-6)
STATION: ALBUQUERQUE NM
MONTH: JUNE
YEAR: 2021
LATITUDE: 35 2 N
LONGITUDE: 106 37 W
TEMPERATURE IN F: :PCPN: SNOW: WIND :SUNSHINE: SKY :PK WND
================================================================================
1 2 3 4 5 6A 6B 7 8 9 10 11 12 13 14 15 16 17 18
12Z AVG MX 2MIN
DY MAX MIN AVG DEP HDD CDD WTR SNW DPTH SPD SPD DIR MIN PSBL S-S WX SPD DR
================================================================================
1 80 50 65 -7 0 0 T 0.0 0 6.4 29 90 M M 4 38 90
2 82 58 70 -2 0 5 T 0.0 0 11.5 29 90 M M 6 47 40
3 87 61 74 1 0 9 0.13 0.0 0 8.3 32 80 M M 8 38 41 300
4 86 60 73 0 0 8 T 0.0 0 7.3 22 90 M M 6 3 28 90
5 92 61 77 3 0 12 T 0.0 0 6.9 25 50 M M 6 33 50
6 95 61 78 4 0 13 0.00 0.0 0 7.9 32 310 M M 6 41 310
7 91 61 76 2 0 11 0.00 0.0 0 7.0 18 190 M M 4 26 230
8 92 63 78 4 0 13 0.00 0.0 0 7.0 20 180 M M 2 8 26 170
9 92 61 77 2 0 12 0.00 0.0 0 4.5 14 180 M M 4 8 19 260
10 96 59 78 3 0 13 0.00 0.0 0 4.2 16 170 M M 4 8 23 160
11 96 64 80 5 0 15 0.00 0.0 0 7.3 38 90 M M 3 47 90
12 97 71 84 8 0 19 0.00 0.0 0 15.0 33 100 M M 2 50 80
13 100 73 87 11 0 22 0.00 0.0 0 10.6 29 90 M M 3 36 100
14 103 71 87 11 0 22 0.00 0.0 0 8.4 20 110 M M 4 25 20
15 98 74 86 10 0 21 0.00 0.0 0 8.4 33 60 M M 6 44 70
16 100 71 86 9 0 21 T 0.0 0 8.1 30 130 M M 5 38 36 160
17 96 73 85 8 0 20 0.00 0.0 0 10.2 21 220 M M 4 29 220
18 98 73 86 9 0 21 T 0.0 0 8.3 31 40 M M 6 43 360
19 98 72 85 8 0 20 0.00 0.0 0 6.8 24 90 M M 5 3 30 90
20 99 69 84 6 0 19 0.00 0.0 0 7.9 35 300 M M 5 48 300
21 95 71 83 5 0 18 0.00 0.0 0 17.2 29 90 M M 3 40 90
22 97 67 82 4 0 17 0.00 0.0 0 8.7 28 90 M M 3 36 90
23 97 71 84 6 0 19 T 0.0 0 11.0 26 340 M M 5 39 340
24 88 68 78 0 0 13 T 0.0 0 7.2 32 260 M M 6 3 44 260
25 92 63 78 0 0 13 0.00 0.0 0 9.8 25 330 M M 4 8 46 220
26 89 61 75 -3 0 10 T 0.0 0 11.9 35 80 M M 4 42 80
27 77 64 71 -7 0 6 T 0.0 0 20.7 32 90 M M 7 3 43 90
28 73 60 67 -12 0 2 0.06 0.0 0 16.6 28 80 M M 9 1 36 80
29 67 58 63 -16 2 0 0.24 0.0 0 11.1 23 100 M M 10 1 35 80
30 70 62 66 -13 0 1 0.06 0.0 0 6.3 14 90 M M 9 19 90
================================================================================
SM 2723 1951 2 395 0.49 0.0 282.5 M 153
================================================================================
AV 90.8 65.0 9.4 FASTST M M 5 MAX(MPH)
MISC ----> 38 90 50 80
================================================================================
NOTES:
# LAST OF SEVERAL OCCURRENCES
COLUMN 17 PEAK WIND IN M.P.H.
PRELIMINARY LOCAL CLIMATOLOGICAL DATA (WS FORM: F-6) , PAGE 2
STATION: ALBUQUERQUE NM
MONTH: JUNE
YEAR: 2021
LATITUDE: 35 2 N
LONGITUDE: 106 37 W
[TEMPERATURE DATA] [PRECIPITATION DATA] SYMBOLS USED IN COLUMN 16
AVERAGE MONTHLY: 77.9 TOTAL FOR MONTH: 0.49 1 = FOG OR MIST
DPTR FM NORMAL: 1.8 DPTR FM NORMAL: -0.08 2 = FOG REDUCING VISIBILITY
HIGHEST: 103 ON 14 GRTST 24HR 0.30 ON 28-29 TO 1/4 MILE OR LESS
LOWEST: 50 ON 1 3 = THUNDER
SNOW, ICE PELLETS, HAIL 4 = ICE PELLETS
TOTAL MONTH: 0.0 INCH 5 = HAIL
GRTST 24HR 0.0 6 = FREEZING RAIN OR DRIZZLE
GRTST DEPTH: 0 7 = DUSTSTORM OR SANDSTORM:
VSBY 1/2 MILE OR LESS
8 = SMOKE OR HAZE
[NO. OF DAYS WITH] [WEATHER - DAYS WITH] 9 = BLOWING SNOW
X = TORNADO
MAX 32 OR BELOW: 0 0.01 INCH OR MORE: 4
MAX 90 OR ABOVE: 20 0.10 INCH OR MORE: 2
MIN 32 OR BELOW: 0 0.50 INCH OR MORE: 0
MIN 0 OR BELOW: 0 1.00 INCH OR MORE: 0
[HDD (BASE 65) ]
TOTAL THIS MO. 2 CLEAR (SCALE 0-3) 4
DPTR FM NORMAL 0 PTCLDY (SCALE 4-7) 23
TOTAL FM JUL 1 3935 CLOUDY (SCALE 8-10) 3
DPTR FM NORMAL -61
[CDD (BASE 65) ]
TOTAL THIS MO. 395
DPTR FM NORMAL 59 [PRESSURE DATA]
TOTAL FM JAN 1 509 HIGHEST SLP M ON M
DPTR FM NORMAL 61 LOWEST SLP 29.54 ON 6
[REMARKS]
#FINAL-06-21#