000
CXUS52 KTAE 010900
CF6ABY
PRELIMINARY LOCAL CLIMATOLOGICAL DATA (WS FORM: F-6)
STATION: ALBANY
MONTH: NOVEMBER
YEAR: 2021
LATITUDE: 31 31 N
LONGITUDE: 84 11 W
TEMPERATURE IN F: :PCPN: SNOW: WIND :SUNSHINE: SKY :PK WND
================================================================================
1 2 3 4 5 6A 6B 7 8 9 10 11 12 13 14 15 16 17 18
12Z AVG MX 2MIN
DY MAX MIN AVG DEP HDD CDD WTR SNW DPTH SPD SPD DIR MIN PSBL S-S WX SPD DR
================================================================================
1 75 47 61 -2 4 0 0.00 0.0 0 1.9 9 10 M M 0 1 12 340
2 80 49 65 2 0 0 0.00 0.0 M 3.0 10 330 M M 1 18 16 50
3 76 52 64 2 1 0 0.00 0.0 M 5.7 10 60 M M 0 15 30
4 72 52 62 0 3 0 0.00 0.0 0 8.6 15 60 M M 3 21 60
5 56 49 53 -9 12 0 T 0.0 0 12.6 21 60 M M 7 28 60
6 63 47 55 -6 10 0 T 0.0 0 8.6 16 360 M M 3 23 40
7 74 45 60 -1 5 0 0.00 0.0 0 5.5 14 340 M M 0 20 10
8 77 38 58 -3 7 0 0.00 0.0 0 1.8 9 50 M M 0 8 11 50
9 80 40 60 0 5 0 0.00 M M 0.6 6 350 M M 0 8 12 100
10 81 47 64 4 1 0 0.00 M M 0.9 9 140 M M 0 18 17 140
11 84 62 73 13 0 8 0.36 M M 6.4 16 280 M M 8 1 24 270
12 77 51 64 4 1 0 0.02 0.0 M 3.0 10 310 M M 1 12 13 300
13 71 44 58 -1 7 0 0.00 0.0 M 4.8 15 310 M M 0 20 330
14 65 36 51 -8 14 0 0.00 0.0 0 4.0 14 330 M M 0 20 330
15 73 39 56 -3 9 0 0.00 0.0 0 1.7 12 310 M M 0 13 330
16 78 40 59 1 6 0 0.00 0.0 0 1.0 9 180 M M 0 8 11 210
17 82 44 63 5 2 0 0.00 0.0 0 2.4 13 190 M M 0 15 180
18 85 53 69 11 0 4 0.00 0.0 0 2.1 12 360 M M 1 1 17 20
19 71 47 59 1 6 0 0.00 0.0 0 7.8 14 60 M M 0 20 340
20 70 43 57 0 8 0 0.00 0.0 0 9.1 17 50 M M 1 21 50
21 75 51 63 6 2 0 0.00 M M 4.2 13 60 M M 5 1 15 60
22 69 51 60 3 5 0 0.01 M M 6.5 18 340 M M 4 1 26 340
23 62 35 49 -8 16 0 0.00 0.0 0 5.6 15 350 M M 0 21 340
24 68 32 50 -6 15 0 0.00 0.0 0 4.2 15 90 M M 0 19 100
25 76 40 58 2 7 0 0.00 0.0 0 2.7 10 260 M M 1 15 280
26 67 39 53 -3 12 0 0.04 0.0 0 7.2 20 330 M M 4 1 24 310
27 68 33 51 -5 14 0 0.00 0.0 0 1.6 8 360 M M 0 11 10
28 59 41 50 -6 15 0 T 0.0 0 2.9 10 270 M M 6 13 250
29 65 36 51 -4 14 0 0.00 0.0 0 4.2 14 330 M M 0 18 18 330
30 71 31 51 -4 14 0 0.00 M M 1.1 7 280 M M 0 11 320
================================================================================
SM 2170 1314 215 12 0.43 0.0 131.7 M 45
================================================================================
AV 72.3 43.8 4.4 FASTST M M 2 MAX(MPH)
MISC ----> 21 60 28 60
================================================================================
NOTES:
# LAST OF SEVERAL OCCURRENCES
COLUMN 17 PEAK WIND IN M.P.H.
PRELIMINARY LOCAL CLIMATOLOGICAL DATA (WS FORM: F-6) , PAGE 2
STATION: ALBANY
MONTH: NOVEMBER
YEAR: 2021
LATITUDE: 31 31 N
LONGITUDE: 84 11 W
[TEMPERATURE DATA] [PRECIPITATION DATA] SYMBOLS USED IN COLUMN 16
AVERAGE MONTHLY: 58.1 TOTAL FOR MONTH: 0.43 1 = FOG OR MIST
DPTR FM NORMAL: -0.6 DPTR FM NORMAL: -2.51 2 = FOG REDUCING VISIBILITY
HIGHEST: 85 ON 18 GRTST 24HR 0.38 ON 11-12 TO 1/4 MILE OR LESS
LOWEST: 31 ON 30 3 = THUNDER
SNOW, ICE PELLETS, HAIL 4 = ICE PELLETS
TOTAL MONTH: 0.0 INCH 5 = HAIL
GRTST 24HR 0.0 6 = FREEZING RAIN OR DRIZZLE
GRTST DEPTH: 0 7 = DUSTSTORM OR SANDSTORM:
VSBY 1/2 MILE OR LESS
8 = SMOKE OR HAZE
[NO. OF DAYS WITH] [WEATHER - DAYS WITH] 9 = BLOWING SNOW
X = TORNADO
MAX 32 OR BELOW: 0 0.01 INCH OR MORE: 4
MAX 90 OR ABOVE: 0 0.10 INCH OR MORE: 1
MIN 32 OR BELOW: 2 0.50 INCH OR MORE: 0
MIN 0 OR BELOW: 0 1.00 INCH OR MORE: 0
[HDD (BASE 65) ]
TOTAL THIS MO. 215 CLEAR (SCALE 0-3) 23
DPTR FM NORMAL -6 PTCLDY (SCALE 4-7) 6
TOTAL FM JUL 1 234 CLOUDY (SCALE 8-10) 1
DPTR FM NORMAL -33
[CDD (BASE 65) ]
TOTAL THIS MO. 12
DPTR FM NORMAL -22 [PRESSURE DATA]
TOTAL FM JAN 1 3039 HIGHEST SLP 30.42 ON 24
DPTR FM NORMAL 359 LOWEST SLP 29.97 ON 22
[REMARKS]
#FINAL-11-21#