000
CXUS54 KFWD 030451
CF6ACT
PRELIMINARY LOCAL CLIMATOLOGICAL DATA (WS FORM: F-6)
STATION: WACO
MONTH: DECEMBER
YEAR: 2023
LATITUDE: 31 37 N
LONGITUDE: 97 13 W
TEMPERATURE IN F: :PCPN: SNOW: WIND :SUNSHINE: SKY :PK WND
================================================================================
1 2 3 4 5 6A 6B 7 8 9 10 11 12 13 14 15 16 17 18
12Z AVG MX 2MIN
DY MAX MIN AVG DEP HDD CDD WTR SNW DPTH SPD SPD DIR MIN PSBL S-S WX SPD DR
================================================================================
1 65 39 52 0 13 0 0.00 0.0 0 5.3 13 340 M M 0 18 18 330
2 71 37 54 2 11 0 0.00 0.0 0 6.6 13 320 M M 1 1 18 310
3 72 36 54 2 11 0 0.00 0.0 0 9.1 17 220 M M 0 8 23 240
4 66 35 51 -1 14 0 0.00 0.0 0 4.9 12 350 M M 0 8 16 330
5 71 33 52 1 13 0 0.00 0.0 0 2.8 8 360 M M 0 18 12 230
6 66 33 50 -1 15 0 0.00 0.0 0 4.9 10 180 M M 0 14 180
7 71 43 57 6 8 0 0.00 0.0 0 13.6 28 190 M M 2 39 190
8 77 60 69 18 0 4 0.00 0.0 0 14.2 26 200 M M 4 37 190
9 66 46 56 6 9 0 0.00 0.0 0 13.2 24 340 M M 3 1 32 350
10 56 31 44 -6 21 0 0.00 0.0 0 8.3 16 330 M M 0 23 330
11 65 26 46 -4 19 0 0.00 0.0 0 6.8 14 160 M M 0 19 160
12 66 33 50 0 15 0 0.00 0.0 0 5.4 15 110 M M 2 22 120
13 59 42 51 1 14 0 T 0.0 0 6.3 12 100 M M 7 15 100
14 69 40 55 6 10 0 T 0.0 0 7.0 18 130 M M 5 23 130
15 57 48 53 4 12 0 0.38 0.0 0 7.3 17 150 M M 9 1 22 160
16 63 34 49 0 16 0 0.00 0.0 0 8.2 16 350 M M 0 23 360
17 71 28 50 1 15 0 0.00 0.0 0 5.2 13 190 M M 0 17 190
18 66 36 51 3 14 0 0.00 0.0 0 7.3 16 10 M M 0 21 10
19 63 32 48 0 17 0 0.00 0.0 0 7.0 16 140 M M 0 22 160
20 69 47 58 10 7 0 0.00 0.0 0 10.0 17 170 M M 4 24 150
21 60 56 58 10 7 0 0.60 0.0 0 7.6 13 140 M M 10 1 18 140
22 71 53 62 14 3 0 0.12 0.0 0 6.8 13 120 M M 6 12 16 110
23 67 59 63 15 2 0 0.19 0.0 0 9.6 24 160 M M 10 13 33 140
24 69 47 58 10 7 0 1.85 0.0 0 10.1 24 320 M M 7 1 35 320
25 54 33 44 -4 21 0 0.00 0.0 0 10.8 21 330 M M 0 30 330
26 57 27 42 -5 23 0 0.00 0.0 0 8.4 18 210 M M 1 24 190
27 60 32 46 -1 19 0 0.00 0.0 0 8.2 18 320 M M 0 24 330
28 55 34 45 -2 20 0 0.00 0.0 0 5.9 14 360 M M 5 19 10
29 59 30 45 -2 20 0 0.00 0.0 0 9.1 18 280 M M 0 27 270
30 66 27 47 0 18 0 0.00 0.0 0 6.1 13 200 M M 0 17 190
31 70 36 53 6 12 0 0.00 0.0 0 6.7 15 200 M M 0 22 200
================================================================================
SM 2017 1193 406 4 3.14 0.0 242.7 M 76
================================================================================
AV 65.1 38.5 7.8 FASTST M M 2 MAX(MPH)
MISC ----> 28 190 39 190
================================================================================
NOTES:
# LAST OF SEVERAL OCCURRENCES
COLUMN 17 PEAK WIND IN M.P.H.
PRELIMINARY LOCAL CLIMATOLOGICAL DATA (WS FORM: F-6) , PAGE 2
STATION: WACO
MONTH: DECEMBER
YEAR: 2023
LATITUDE: 31 37 N
LONGITUDE: 97 13 W
[TEMPERATURE DATA] [PRECIPITATION DATA] SYMBOLS USED IN COLUMN 16
AVERAGE MONTHLY: 51.8 TOTAL FOR MONTH: 3.14 1 = FOG OR MIST
DPTR FM NORMAL: 2.6 DPTR FM NORMAL: 0.27 2 = FOG REDUCING VISIBILITY
HIGHEST: 77 ON 8 GRTST 24HR 2.04 ON 23-24 TO 1/4 MILE OR LESS
LOWEST: 26 ON 11 3 = THUNDER
SNOW, ICE PELLETS, HAIL 4 = ICE PELLETS
TOTAL MONTH: 0.0 INCH 5 = HAIL
GRTST 24HR 0.0 6 = FREEZING RAIN OR DRIZZLE
GRTST DEPTH: 0 7 = DUSTSTORM OR SANDSTORM:
VSBY 1/2 MILE OR LESS
8 = SMOKE OR HAZE
[NO. OF DAYS WITH] [WEATHER - DAYS WITH] 9 = BLOWING SNOW
X = TORNADO
MAX 32 OR BELOW: 0 0.01 INCH OR MORE: 5
MAX 90 OR ABOVE: 0 0.10 INCH OR MORE: 5
MIN 32 OR BELOW: 8 0.50 INCH OR MORE: 2
MIN 0 OR BELOW: 0 1.00 INCH OR MORE: 1
[HDD (BASE 65) ]
TOTAL THIS MO. 406 CLEAR (SCALE 0-3) 21
DPTR FM NORMAL -92 PTCLDY (SCALE 4-7) 7
TOTAL FM JUL 1 747 CLOUDY (SCALE 8-10) 3
DPTR FM NORMAL -86
[CDD (BASE 65) ]
TOTAL THIS MO. 4
DPTR FM NORMAL -3 [PRESSURE DATA]
TOTAL FM JAN 1 3290 HIGHEST SLP 30.50 ON 13
DPTR FM NORMAL 421 LOWEST SLP 29.70 ON 8
[REMARKS]
#FINAL-12-23#