000
CXUS51 KPHI 290342
CF6ACY
PRELIMINARY LOCAL CLIMATOLOGICAL DATA (WS FORM: F-6)
STATION: ATLANTIC CITY NJ
MONTH: FEBRUARY
YEAR: 2021
LATITUDE: 39 27 N
LONGITUDE: 74 34 W
TEMPERATURE IN F: :PCPN: SNOW: WIND :SUNSHINE: SKY :PK WND
================================================================================
1 2 3 4 5 6A 6B 7 8 9 10 11 12 13 14 15 16 17 18
12Z AVG MX 2MIN
DY MAX MIN AVG DEP HDD CDD WTR SNW DPTH SPD SPD DIR MIN PSBL S-S WX SPD DR
================================================================================
1 39 32 36 2 29 0 0.81 T 0 21.0 32 40 M M 10 16 50 40
2 34 30 32 -2 33 0 0.22 0.2 T 15.3 21 310 M M 10 16 29 320
3 35 27 31 -3 34 0 T T T 12.7 20 300 M M 9 1 29 320
4 42 29 36 2 29 0 0.00 0.0 0 10.5 21 330 M M 3 28 330
5 51 34 43 9 22 0 0.07 0.0 0 9.0 21 220 M M 6 32 230
6 51 26 39 4 26 0 0.00 0.0 0 8.7 25 260 M M 0 38 270
7 42 29 36 1 29 0 0.74 0.4 0 8.7 18 340 M M 7 12 25 340
8 33 19 26 -9 39 0 0.00 0.0 T 5.9 16 320 M M 0 21 300
9 46 19 33 -2 32 0 0.15 0.0 0 5.9 14 320 M M 8 1 18 320
10 39 25 32 -3 33 0 T T 0 5.9 13 340 M M 3 18 340
11 33 27 30 -5 35 0 0.47 5.5 3 7.0 14 20 M M 9 12 17 340
12 29 23 26 -9 39 0 0.00 0.0 3 6.9 13 20 M M 9 19 10
13 32 26 29 -7 36 0 0.24 0.0 T 10.0 18 50 M M 10 16 24 50
14 34 29 32 -4 33 0 T 0.0 0 6.9 13 360 M M 10 1 17 10
15 40 33 37 1 28 0 0.01 0.0 0 9.4 18 90 M M 10 1 26 90
16 57 31 44 8 21 0 1.00 0.0 0 13.4 28 310 M M 9 1 37 290
17 37 23 30 -6 35 0 0.00 0.0 0 8.9 23 320 M M 0 32 340
18 35 23 29 -7 36 0 0.52 0.2 T 10.3 18 50 M M 9 16 28 40
19 37 30 34 -3 31 0 0.26 T 0 10.3 16 350 M M 10 16 22 20
20 35 25 30 -7 35 0 0.00 0.0 0 14.8 23 280 M M 6 1 31 290
21 39 21 30 -7 35 0 0.00 0.0 0 8.2 18 340 M M 0 25 340
22 46 29 38 1 27 0 0.91 0.0 0 9.5 20 230 M M 7 1 35 260
23 52 34 43 5 22 0 0.00 0.0 0 11.8 26 270 M M 2 1 38 250
24 56 33 45 7 20 0 0.00 0.0 0 10.6 23 200 M M 0 38 170
25 54 29 42 4 23 0 0.00 0.0 0 10.9 24 340 M M 1 34 300
26 46 28 37 -1 28 0 0.04 0.0 0 6.3 15 160 M M 2 24 110
27 57 38 48 10 17 0 0.62 0.0 0 10.6 18 320 M M 7 1 30 240
28 48 39 44 6 21 0 0.83 0.0 0 6.5 21 110 M M 7 12 28 110
================================================================================
SM 1179 791 828 0 6.89 6.3 275.9 M 164
================================================================================
AV 42.1 28.3 9.9 FASTST M M 6 MAX(MPH)
MISC ----> 32 40 50 40
================================================================================
NOTES:
# LAST OF SEVERAL OCCURRENCES
COLUMN 17 PEAK WIND IN M.P.H.
PRELIMINARY LOCAL CLIMATOLOGICAL DATA (WS FORM: F-6) , PAGE 2
STATION: ATLANTIC CITY NJ
MONTH: FEBRUARY
YEAR: 2021
LATITUDE: 39 27 N
LONGITUDE: 74 34 W
[TEMPERATURE DATA] [PRECIPITATION DATA] SYMBOLS USED IN COLUMN 16
AVERAGE MONTHLY: 35.2 TOTAL FOR MONTH: 6.89 1 = FOG OR MIST
DPTR FM NORMAL: -0.8 DPTR FM NORMAL: 3.66 2 = FOG REDUCING VISIBILITY
HIGHEST: 57 ON 27,16 GRTST 24HR 1.06 ON 31- 1 TO 1/4 MILE OR LESS
LOWEST: 19 ON 9, 8 3 = THUNDER
SNOW, ICE PELLETS, HAIL 4 = ICE PELLETS
TOTAL MONTH: 7.3 INCHES 5 = HAIL
GRTST 24HR 5.5 ON 11-11 6 = FREEZING RAIN OR DRIZZLE
GRTST DEPTH: 3 ON 12,11 7 = DUSTSTORM OR SANDSTORM:
VSBY 1/2 MILE OR LESS
8 = SMOKE OR HAZE
[NO. OF DAYS WITH] [WEATHER - DAYS WITH] 9 = BLOWING SNOW
X = TORNADO
MAX 32 OR BELOW: 2 0.01 INCH OR MORE: 15
MAX 90 OR ABOVE: 0 0.10 INCH OR MORE: 12
MIN 32 OR BELOW: 22 0.50 INCH OR MORE: 7
MIN 0 OR BELOW: 0 1.00 INCH OR MORE: 1
[HDD (BASE 65) ]
TOTAL THIS MO. 828 CLEAR (SCALE 0-3) 10
DPTR FM NORMAL 16 PTCLDY (SCALE 4-7) 7
TOTAL FM JUL 1 3213 CLOUDY (SCALE 8-10) 11
DPTR FM NORMAL -228
[CDD (BASE 65) ]
TOTAL THIS MO. 0
DPTR FM NORMAL 0 [PRESSURE DATA]
TOTAL FM JAN 1 0 HIGHEST SLP M ON M
DPTR FM NORMAL 0 LOWEST SLP 29.38 ON 2
[REMARKS]
#FINAL-02-21#
CORRECTION FOR PRECIPITATION ON FEBRUARY 28.