170
CXUS51 KPHI 010815
CF6ACY
PRELIMINARY LOCAL CLIMATOLOGICAL DATA (WS FORM: F-6)
STATION: ATLANTIC CITY NJ
MONTH: APRIL
YEAR: 2020
LATITUDE: 39 27 N
LONGITUDE: 74 34 W
TEMPERATURE IN F: :PCPN: SNOW: WIND :SUNSHINE: SKY :PK WND
================================================================================
1 2 3 4 5 6A 6B 7 8 9 10 11 12 13 14 15 16 17 18
12Z AVG MX 2MIN
DY MAX MIN AVG DEP HDD CDD WTR SNW DPTH SPD SPD DIR MIN PSBL S-S WX SPD DR
================================================================================
1 55 41 48 1 17 0 0.00 0.0 0 11.8 23 20 M M 7 34 50
2 60 39 50 3 15 0 0.00 0.0 0 20.1 33 330 M M 2 45 330
3 57 49 53 5 12 0 T 0.0 0 18.1 30 330 M M 6 40 340
4 56 42 49 1 16 0 0.01 0.0 0 7.9 18 30 M M 5 8 27 40
5 67 40 54 6 11 0 0.00 0.0 0 6.2 16 210 M M 6 20 190
6 66 40 53 4 12 0 T 0.0 0 6.7 17 30 M M 4 23 30
7 62 37 50 1 15 0 0.00 0.0 0 5.3 13 190 M M 4 18 150
8 77 49 63 14 2 0 0.14 0.0 0 10.2 23 330 M M 3 13 33 350
9 74 47 61 11 4 0 0.25 0.0 0 16.7 43 310 M M 3 1 59 320
10 53 42 48 -2 17 0 T 0.0 0 21.4 39 290 M M 4 62 280
11 59 35 47 -3 18 0 0.00 0.0 0 11.8 29 300 M M 1 39 310
12 67 34 51 0 14 0 0.08 0.0 0 10.1 23 190 M M 3 40 200
13 66 56 61 10 4 0 1.27 0.0 0 18.1 44 180 M M 7 18 73 190
14 59 44 52 1 13 0 T 0.0 0 9.0 22 320 M M 4 32 330
15 55 39 47 -5 18 0 0.19 0.0 0 10.0 21 310 M M 5 27 310
16 53 33 43 -9 22 0 0.00 0.0 0 11.6 24 300 M M 3 35 300
17 56 27 42 -10 23 0 0.00 0.0 0 8.1 18 190 M M 4 32 170
18 54 32 43 -10 22 0 0.05 0.0 0 8.7 26 320 M M 8 1 34 320
19 61 29 45 -8 20 0 0.00 0.0 0 8.1 22 210 M M 0 33 230
20 58 43 51 -2 14 0 0.00 0.0 0 7.7 21 40 M M 3 27 40
21 67 42 55 1 10 0 0.12 0.0 0 14.1 45 300 M M 3 3 59 290
22 56 35 46 -8 19 0 0.00 0.0 0 13.8 31 300 M M 1 43 280
23 53 33 43 -11 22 0 0.40 0.0 0 6.7 15 110 M M 6 1 22 100
24 53 50 52 -2 13 0 1.26 0.0 0 9.3 16 60 M M 10 1 23 40
25 62 41 52 -3 13 0 0.04 0.0 0 6.2 16 120 M M 4 12 20 100
26 55 48 52 -3 13 0 0.11 0.0 0 10.4 18 90 M M 10 1 28 100
27 54 43 49 -6 16 0 0.01 0.0 0 11.5 18 330 M M 10 1 25 330
28 67 37 52 -4 13 0 0.00 0.0 0 7.4 17 290 M M 1 27 260
29 63 49 56 0 9 0 0.01 0.0 0 12.5 26 100 M M 6 36 110
30 67 57 62 6 3 0 0.38 0.0 0 18.4 36 150 M M 9 18 55 130
================================================================================
SM 1812 1233 420 0 4.32 0.0 337.9 M 142
================================================================================
AV 60.4 41.1 11.3 FASTST M M 5 MAX(MPH)
MISC ----> 45 300 73 190
================================================================================
NOTES:
# LAST OF SEVERAL OCCURRENCES
COLUMN 17 PEAK WIND IN M.P.H.
PRELIMINARY LOCAL CLIMATOLOGICAL DATA (WS FORM: F-6) , PAGE 2
STATION: ATLANTIC CITY NJ
MONTH: APRIL
YEAR: 2020
LATITUDE: 39 27 N
LONGITUDE: 74 34 W
[TEMPERATURE DATA] [PRECIPITATION DATA] SYMBOLS USED IN COLUMN 16
AVERAGE MONTHLY: 50.8 TOTAL FOR MONTH: 4.32 1 = FOG OR MIST
DPTR FM NORMAL: -1.0 DPTR FM NORMAL: 0.69 2 = FOG REDUCING VISIBILITY
HIGHEST: 77 ON 8 GRTST 24HR 1.65 ON 23-24 TO 1/4 MILE OR LESS
LOWEST: 27 ON 17 3 = THUNDER
SNOW, ICE PELLETS, HAIL 4 = ICE PELLETS
TOTAL MONTH: 0.0 INCH 5 = HAIL
GRTST 24HR 0.0 6 = FREEZING RAIN OR DRIZZLE
GRTST DEPTH: 0 7 = DUSTSTORM OR SANDSTORM:
VSBY 1/2 MILE OR LESS
8 = SMOKE OR HAZE
[NO. OF DAYS WITH] [WEATHER - DAYS WITH] 9 = BLOWING SNOW
X = TORNADO
MAX 32 OR BELOW: 0 0.01 INCH OR MORE: 15
MAX 90 OR ABOVE: 0 0.10 INCH OR MORE: 9
MIN 32 OR BELOW: 3 0.50 INCH OR MORE: 2
MIN 0 OR BELOW: 0 1.00 INCH OR MORE: 2
[HDD (BASE 65) ]
TOTAL THIS MO. 420 CLEAR (SCALE 0-3) 7
DPTR FM NORMAL 13 PTCLDY (SCALE 4-7) 18
TOTAL FM JUL 1 3922 CLOUDY (SCALE 8-10) 5
DPTR FM NORMAL -782
[CDD (BASE 65) ]
TOTAL THIS MO. 0
DPTR FM NORMAL -9 [PRESSURE DATA]
TOTAL FM JAN 1 1 HIGHEST SLP 30.37 ON 17
DPTR FM NORMAL -8 LOWEST SLP 29.19 ON 9
[REMARKS]
#FINAL-04-20#