000
CXUS54 KLCH 021446
CF6AEX
PRELIMINARY LOCAL CLIMATOLOGICAL DATA (WS FORM: F-6)
STATION: ALEXANDRIA
MONTH: OCTOBER
YEAR: 2020
LATITUDE: 31 19 N
LONGITUDE: 92 33 W
TEMPERATURE IN F: :PCPN: SNOW: WIND :SUNSHINE: SKY :PK WND
================================================================================
1 2 3 4 5 6A 6B 7 8 9 10 11 12 13 14 15 16 17 18
12Z AVG MX 2MIN
DY MAX MIN AVG DEP HDD CDD WTR SNW DPTH SPD SPD DIR MIN PSBL S-S WX SPD DR
================================================================================
1 84 53 69 -3 0 4 0.00 0.0 0 3.8 13 360 M M 0 19 350
2 78 51 65 -7 0 0 0.00 0.0 0 5.8 15 310 M M 0 8 20 300
3 78 48 63 -8 2 0 0.00 0.0 0 2.3 9 120 M M 0 15 90
4 83 50 67 -4 0 2 0.00 0.0 0 4.6 14 40 M M 0 1 21 70
5 79 55 67 -3 0 2 0.00 0.0 0 3.9 10 40 M M 1 18 40
6 83 49 66 -4 0 1 0.00 0.0 0 3.2 10 350 M M 0 15 30
7 89 56 73 3 0 8 0.00 0.0 0 3.9 10 40 M M 2 1 17 20
8 81 70 76 6 0 11 2.97 0.0 0 5.6 21 90 M M 5 13 31 110
9 73 68 71 2 0 6 8.62 0.0 0 16.7 37 340 M M 10 1 58 10
10 84 68 76 7 0 11 0.30 0.0 0 16.0 41 320 M M M 1 61 320
11 89 64 77 8 0 12 0.00 0.0 0 3.7 9 270 M M M 1 14 290
12 88 71 80 12 0 15 0.00 0.0 0 7.6 18 270 M M 5 24 280
13 82 57 70 2 0 5 0.00 0.0 0 4.4 10 30 M M M 16 40
14 83 51 67 -1 0 2 0.00 0.0 0 3.5 8 150 M M M 18 15 150
15 87 60 74 7 0 9 0.00 0.0 0 6.7 18 20 M M M 8 29 20
16 72 53 63 -4 2 0 0.09 0.0 0 8.5 20 30 M M 5 32 30
17 74 48 61 -6 4 0 0.00 0.0 0 7.5 17 150 M M 4 24 130
18 84 59 72 6 0 7 0.00 0.0 0 7.9 15 150 M M 2 21 150
19 83 66 75 9 0 10 0.00 0.0 0 5.7 13 160 M M 5 128 17 160
20 86 62 74 8 0 9 0.00 0.0 0 3.8 10 110 M M 2 128 17 110
21 87 62 75 9 0 10 0.00 0.0 0 4.3 12 60 M M 0 1 18 120
22 87 64 76 11 0 11 0.00 0.0 0 5.3 14 140 M M 1 1 19 130
23 84 67 76 11 0 11 0.83 0.0 0 5.0 40 290 M M 7 138 63 290
24 67 54 61 -4 4 0 T 0.0 0 8.3 17 320 M M 10 1 22 320
25 65 53 59 -5 6 0 0.00 0.0 0 4.0 8 70 M M 10 18 12 40
26 76 59 68 4 0 3 0.00 0.0 0 4.8 9 40 M M 8 8 14 50
27 79 58 69 5 0 4 0.00 0.0 0 5.8 13 10 M M 8 128 18 20
28 75 53 64 0 1 0 0.74 0.0 M 8.1 23 300 M M 10 12 31 310
29 59 44 52 -11 13 0 0.00 0.0 0 12.9 26 280 M M 5 37 290
30 66 44 55 -8 10 0 0.00 0.0 0 7.2 15 10 M M 2 23 10
31 70 41 56 -7 9 0 0.00 0.0 0 1.8 7 300 M M 0 1 11 230
================================================================================
SM 2455 1758 51 153 13.55 0.0 192.6 M 102
================================================================================
AV 79.2 56.7 6.2 FASTST M M 4 MAX(MPH)
MISC ----> # 41 320 # 63 290
================================================================================
NOTES:
# LAST OF SEVERAL OCCURRENCES
COLUMN 17 PEAK WIND IN M.P.H.
PRELIMINARY LOCAL CLIMATOLOGICAL DATA (WS FORM: F-6) , PAGE 2
STATION: ALEXANDRIA
MONTH: OCTOBER
YEAR: 2020
LATITUDE: 31 19 N
LONGITUDE: 92 33 W
[TEMPERATURE DATA] [PRECIPITATION DATA] SYMBOLS USED IN COLUMN 16
AVERAGE MONTHLY: 68.0 TOTAL FOR MONTH: 13.55 1 = FOG OR MIST
DPTR FM NORMAL: 0.8 DPTR FM NORMAL: 8.37 2 = FOG REDUCING VISIBILITY
HIGHEST: 89 ON 11, 7 GRTST 24HR 8.62 ON 9- 9 TO 1/4 MILE OR LESS
LOWEST: 41 ON 31 3 = THUNDER
SNOW, ICE PELLETS, HAIL 4 = ICE PELLETS
TOTAL MONTH: 0.0 INCH 5 = HAIL
GRTST 24HR 0.0 6 = FREEZING RAIN OR DRIZZLE
GRTST DEPTH: 0 7 = DUSTSTORM OR SANDSTORM:
VSBY 1/2 MILE OR LESS
8 = SMOKE OR HAZE
[NO. OF DAYS WITH] [WEATHER - DAYS WITH] 9 = BLOWING SNOW
X = TORNADO
MAX 32 OR BELOW: 0 0.01 INCH OR MORE: 6
MAX 90 OR ABOVE: 0 0.10 INCH OR MORE: 5
MIN 32 OR BELOW: 0 0.50 INCH OR MORE: 4
MIN 0 OR BELOW: 0 1.00 INCH OR MORE: 2
[HDD (BASE 65) ]
TOTAL THIS MO. 51 CLEAR (SCALE 0-3) 13
DPTR FM NORMAL -19 PTCLDY (SCALE 4-7) 8
TOTAL FM JUL 1 51 CLOUDY (SCALE 8-10) 5
DPTR FM NORMAL -22
[CDD (BASE 65) ]
TOTAL THIS MO. 153
DPTR FM NORMAL 17 [PRESSURE DATA]
TOTAL FM JAN 1 2608 HIGHEST SLP 30.30 ON 16
DPTR FM NORMAL 122 LOWEST SLP 29.22 ON 9
[REMARKS]
#FINAL-10-20#