000
CXUS54 KFWD 010730
CF6AFW
PRELIMINARY LOCAL CLIMATOLOGICAL DATA (WS FORM: F-6)
STATION: FORT WORTH ALLIANCE
MONTH: MAY
YEAR: 2022
LATITUDE: 32 58 N
LONGITUDE: 97 19 W
TEMPERATURE IN F: :PCPN: SNOW: WIND :SUNSHINE: SKY :PK WND
================================================================================
1 2 3 4 5 6A 6B 7 8 9 10 11 12 13 14 15 16 17 18
12Z AVG MX 2MIN
DY MAX MIN AVG DEP HDD CDD WTR SNW DPTH SPD SPD DIR MIN PSBL S-S WX SPD DR
================================================================================
1 85 53 69 0 0 4 T M M 9.6 18 140 M M 6 3 26 140
2 86 64 75 5 0 10 0.18 M M 18.5 31 170 M M 7 13 41 190
3 71 52 62 -8 3 0 0.20 M M 9.6 21 360 M M 10 13 27 30
4 85 60 73 3 0 8 T M M 14.1 31 150 M M 9 128 40 150
5 81 60 71 1 0 6 0.00 M M 11.8 26 290 M M 6 37 300
6 86 55 71 0 0 6 0.00 M M 5.0 13 120 M M 2 20 150
7 90 69 80 9 0 15 0.00 M M 12.6 23 150 M M 6 8 31 140
8 95 74 85 14 0 20 0.00 M M 20.7 29 170 M M 2 18 39 160
9 93 76 85 13 0 20 0.00 M M 22.6 31 160 M M 3 8 42 160
10 92 77 85 13 0 20 0.00 M M 18.6 26 170 M M 5 39 140
11 92 72 82 10 0 17 0.00 M M 15.0 23 160 M M 6 31 150
12 94 70 82 9 0 17 0.00 M M 16.4 28 150 M M 1 36 150
13 96 70 83 10 0 18 T M M 13.8 30 160 M M 4 36 160
14 95 66 81 7 0 16 0.00 M M 7.7 20 170 M M 3 24 140
15 99 70 85 11 0 20 T M M 13.5 32 60 M M 5 3 44 60
16 90 64 77 3 0 12 0.00 M M 8.9 16 120 M M 6 21 120
17 97 74 86 11 0 21 0.00 M M 16.4 29 170 M M 8 37 160
18 97 74 86 11 0 21 0.00 M M 17.8 29 160 M M 5 34 160
19 96 72 84 9 0 19 0.00 M M 21.5 33 170 M M 1 44 160
20 96 75 86 10 0 21 0.00 M M 23.5 33 180 M M 4 8 40 170
21 88 63 76 0 0 11 0.00 M M 18.1 29 180 M M 8 8 39 180
22 71 59 65 -11 0 0 0.00 M M 13.0 23 10 M M 10 33 10
23 76 59 68 -9 0 3 0.05 M M 8.1 17 120 M M 10 18 26 110
24 72 61 67 -10 0 2 1.33 M M 10.3 24 330 M M 10 13 34 320
25 72 59 66 -12 0 1 0.04 M M 12.4 29 40 M M 8 13 36 40
26 87 53 70 -8 0 5 0.00 M M 9.9 22 290 M M 1 31 290
27 91 58 75 -3 0 10 0.00 M M 5.4 13 120 M M 1 21 150
28 95 68 82 4 0 17 0.00 M M 16.8 32 160 M M 1 42 160
29 95 72 84 5 0 19 0.00 M M 21.8 35 160 M M 5 48 170
30 93 75 84 5 0 19 0.00 M M 24.0 33 180 M M 6 46 190
31 95 77 86 6 0 21 0.00 M M 19.5 28 160 M M 6 36 160
================================================================================
SM 2751 2051 3 399 1.80 M 456.9 M 165
================================================================================
AV 88.7 66.2 14.7 FASTST M M 5 MAX(MPH)
MISC ----> 35 160 48 170
================================================================================
NOTES:
# LAST OF SEVERAL OCCURRENCES
COLUMN 17 PEAK WIND IN M.P.H.
PRELIMINARY LOCAL CLIMATOLOGICAL DATA (WS FORM: F-6) , PAGE 2
STATION: FORT WORTH ALLIANCE
MONTH: MAY
YEAR: 2022
LATITUDE: 32 58 N
LONGITUDE: 97 19 W
[TEMPERATURE DATA] [PRECIPITATION DATA] SYMBOLS USED IN COLUMN 16
AVERAGE MONTHLY: 77.5 TOTAL FOR MONTH: 1.80 1 = FOG OR MIST
DPTR FM NORMAL: 3.3 DPTR FM NORMAL: -2.30 2 = FOG REDUCING VISIBILITY
HIGHEST: 99 ON 15 GRTST 24HR 1.36 ON 24-25 TO 1/4 MILE OR LESS
LOWEST: 52 ON 3 3 = THUNDER
SNOW, ICE PELLETS, HAIL 4 = ICE PELLETS
TOTAL MONTH: M 5 = HAIL
GRTST 24HR M ON M 6 = FREEZING RAIN OR DRIZZLE
GRTST DEPTH: M ON M 7 = DUSTSTORM OR SANDSTORM:
VSBY 1/2 MILE OR LESS
8 = SMOKE OR HAZE
[NO. OF DAYS WITH] [WEATHER - DAYS WITH] 9 = BLOWING SNOW
X = TORNADO
MAX 32 OR BELOW: 0 0.01 INCH OR MORE: 5
MAX 90 OR ABOVE: 19 0.10 INCH OR MORE: 3
MIN 32 OR BELOW: 0 0.50 INCH OR MORE: 1
MIN 0 OR BELOW: 0 1.00 INCH OR MORE: 1
[HDD (BASE 65) ]
TOTAL THIS MO. 3 CLEAR (SCALE 0-3) 8
DPTR FM NORMAL -9 PTCLDY (SCALE 4-7) 18
TOTAL FM JUL 1 1944 CLOUDY (SCALE 8-10) 5
DPTR FM NORMAL -267
[CDD (BASE 65) ]
TOTAL THIS MO. 399
DPTR FM NORMAL 101 [PRESSURE DATA]
TOTAL FM JAN 1 585 HIGHEST SLP M ON M
DPTR FM NORMAL 123 LOWEST SLP 29.45 ON 19
[REMARKS]
#FINAL-05-22#