000
CXUS52 KCAE 011500
CF6AGS
PRELIMINARY LOCAL CLIMATOLOGICAL DATA (WS FORM: F-6)
STATION: AUGUSTA BUSH FIELD GA
MONTH: JANUARY
YEAR: 2023
LATITUDE: 33 22 N
LONGITUDE: 81 58 W
TEMPERATURE IN F: :PCPN: SNOW: WIND :SUNSHINE: SKY :PK WND
================================================================================
1 2 3 4 5 6A 6B 7 8 9 10 11 12 13 14 15 16 17 18
12Z AVG MX 2MIN
DY MAX MIN AVG DEP HDD CDD WTR SNW DPTH SPD SPD DIR MIN PSBL S-S WX SPD DR
================================================================================
1 68 46 57 9 8 0 0.00 0.0 0 5.8 9 250 M M 0 1 10 240
2 M M M M M M 0.00 0.0 0 M M M M M M 128 M M
3 74 M M M M M 0.77 0.0 0 3.6 14 190 M M 5 12 18 190
4 68 56 62 15 3 0 0.75 0.0 0 7.8 26 300 M M 8 13 38 300
5 69 42 56 9 9 0 0.00 0.0 0 5.5 18 280 M M 0 12 26 280
6 62 33 48 1 17 0 0.00 0.0 0 5.9 15 340 M M 0 19 330
7 66 30 48 1 17 0 0.00 0.0 0 2.0 12 330 M M 0 1 15 290
8 66 36 51 4 14 0 0.01 0.0 0 3.3 13 200 M M 4 16 210
9 61 35 48 1 17 0 0.03 0.0 0 5.5 16 340 M M 4 1 19 240
10 64 32 48 1 17 0 0.00 0.0 0 2.5 14 280 M M 2 128 17 280
11 70 29 50 3 15 0 0.00 0.0 0 3.3 14 170 M M 2 1 19 180
12 71 48 60 13 5 0 0.52 0.0 0 8.5 25 300 M M 7 13 32 300
13 58 40 49 2 16 0 T 0.0 0 12.0 25 350 M M 6 33 360
14 50 33 42 -5 23 0 0.00 0.0 0 10.4 22 310 M M 0 31 310
15 57 21 39 -8 26 0 0.00 0.0 0 2.7 12 340 M M 0 14 320
16 64 22 43 -4 22 0 0.00 0.0 0 2.6 10 200 M M 0 12 140
17 64 39 52 5 13 0 0.15 0.0 0 5.8 13 350 M M 6 12 16 220
18 66 55 61 14 4 0 0.00 0.0 0 3.1 9 210 M M 9 12 12 200
19 74 53 64 17 1 0 T 0.0 0 9.1 22 200 M M 5 128 29 210
20 67 42 55 8 10 0 0.00 0.0 0 8.5 20 280 M M 0 25 280
21 51 42 47 0 18 0 0.03 0.0 0 6.2 16 80 M M 1 22 80
22 48 41 45 -2 20 0 2.02 0.0 0 5.2 22 330 M M 10 1 26 330
23 55 33 44 -4 21 0 0.00 0.0 0 11.1 22 280 M M 2 29 300
24 58 24 41 -7 24 0 0.00 0.0 0 2.4 14 160 M M 1 1 18 160
25 65 38 52 4 13 0 1.39 0.0 0 7.6 22 280 M M 8 1 32 280
26 54 36 45 -3 20 0 0.00 0.0 0 10.7 21 270 M M 1 28 290
27 52 27 40 -8 25 0 0.00 0.0 0 6.6 18 290 M M 0 26 310
28 61 24 43 -5 22 0 0.00 0.0 0 1.4 10 180 M M 0 1 13 190
29 50 31 41 -7 24 0 0.43 0.0 0 2.0 7 50 M M 7 1 9 360
30 57 48 53 5 12 0 0.69 0.0 0 2.1 9 310 M M 10 1 10 320
31 69 53 61 13 4 0 0.00 0.0 0 3.5 10 240 M M 9 12 13 200
================================================================================
SM 1859 1089 440 0 6.79 0.0 166.7 M 107
================================================================================
AV 62.0 37.6 5.6 FASTST M M 4 MAX(MPH)
MISC ----> 26 300 38 300
================================================================================
NOTES:
# LAST OF SEVERAL OCCURRENCES
COLUMN 17 PEAK WIND IN M.P.H.
PRELIMINARY LOCAL CLIMATOLOGICAL DATA (WS FORM: F-6) , PAGE 2
STATION: AUGUSTA BUSH FIELD GA
MONTH: JANUARY
YEAR: 2023
LATITUDE: 33 22 N
LONGITUDE: 81 58 W
[TEMPERATURE DATA] [PRECIPITATION DATA] SYMBOLS USED IN COLUMN 16
AVERAGE MONTHLY: 49.8 TOTAL FOR MONTH: 6.79 1 = FOG OR MIST
DPTR FM NORMAL: 2.4 DPTR FM NORMAL: 2.95 2 = FOG REDUCING VISIBILITY
HIGHEST: 74 ON 19, 3 GRTST 24HR 2.41 ON 22-22 TO 1/4 MILE OR LESS
LOWEST: 21 ON 15 3 = THUNDER
SNOW, ICE PELLETS, HAIL 4 = ICE PELLETS
TOTAL MONTH: 0.0 INCH 5 = HAIL
GRTST 24HR 0.0 6 = FREEZING RAIN OR DRIZZLE
GRTST DEPTH: 0 7 = DUSTSTORM OR SANDSTORM:
VSBY 1/2 MILE OR LESS
8 = SMOKE OR HAZE
[NO. OF DAYS WITH] [WEATHER - DAYS WITH] 9 = BLOWING SNOW
X = TORNADO
MAX 32 OR BELOW: 0 0.01 INCH OR MORE: 11
MAX 90 OR ABOVE: 0 0.10 INCH OR MORE: 8
MIN 32 OR BELOW: 9 0.50 INCH OR MORE: 6
MIN 0 OR BELOW: 0 1.00 INCH OR MORE: 2
[HDD (BASE 65) ]
TOTAL THIS MO. 440 CLEAR (SCALE 0-3) 16
DPTR FM NORMAL -108 PTCLDY (SCALE 4-7) 10
TOTAL FM JUL 1 1362 CLOUDY (SCALE 8-10) 5
DPTR FM NORMAL -59
[CDD (BASE 65) ]
TOTAL THIS MO. 0
DPTR FM NORMAL -4 [PRESSURE DATA]
TOTAL FM JAN 1 0 HIGHEST SLP 30.46 ON 28
DPTR FM NORMAL -4 LOWEST SLP 29.73 ON 25
[REMARKS]
#FINAL-01-23#