000
CXUS52 KFFC 241010
CF6AHN
PRELIMINARY LOCAL CLIMATOLOGICAL DATA (WS FORM: F-6)
STATION: ATHENS
MONTH: APRIL
YEAR: 2024
LATITUDE: 33 57 N
LONGITUDE: 83 19 W
TEMPERATURE IN F: :PCPN: SNOW: WIND :SUNSHINE: SKY :PK WND
================================================================================
1 2 3 4 5 6A 6B 7 8 9 10 11 12 13 14 15 16 17 18
12Z AVG MX 2MIN
DY MAX MIN AVG DEP HDD CDD WTR SNW DPTH SPD SPD DIR MIN PSBL S-S WX SPD DR
================================================================================
1 76 61 69 10 0 4 0.00 0.0 M 4.2 12 260 M M 4 21 270
2 81 63 72 13 0 7 1.03 0.0 M 5.3 29 310 M M 5 13 48 310
3 65 50 58 -1 7 0 0.44 M M 10.3 24 290 M M 3 13 42 300
4 62 44 53 -6 12 0 0.00 0.0 M 9.7 26 290 M M 1 41 250
5 64 38 51 -9 14 0 0.00 0.0 M 7.4 18 290 M M 1 27 280
6 66 36 51 -9 14 0 0.00 0.0 M 3.5 12 310 M M 0 16 300
7 71 40 56 -4 9 0 0.00 0.0 M 4.5 14 90 M M 0 18 80
8 76 47 62 2 3 0 0.00 0.0 M 3.2 9 240 M M 3 18 230
9 62 56 59 -2 6 0 0.53 0.0 M 3.5 14 10 M M 7 1 19 20
10 75 57 66 5 0 1 0.68 0.0 M 5.2 17 140 M M 9 1 34 130
11 79 54 67 6 0 2 0.02 0.0 M 9.5 25 290 M M 8 1 38 280
12 68 51 60 -1 5 0 0.00 0.0 M 11.2 35 300 M M 1 55 290
13 76 43 60 -2 5 0 0.00 0.0 M 6.7 18 310 M M 0 27 290
14 84 47 66 4 0 1 0.00 0.0 M 3.1 13 280 M M 0 21 260
15 84 57 71 9 0 6 0.00 0.0 M 4.5 12 240 M M 0 21 240
16 83 55 69 7 0 4 0.00 0.0 M 1.9 8 230 M M 0 18 230
17 81 60 71 8 0 6 T 0.0 M 3.1 13 280 M M 1 21 240
18 87 56 72 9 0 7 0.00 0.0 M 1.8 7 250 M M 0 13 260
19 85 65 75 12 0 10 0.04 0.0 M 4.3 16 310 M M 4 1 23 320
20 84 64 74 11 0 9 0.00 0.0 M 6.8 16 300 M M 1 24 280
21 64 48 56 -8 9 0 0.86 M M 5.8 16 290 M M 7 13 28 290
22 66 46 56 -8 9 0 0.00 0.0 M 4.7 17 80 M M 4 28 100
23 73 41 57 -7 8 0 0.00 0.0 M 2.2 10 250 M M 0 19 210
================================================================================
SM 1712 1179 101 57 3.60 0.0 122.4 M 59
================================================================================
AV 74.4 51.3 5.3 FASTST M M 3 MAX(MPH)
MISC ----> 35 300 55 290
================================================================================
NOTES:
# LAST OF SEVERAL OCCURRENCES
COLUMN 17 PEAK WIND IN M.P.H.
PRELIMINARY LOCAL CLIMATOLOGICAL DATA (WS FORM: F-6) , PAGE 2
STATION: ATHENS
MONTH: APRIL
YEAR: 2024
LATITUDE: 33 57 N
LONGITUDE: 83 19 W
[TEMPERATURE DATA] [PRECIPITATION DATA] SYMBOLS USED IN COLUMN 16
AVERAGE MONTHLY: 62.8 TOTAL FOR MONTH: 3.60 1 = FOG OR MIST
DPTR FM NORMAL: 1.5 DPTR FM NORMAL: 0.88 2 = FOG REDUCING VISIBILITY
HIGHEST: 87 ON 18 GRTST 24HR 1.47 ON 2- 3 TO 1/4 MILE OR LESS
LOWEST: 36 ON 6 3 = THUNDER
SNOW, ICE PELLETS, HAIL 4 = ICE PELLETS
TOTAL MONTH: 0.0 INCH 5 = HAIL
GRTST 24HR 0.0 6 = FREEZING RAIN OR DRIZZLE
GRTST DEPTH: M ON M 7 = DUSTSTORM OR SANDSTORM:
VSBY 1/2 MILE OR LESS
8 = SMOKE OR HAZE
[NO. OF DAYS WITH] [WEATHER - DAYS WITH] 9 = BLOWING SNOW
X = TORNADO
MAX 32 OR BELOW: 0 0.01 INCH OR MORE: 7
MAX 90 OR ABOVE: 0 0.10 INCH OR MORE: 5
MIN 32 OR BELOW: 0 0.50 INCH OR MORE: 4
MIN 0 OR BELOW: 0 1.00 INCH OR MORE: 1
[HDD (BASE 65) ]
TOTAL THIS MO. 101 CLEAR (SCALE 0-3) 14
DPTR FM NORMAL -15 PTCLDY (SCALE 4-7) 7
TOTAL FM JUL 1 2376 CLOUDY (SCALE 8-10) 2
DPTR FM NORMAL -249
[CDD (BASE 65) ]
TOTAL THIS MO. 57
DPTR FM NORMAL 23 [PRESSURE DATA]
TOTAL FM JAN 1 60 HIGHEST SLP M ON M
DPTR FM NORMAL 11 LOWEST SLP 29.41 ON 3
[REMARKS]