000
CXUS52 KFFC 011010
CF6AHN
PRELIMINARY LOCAL CLIMATOLOGICAL DATA (WS FORM: F-6)
STATION: ATHENS
MONTH: SEPTEMBER
YEAR: 2022
LATITUDE: 33 57 N
LONGITUDE: 83 19 W
TEMPERATURE IN F: :PCPN: SNOW: WIND :SUNSHINE: SKY :PK WND
================================================================================
1 2 3 4 5 6A 6B 7 8 9 10 11 12 13 14 15 16 17 18
12Z AVG MX 2MIN
DY MAX MIN AVG DEP HDD CDD WTR SNW DPTH SPD SPD DIR MIN PSBL S-S WX SPD DR
================================================================================
1 93 67 80 2 0 15 0.00 0.0 M 4.0 13 80 M M 1 17 170
2 87 70 79 2 0 14 0.85 0.0 M 5.2 13 130 M M 6 1 21 130
3 90 71 81 4 0 16 0.17 0.0 M 3.4 17 80 M M 7 1 23 80
4 82 71 77 0 0 12 0.37 0.0 M 3.2 10 110 M M 9 13 15 110
5 86 71 79 2 0 14 0.81 0.0 M 3.4 13 320 M M 8 1 18 300
6 89 70 80 3 0 15 0.00 0.0 M 3.9 10 300 M M 4 1 16 330
7 92 68 80 4 0 15 0.03 0.0 M 2.9 17 350 M M 1 13 30 330
8 85 67 76 0 0 11 0.00 0.0 M 5.9 15 70 M M 2 20 80
9 79 68 74 -2 0 9 0.00 0.0 M 9.4 18 80 M M 5 27 80
10 72 67 70 -6 0 5 0.30 0.0 M 7.8 17 80 M M 10 1 26 80
11 86 69 78 3 0 13 0.00 0.0 M 2.3 8 270 M M 7 12 14 190
12 88 67 78 3 0 13 0.09 0.0 M 4.6 13 300 M M 3 20 300
13 83 56 70 -5 0 5 0.00 0.0 M 4.6 10 10 M M 0 16 340
14 84 57 71 -4 0 6 0.00 0.0 M 4.3 14 100 M M 1 19 110
15 83 60 72 -2 0 7 0.00 0.0 M 5.3 13 70 M M 1 19 80
16 84 60 72 -2 0 7 0.00 0.0 M 3.8 13 80 M M 5 18 80
17 84 59 72 -2 0 7 0.00 0.0 M 3.7 13 80 M M 3 17 100
18 86 60 73 0 0 8 0.00 0.0 M 3.8 10 60 M M 2 15 20
19 88 62 75 2 0 10 0.00 0.0 M 2.3 10 40 M M 1 16 320
20 92 63 78 5 0 13 0.00 0.0 M 1.7 5 50 M M 1 M M
21 92 65 79 7 0 14 0.00 0.0 M 1.7 9 70 M M 0 14 90
22 95 64 80 8 0 15 0.02 0.0 0 5.9 21 310 M M 0 37 310
23 79 53 66 -6 0 1 0.00 0.0 M 4.1 15 90 M M 0 21 80
24 82 49 66 -6 0 1 0.00 0.0 M 1.4 7 110 M M 0 13 110
25 82 57 70 -1 0 5 0.00 0.0 M 2.4 12 240 M M 2 19 230
26 82 59 71 0 0 6 0.00 0.0 M 5.5 15 310 M M 0 27 250
27 79 50 65 -5 0 0 0.00 0.0 M 5.4 14 340 M M 0 22 280
28 72 43 58 -12 7 0 0.00 0.0 M 6.0 16 70 M M 0 24 80
29 74 51 63 -7 2 0 0.00 0.0 M 14.8 29 60 M M 2 40 60
30 76 59 68 -2 0 3 0.00 0.0 M 9.8 23 60 M M 9 36 60
================================================================================
SM 2526 1853 9 260 2.64 0.0 142.5 M 90
================================================================================
AV 84.2 61.8 4.7 FASTST M M 3 MAX(MPH)
MISC ----> 29 60 40 60
================================================================================
NOTES:
# LAST OF SEVERAL OCCURRENCES
COLUMN 17 PEAK WIND IN M.P.H.
PRELIMINARY LOCAL CLIMATOLOGICAL DATA (WS FORM: F-6) , PAGE 2
STATION: ATHENS
MONTH: SEPTEMBER
YEAR: 2022
LATITUDE: 33 57 N
LONGITUDE: 83 19 W
[TEMPERATURE DATA] [PRECIPITATION DATA] SYMBOLS USED IN COLUMN 16
AVERAGE MONTHLY: 73.0 TOTAL FOR MONTH: 2.64 1 = FOG OR MIST
DPTR FM NORMAL: -0.9 DPTR FM NORMAL: -1.25 2 = FOG REDUCING VISIBILITY
HIGHEST: 95 ON 22 GRTST 24HR 0.96 ON 4- 5 TO 1/4 MILE OR LESS
LOWEST: 43 ON 28 3 = THUNDER
SNOW, ICE PELLETS, HAIL 4 = ICE PELLETS
TOTAL MONTH: 0.0 INCH 5 = HAIL
GRTST 24HR 0.0 6 = FREEZING RAIN OR DRIZZLE
GRTST DEPTH: 0 7 = DUSTSTORM OR SANDSTORM:
VSBY 1/2 MILE OR LESS
8 = SMOKE OR HAZE
[NO. OF DAYS WITH] [WEATHER - DAYS WITH] 9 = BLOWING SNOW
X = TORNADO
MAX 32 OR BELOW: 0 0.01 INCH OR MORE: 8
MAX 90 OR ABOVE: 6 0.10 INCH OR MORE: 5
MIN 32 OR BELOW: 0 0.50 INCH OR MORE: 2
MIN 0 OR BELOW: 0 1.00 INCH OR MORE: 0
[HDD (BASE 65) ]
TOTAL THIS MO. 9 CLEAR (SCALE 0-3) 20
DPTR FM NORMAL 2 PTCLDY (SCALE 4-7) 7
TOTAL FM JUL 1 9 CLOUDY (SCALE 8-10) 3
DPTR FM NORMAL 5
[CDD (BASE 65) ]
TOTAL THIS MO. 260
DPTR FM NORMAL -15 [PRESSURE DATA]
TOTAL FM JAN 1 1979 HIGHEST SLP 30.23 ON 16
DPTR FM NORMAL 104 LOWEST SLP 29.78 ON 30
[REMARKS]
#FINAL-09-22#