000
CXUS52 KFFC 011010
CF6AHN
PRELIMINARY LOCAL CLIMATOLOGICAL DATA (WS FORM: F-6)
STATION: ATHENS
MONTH: MARCH
YEAR: 2024
LATITUDE: 33 57 N
LONGITUDE: 83 19 W
TEMPERATURE IN F: :PCPN: SNOW: WIND :SUNSHINE: SKY :PK WND
================================================================================
1 2 3 4 5 6A 6B 7 8 9 10 11 12 13 14 15 16 17 18
12Z AVG MX 2MIN
DY MAX MIN AVG DEP HDD CDD WTR SNW DPTH SPD SPD DIR MIN PSBL S-S WX SPD DR
================================================================================
1 46 38 42 -9 23 0 1.53 0.0 M 9.5 20 90 M M 10 1 27 90
2 64 42 53 2 12 0 0.01 M M 3.1 12 50 M M 8 1 15 50
3 72 46 59 7 6 0 0.00 0.0 M 2.9 9 90 M M 8 12 13 150
4 74 55 65 13 0 0 0.00 0.0 M 3.8 10 90 M M 6 1 13 80
5 67 51 59 7 6 0 0.29 0.0 M 6.0 14 80 M M 7 1 18 80
6 60 54 57 5 8 0 1.60 0.0 M 6.6 16 70 M M 9 1 21 70
7 73 49 61 8 4 0 0.00 0.0 M 3.4 14 80 M M 0 1 18 110
8 66 54 60 7 5 0 0.57 0.0 M 8.7 17 90 M M 6 1 26 100
9 65 52 59 6 6 0 0.79 0.0 M 8.5 21 290 M M 7 138 31 300
10 60 42 51 -2 14 0 0.00 0.0 M 12.0 21 290 M M 1 32 310
11 65 33 49 -5 16 0 0.00 0.0 M 3.7 10 300 M M 0 16 230
12 73 35 54 0 11 0 0.00 0.0 M 3.4 12 300 M M 0 20 230
13 75 42 59 5 6 0 0.00 0.0 M 2.8 12 290 M M 0 17 250
14 80 45 63 9 2 0 0.00 0.0 M 2.3 10 240 M M 1 8 20 210
15 73 56 65 10 0 0 0.14 0.0 M 4.8 15 310 M M 6 138 20 310
16 75 56 66 11 0 1 0.00 0.0 M 6.5 16 290 M M 0 24 310
17 69 52 61 6 4 0 0.01 0.0 M 7.1 14 290 M M 3 23 230
18 60 39 50 -5 15 0 0.00 0.0 M 10.1 24 300 M M 0 8 36 280
19 60 32 46 -10 19 0 0.00 0.0 M 6.9 14 290 M M 0 23 300
20 73 39 56 0 9 0 0.00 0.0 M 6.4 16 290 M M 0 28 290
21 76 44 60 4 5 0 0.00 0.0 M 2.6 9 90 M M 0 8 14 210
22 62 53 58 2 7 0 1.21 0.0 M 9.5 18 60 M M 7 1 28 70
23 71 49 60 3 5 0 0.00 0.0 M 5.9 15 50 M M 6 1 20 40
24 62 36 49 -8 16 0 0.00 0.0 M 9.2 20 70 M M 0 27 80
25 61 40 51 -6 14 0 0.00 0.0 M 11.5 21 90 M M 3 8 31 80
26 62 49 56 -1 9 0 0.83 M M 8.1 16 90 M M 9 13 24 100
27 74 49 62 4 3 0 0.00 0.0 M 4.4 14 300 M M 6 12 18 280
28 72 50 61 3 4 0 0.00 0.0 M 7.7 18 310 M M 4 12 31 290
29 72 39 56 -2 9 0 0.00 0.0 M 4.0 13 300 M M 0 23 310
30 77 42 60 2 5 0 0.00 0.0 M 4.6 14 260 M M 0 27 230
31 80 50 65 7 0 0 0.00 0.0 M 4.6 15 290 M M 1 22 240
================================================================================
SM 2119 1413 243 1 6.98 0.0 190.6 M 108
================================================================================
AV 68.4 45.6 6.1 FASTST M M 3 MAX(MPH)
MISC ----> 24 300 36 280
================================================================================
NOTES:
# LAST OF SEVERAL OCCURRENCES
COLUMN 17 PEAK WIND IN M.P.H.
PRELIMINARY LOCAL CLIMATOLOGICAL DATA (WS FORM: F-6) , PAGE 2
STATION: ATHENS
MONTH: MARCH
YEAR: 2024
LATITUDE: 33 57 N
LONGITUDE: 83 19 W
[TEMPERATURE DATA] [PRECIPITATION DATA] SYMBOLS USED IN COLUMN 16
AVERAGE MONTHLY: 57.0 TOTAL FOR MONTH: 6.98 1 = FOG OR MIST
DPTR FM NORMAL: 2.1 DPTR FM NORMAL: 2.61 2 = FOG REDUCING VISIBILITY
HIGHEST: 80 ON 31,14 GRTST 24HR 1.89 ON 5- 6 TO 1/4 MILE OR LESS
LOWEST: 32 ON 19 3 = THUNDER
SNOW, ICE PELLETS, HAIL 4 = ICE PELLETS
TOTAL MONTH: 0.0 INCH 5 = HAIL
GRTST 24HR 0.0 6 = FREEZING RAIN OR DRIZZLE
GRTST DEPTH: M ON M 7 = DUSTSTORM OR SANDSTORM:
VSBY 1/2 MILE OR LESS
8 = SMOKE OR HAZE
[NO. OF DAYS WITH] [WEATHER - DAYS WITH] 9 = BLOWING SNOW
X = TORNADO
MAX 32 OR BELOW: 0 0.01 INCH OR MORE: 10
MAX 90 OR ABOVE: 0 0.10 INCH OR MORE: 8
MIN 32 OR BELOW: 1 0.50 INCH OR MORE: 6
MIN 0 OR BELOW: 0 1.00 INCH OR MORE: 3
[HDD (BASE 65) ]
TOTAL THIS MO. 243 CLEAR (SCALE 0-3) 16
DPTR FM NORMAL -85 PTCLDY (SCALE 4-7) 12
TOTAL FM JUL 1 2275 CLOUDY (SCALE 8-10) 3
DPTR FM NORMAL -235
[CDD (BASE 65) ]
TOTAL THIS MO. 1
DPTR FM NORMAL -12 [PRESSURE DATA]
TOTAL FM JAN 1 3 HIGHEST SLP 30.41 ON 1
DPTR FM NORMAL -12 LOWEST SLP 29.69 ON 23
[REMARKS]
#FINAL-03-24#