000
CXUS52 KFFC 011110
CF6AHN
PRELIMINARY LOCAL CLIMATOLOGICAL DATA (WS FORM: F-6)
STATION: ATHENS
MONTH: NOVEMBER
YEAR: 2023
LATITUDE: 33 57 N
LONGITUDE: 83 19 W
TEMPERATURE IN F: :PCPN: SNOW: WIND :SUNSHINE: SKY :PK WND
================================================================================
1 2 3 4 5 6A 6B 7 8 9 10 11 12 13 14 15 16 17 18
12Z AVG MX 2MIN
DY MAX MIN AVG DEP HDD CDD WTR SNW DPTH SPD SPD DIR MIN PSBL S-S WX SPD DR
================================================================================
1 55 34 45 -13 20 0 0.00 0.0 M 6.9 15 40 M M 0 23 40
2 56 29 43 -14 22 0 0.00 0.0 M 5.5 15 80 M M 0 20 70
3 64 28 46 -11 19 0 0.00 0.0 M 2.8 12 90 M M 0 15 80
4 76 33 55 -2 10 0 0.00 0.0 M 2.3 13 290 M M 0 21 300
5 76 40 58 2 7 0 0.00 0.0 M 2.0 8 300 M M 0 11 310
6 77 42 60 4 5 0 0.00 0.0 M 1.2 8 200 M M 0 18 12 160
7 81 44 63 7 2 0 0.00 0.0 M 3.2 12 290 M M 0 17 300
8 81 47 64 9 1 0 0.00 0.0 M 1.7 8 230 M M 0 1 15 220
9 81 52 67 12 0 2 0.00 0.0 M 3.0 10 290 M M 0 17 220
10 69 52 61 6 4 0 0.03 0.0 M 3.2 17 60 M M 6 1 25 60
11 54 48 51 -3 14 0 0.58 M M 9.8 16 60 M M 10 1 24 50
12 58 42 50 -4 15 0 0.00 0.0 M 6.3 15 50 M M 8 1 20 50
13 66 40 53 -1 12 0 0.00 0.0 M 3.3 9 70 M M 0 1 13 50
14 69 46 58 4 7 0 0.00 0.0 M 6.5 20 70 M M 0 1 26 100
15 61 50 56 3 9 0 0.00 0.0 M 9.1 16 60 M M 8 23 70
16 68 54 61 8 4 0 0.00 0.0 M 8.1 15 60 M M 8 20 60
17 69 56 63 10 2 0 0.00 0.0 M 6.1 12 90 M M 9 8 16 90
18 77 52 65 13 0 0 0.00 0.0 M 3.9 12 290 M M 1 12 16 300
19 66 48 57 5 8 0 0.00 0.0 M 7.5 16 70 M M 3 22 70
20 68 51 60 8 5 0 0.00 0.0 M 9.3 16 90 M M 9 23 80
21 66 50 58 6 7 0 0.88 M M 7.0 18 100 M M 10 1 25 120
22 60 42 51 0 14 0 0.00 0.0 M 9.1 23 300 M M 5 1 32 280
23 59 35 47 -4 18 0 0.00 0.0 M 1.9 7 200 M M 0 11 180
24 65 40 53 2 12 0 T M M 1.9 9 310 M M 1 12 300
25 55 42 49 -2 16 0 0.00 0.0 M 8.5 17 70 M M 5 25 70
26 47 40 44 -6 21 0 0.11 M M 4.9 14 70 M M 10 18 17 70
27 54 38 46 -4 19 0 0.00 0.0 M 7.6 17 300 M M 2 1 24 290
28 52 33 43 -7 22 0 0.00 0.0 M 8.1 21 300 M M 0 30 300
29 54 25 40 -10 25 0 0.00 0.0 M 2.5 8 90 M M 0 13 100
30 59 27 43 -7 22 0 0.00 0.0 M 2.2 7 100 M M 0 13 160
================================================================================
SM 1943 1260 342 2 1.60 0.0 155.4 M 95
================================================================================
AV 64.8 42.0 5.2 FASTST M M 3 MAX(MPH)
MISC ----> 23 300 32 280
================================================================================
NOTES:
# LAST OF SEVERAL OCCURRENCES
COLUMN 17 PEAK WIND IN M.P.H.
PRELIMINARY LOCAL CLIMATOLOGICAL DATA (WS FORM: F-6) , PAGE 2
STATION: ATHENS
MONTH: NOVEMBER
YEAR: 2023
LATITUDE: 33 57 N
LONGITUDE: 83 19 W
[TEMPERATURE DATA] [PRECIPITATION DATA] SYMBOLS USED IN COLUMN 16
AVERAGE MONTHLY: 53.4 TOTAL FOR MONTH: 1.60 1 = FOG OR MIST
DPTR FM NORMAL: 0.1 DPTR FM NORMAL: -2.17 2 = FOG REDUCING VISIBILITY
HIGHEST: 81 ON 9, 8 GRTST 24HR 0.88 ON 21-21 TO 1/4 MILE OR LESS
LOWEST: 25 ON 29 3 = THUNDER
SNOW, ICE PELLETS, HAIL 4 = ICE PELLETS
TOTAL MONTH: 0.0 INCH 5 = HAIL
GRTST 24HR 0.0 6 = FREEZING RAIN OR DRIZZLE
GRTST DEPTH: M ON M 7 = DUSTSTORM OR SANDSTORM:
VSBY 1/2 MILE OR LESS
8 = SMOKE OR HAZE
[NO. OF DAYS WITH] [WEATHER - DAYS WITH] 9 = BLOWING SNOW
X = TORNADO
MAX 32 OR BELOW: 0 0.01 INCH OR MORE: 4
MAX 90 OR ABOVE: 0 0.10 INCH OR MORE: 3
MIN 32 OR BELOW: 4 0.50 INCH OR MORE: 2
MIN 0 OR BELOW: 0 1.00 INCH OR MORE: 0
[HDD (BASE 65) ]
TOTAL THIS MO. 342 CLEAR (SCALE 0-3) 19
DPTR FM NORMAL -19 PTCLDY (SCALE 4-7) 6
TOTAL FM JUL 1 432 CLOUDY (SCALE 8-10) 5
DPTR FM NORMAL -52
[CDD (BASE 65) ]
TOTAL THIS MO. 2
DPTR FM NORMAL -7 [PRESSURE DATA]
TOTAL FM JAN 1 1796 HIGHEST SLP 30.55 ON 2
DPTR FM NORMAL -157 LOWEST SLP 29.78 ON 18
[REMARKS]
#FINAL-11-23#