000
CXUS56 KSGX 011045
CF6AJO
PRELIMINARY LOCAL CLIMATOLOGICAL DATA (WS FORM: F-6)
STATION: CORONA AIRPORT CA
MONTH: APRIL
YEAR: 2023
LATITUDE: 33 53 N
LONGITUDE: 117-36 E
TEMPERATURE IN F: :PCPN: SNOW: WIND :SUNSHINE: SKY :PK WND
================================================================================
1 2 3 4 5 6A 6B 7 8 9 10 11 12 13 14 15 16 17 18
12Z AVG MX 2MIN
DY MAX MIN AVG DEP HDD CDD WTR SNW DPTH SPD SPD DIR MIN PSBL S-S WX SPD DR
================================================================================
1 M M M M M M 0.00 M M M M M M M M M M
2 M M M M M M M M M M M M M M M M M
3 M M M M M M M M M M M M M M M M M
4 M M M M M M M M M M M M M M M M M
5 M M M M M M M M M M M M M M M M M
6 M M M M M M M M M M M M M M M M M
7 73 44 59 M 6 0 0.00 M M 7.5 14 270 M M 0 17 300
8 74 43 59 M 6 0 0.00 M M 5.8 16 280 M M 0 20 280
9 80 45 63 M 2 0 0.00 M M 4.5 14 290 M M 0 1 18 270
10 81 48 65 M 0 0 T M M 4.7 17 280 M M 0 1 22 280
11 76 51 64 M 1 0 T M M 6.5 16 290 M M 3 128 22 290
12 65 54 60 M 5 0 0.00 M M 6.5 15 280 M M 8 1 23 270
13 64 52 58 M 7 0 0.02 M M 4.9 10 280 M M 10 1 21 280
14 68 49 59 M 6 0 0.00 M M 4.7 14 280 M M 6 17 250
15 77 43 60 M 5 0 0.00 M M 5.0 15 270 M M 0 23 270
16 71 45 58 M 7 0 0.00 M M 5.7 14 290 M M 0 1 22 290
17 67 51 59 M 6 0 0.00 M M 5.3 13 260 M M 7 1 21 260
18 68 49 59 M 6 0 0.00 M M 7.1 15 280 M M 4 21 280
19 71 42 57 M 8 0 0.00 M M 5.2 16 280 M M 0 1 21 280
20 84 40 62 M 3 0 0.00 M M 3.7 13 250 M M 0 17 260
21 91 46 69 M 0 4 0.00 M M 4.5 13 320 M M 0 20 260
22 87 49 68 M 0 3 0.00 M M 4.4 15 280 M M 0 21 260
23 79 51 65 M 0 0 0.00 M M 7.0 20 300 M M 0 25 300
24 73 53 63 M 2 0 0.00 M M 6.1 15 280 M M 5 17 260
25 73 52 63 M 2 0 0.00 M M 4.9 14 290 M M 5 1 18 270
26 82 47 65 M 0 0 0.00 M M 4.0 12 290 M M 2 18 M M
27 81 51 66 M 0 1 0.00 M M 5.8 16 300 M M 2 128 16 300
28 79 51 65 M 0 0 0.00 M M 6.3 15 310 M M 2 18 22 310
29 84 52 68 M 0 3 0.00 M M 6.1 16 290 M M 2 18 22 290
30 74 53 64 M 1 0 0.00 M M 5.7 18 290 M M 5 1 28 280
================================================================================
SM 1822 1161 73 11 0.02 M 131.7 M 61
================================================================================
AV 75.9 48.4 5.5 FASTST M M 3 MAX(MPH)
MISC ----> 20 300 28 280
================================================================================
NOTES:
# LAST OF SEVERAL OCCURRENCES
COLUMN 17 PEAK WIND IN M.P.H.
PRELIMINARY LOCAL CLIMATOLOGICAL DATA (WS FORM: F-6) , PAGE 2
STATION: CORONA AIRPORT CA
MONTH: APRIL
YEAR: 2023
LATITUDE: 33 53 N
LONGITUDE: 117-36 E
[TEMPERATURE DATA] [PRECIPITATION DATA] SYMBOLS USED IN COLUMN 16
AVERAGE MONTHLY: 62.1 TOTAL FOR MONTH: 0.02 1 = FOG OR MIST
DPTR FM NORMAL: 0.0 DPTR FM NORMAL: M 2 = FOG REDUCING VISIBILITY
HIGHEST: 91 ON 21 GRTST 24HR 0.02 ON 13-13 TO 1/4 MILE OR LESS
LOWEST: 40 ON 20 3 = THUNDER
SNOW, ICE PELLETS, HAIL 4 = ICE PELLETS
TOTAL MONTH: M 5 = HAIL
GRTST 24HR M ON M 6 = FREEZING RAIN OR DRIZZLE
GRTST DEPTH: M ON M 7 = DUSTSTORM OR SANDSTORM:
VSBY 1/2 MILE OR LESS
8 = SMOKE OR HAZE
[NO. OF DAYS WITH] [WEATHER - DAYS WITH] 9 = BLOWING SNOW
X = TORNADO
MAX 32 OR BELOW: 0 0.01 INCH OR MORE: 1
MAX 90 OR ABOVE: 1 0.10 INCH OR MORE: 0
MIN 32 OR BELOW: 0 0.50 INCH OR MORE: 0
MIN 0 OR BELOW: 0 1.00 INCH OR MORE: 0
[HDD (BASE 65) ]
TOTAL THIS MO. 73 CLEAR (SCALE 0-3) 16
DPTR FM NORMAL M PTCLDY (SCALE 4-7) 7
TOTAL FM JUL 1 1664 CLOUDY (SCALE 8-10) 7
DPTR FM NORMAL M
[CDD (BASE 65) ]
TOTAL THIS MO. 11
DPTR FM NORMAL M [PRESSURE DATA]
TOTAL FM JAN 1 11 HIGHEST SLP M ON M
DPTR FM NORMAL M LOWEST SLP M ON M
[REMARKS]
#FINAL-04-23#