000
CXUS55 KBOU 010900
CF6AKO
PRELIMINARY LOCAL CLIMATOLOGICAL DATA (WS FORM: F-6)
STATION: AKRON CO
MONTH: MAY
YEAR: 2023
LATITUDE: 40 10 N
LONGITUDE: 103 13 W
TEMPERATURE IN F: :PCPN: SNOW: WIND :SUNSHINE: SKY :PK WND
================================================================================
1 2 3 4 5 6A 6B 7 8 9 10 11 12 13 14 15 16 17 18
12Z AVG MX 2MIN
DY MAX MIN AVG DEP HDD CDD WTR SNW DPTH SPD SPD DIR MIN PSBL S-S WX SPD DR
================================================================================
1 69 34 52 1 13 0 0.00 M M 11.6 15 140 M M 0 24 140
2 69 36 53 2 12 0 0.00 M M 15.3 24 130 M M 0 33 130
3 79 45 62 10 3 0 0.00 M M 7.9 17 210 M M 0 8 22 170
4 79 41 60 8 5 0 0.09 M M 8.3 35 240 M M 2 48 230
5 78 39 59 7 6 0 T M M 10.6 29 360 M M 2 40 180
6 43 36 40 -13 25 0 0.00 M M 7.1 9 280 M M 4 12 M M
7 M M M M M M 0.00 M M M M M M M M M M
8 73 40 57 3 8 0 0.15 M M 9.3 28 160 M M 5 37 160
9 73 50 62 8 3 0 0.02 M M 15.9 24 80 M M 3 36 80
10 68 50 59 5 6 0 1.05 M M 15.0 37 100 M M 10 13 58 100
11 53 44 49 -6 16 0 1.67 M M 10.3 28 290 M M 9 123 35 290
12 57 44 51 -4 14 0 0.00 M M 22.4 38 340 M M 9 12 50 340
13 61 49 55 -1 10 0 T M M 14.3 25 340 M M 10 31 330
14 58 48 53 -3 12 0 0.13 M M 13.5 21 30 M M 9 12 29 20
15 61 48 55 -1 10 0 0.02 M M 8.1 16 10 M M 7 1 19 360
16 74 46 60 3 5 0 0.05 M M 8.6 22 290 M M 1 3 29 280
17 79 49 64 7 1 0 T M M 8.8 20 40 M M 2 25 40
18 67 46 57 -1 8 0 0.48 M M 9.2 36 330 M M 8 138 49 320
19 61 45 53 -5 12 0 0.00 M M 8.4 17 60 M M 6 128 23 60
20 70 46 58 -1 7 0 0.00 M M 10.5 18 160 M M 2 18 23 160
21 75 51 63 4 2 0 0.00 M M 6.7 13 300 M M 0 18 17 310
22 75 51 63 3 2 0 0.00 M M 8.9 16 140 M M 1 18 22 140
23 74 54 64 4 1 0 0.00 M M 11.2 20 120 M M 1 1 26 140
24 74 53 64 4 1 0 T M M 12.2 23 160 M M 5 1 34 150
25 74 53 64 3 1 0 0.02 M M 13.7 24 110 M M 4 3 32 150
26 75 52 64 3 1 0 0.91 M M 14.8 28 140 M M 5 13 45 160
27 75 49 62 0 3 0 0.57 M M 16.9 29 340 M M 4 13 42 140
28 73 49 61 -1 4 0 0.02 M M 8.4 21 340 M M 1 3 26 350
29 82 55 69 7 0 4 0.03 M M 11.0 29 40 M M 2 3 43 220
30 82 54 68 5 0 3 0.00 M M 11.1 23 270 M M 0 32 270
31 80 51 66 3 0 1 0.03 M M 12.7 32 150 M M 0 1 44 150
================================================================================
SM 2111 1408 191 8 5.24 M 342.7 M 112
================================================================================
AV 70.4 46.9 11.4 FASTST M M 4 MAX(MPH)
MISC ----> 38 340 58 100
================================================================================
NOTES:
# LAST OF SEVERAL OCCURRENCES
COLUMN 17 PEAK WIND IN M.P.H.
PRELIMINARY LOCAL CLIMATOLOGICAL DATA (WS FORM: F-6) , PAGE 2
STATION: AKRON CO
MONTH: MAY
YEAR: 2023
LATITUDE: 40 10 N
LONGITUDE: 103 13 W
[TEMPERATURE DATA] [PRECIPITATION DATA] SYMBOLS USED IN COLUMN 16
AVERAGE MONTHLY: 58.7 TOTAL FOR MONTH: 5.24 1 = FOG OR MIST
DPTR FM NORMAL: 1.8 DPTR FM NORMAL: 2.59 2 = FOG REDUCING VISIBILITY
HIGHEST: 82 ON 29,30 GRTST 24HR 2.69 ON 10-11 TO 1/4 MILE OR LESS
LOWEST: 34 ON 1 3 = THUNDER
SNOW, ICE PELLETS, HAIL 4 = ICE PELLETS
TOTAL MONTH: M 5 = HAIL
GRTST 24HR M ON M 6 = FREEZING RAIN OR DRIZZLE
GRTST DEPTH: M ON M 7 = DUSTSTORM OR SANDSTORM:
VSBY 1/2 MILE OR LESS
8 = SMOKE OR HAZE
[NO. OF DAYS WITH] [WEATHER - DAYS WITH] 9 = BLOWING SNOW
X = TORNADO
MAX 32 OR BELOW: 0 0.01 INCH OR MORE: 15
MAX 90 OR ABOVE: 0 0.10 INCH OR MORE: 7
MIN 32 OR BELOW: 0 0.50 INCH OR MORE: 4
MIN 0 OR BELOW: 0 1.00 INCH OR MORE: 2
[HDD (BASE 65) ]
TOTAL THIS MO. 191 CLEAR (SCALE 0-3) 15
DPTR FM NORMAL -84 PTCLDY (SCALE 4-7) 10
TOTAL FM JUL 1 6564 CLOUDY (SCALE 8-10) 6
DPTR FM NORMAL 428
[CDD (BASE 65) ]
TOTAL THIS MO. 8
DPTR FM NORMAL -18 [PRESSURE DATA]
TOTAL FM JAN 1 16 HIGHEST SLP M ON M
DPTR FM NORMAL -12 LOWEST SLP 29.63 ON 4
[REMARKS]
#FINAL-05-23#