000
CXUS51 KAKQ 021137
CF6AKQ
PRELIMINARY LOCAL CLIMATOLOGICAL DATA (WS FORM: F-6)
STATION: WAKEFIELD
MONTH: NOVEMBER
YEAR: 2020
LATITUDE: 36 58 N
LONGITUDE: 77 0 W
TEMPERATURE IN F: :PCPN: SNOW: WIND :SUNSHINE: SKY :PK WND
================================================================================
1 2 3 4 5 6A 6B 7 8 9 10 11 12 13 14 15 16 17 18
12Z AVG MX 2MIN
DY MAX MIN AVG DEP HDD CDD WTR SNW DPTH SPD SPD DIR MIN PSBL S-S WX SPD DR
================================================================================
1 62 40 51 -4 14 0 0.58 0.0 0 M M M M M M 1 M M
2 53 36 45 -10 20 0 0.00 0.0 0 8.0 20 270 M M 0 28 260
3 64 34 49 -6 16 0 0.00 0.0 0 3.6 10 240 M M 0 13 220
4 69 36 53 -1 12 0 0.00 0.0 0 1.2 9 170 M M 0 13 160
5 74 41 58 4 7 0 0.00 0.0 0 1.0 7 240 M M 1 12 11 260
6 76 53 65 11 0 0 0.00 0.0 0 0.3 6 220 M M 5 128 10 220
7 78 51 65 11 0 0 0.00 0.0 0 0.6 6 90 M M 4 12 9 250
8 79 49 64 11 1 0 0.00 0.0 0 0.9 6 80 M M 0 1 9 90
9 78 48 63 10 2 0 0.00 0.0 0 1.2 7 70 M M 1 12 11 90
10 80 50 65 12 0 0 T 0.0 0 1.5 9 190 M M 6 12 16 230
11 81 66 74 21 0 9 0.94 0.0 0 4.7 12 180 M M 8 1 18 170
12 71 55 63 11 2 0 2.96 0.0 0 4.6 18 110 M M 9 1 27 100
13 63 47 55 3 10 0 T 0.0 0 2.0 9 250 M M 8 12 12 280
14 63 41 52 0 13 0 0.01 0.0 0 0.7 8 250 M M 1 1 10 240
15 74 43 59 7 6 0 0.03 0.0 0 6.4 21 270 M M 3 1 32 270
16 62 41 52 1 13 0 0.00 0.0 0 4.1 13 220 M M 1 18 270
17 61 36 49 -2 16 0 0.00 0.0 0 5.7 20 260 M M 1 31 250
18 49 29 39 -12 26 0 0.00 0.0 0 3.3 12 340 M M 0 20 350
19 54 26 40 -11 25 0 0.00 0.0 0 1.9 9 230 M M 0 13 220
20 68 31 50 0 15 0 0.00 0.0 0 3.9 14 240 M M 0 20 210
21 73 40 57 7 8 0 0.00 0.0 0 1.1 8 100 M M 0 1 13 100
22 69 43 56 6 9 0 0.00 0.0 0 1.5 9 120 M M 1 1 14 110
23 62 37 50 0 15 0 0.05 0.0 0 4.4 15 340 M M 4 12 24 340
24 55 30 43 -6 22 0 0.00 0.0 0 1.0 8 70 M M 0 15 360
25 64 35 50 1 15 0 0.00 0.0 0 2.8 12 160 M M 0 17 180
26 70 53 62 13 3 0 0.20 0.0 0 4.4 9 220 M M 4 12 M M
27 69 49 59 11 6 0 0.00 0.0 0 1.2 7 340 M M 6 12 10 10
28 64 40 52 4 13 0 0.00 0.0 0 0.9 6 290 M M 5 12 9 340
29 63 37 50 2 15 0 0.01 0.0 0 2.5 8 160 M M 4 12 12 100
30 75 48 62 15 3 0 0.66 0.0 0 9.1 26 230 M M 8 1 40 210
================================================================================
SM 2023 1265 307 9 5.44 0.0 84.5 M 80
================================================================================
AV 67.4 42.2 2.9 FASTST M M 3 MAX(MPH)
MISC ----> # 26 230 # 40 210
================================================================================
NOTES:
# LAST OF SEVERAL OCCURRENCES
COLUMN 17 PEAK WIND IN M.P.H.
PRELIMINARY LOCAL CLIMATOLOGICAL DATA (WS FORM: F-6) , PAGE 2
STATION: WAKEFIELD
MONTH: NOVEMBER
YEAR: 2020
LATITUDE: 36 58 N
LONGITUDE: 77 0 W
[TEMPERATURE DATA] [PRECIPITATION DATA] SYMBOLS USED IN COLUMN 16
AVERAGE MONTHLY: 54.8 TOTAL FOR MONTH: 5.44 1 = FOG OR MIST
DPTR FM NORMAL: 4.4 DPTR FM NORMAL: 2.33 2 = FOG REDUCING VISIBILITY
HIGHEST: 81 ON 11 GRTST 24HR 2.96 ON 12-12 TO 1/4 MILE OR LESS
LOWEST: 26 ON 19 3 = THUNDER
SNOW, ICE PELLETS, HAIL 4 = ICE PELLETS
TOTAL MONTH: 0.0 INCH 5 = HAIL
GRTST 24HR 0.0 6 = FREEZING RAIN OR DRIZZLE
GRTST DEPTH: 0 7 = DUSTSTORM OR SANDSTORM:
VSBY 1/2 MILE OR LESS
8 = SMOKE OR HAZE
[NO. OF DAYS WITH] [WEATHER - DAYS WITH] 9 = BLOWING SNOW
X = TORNADO
MAX 32 OR BELOW: 0 0.01 INCH OR MORE: 9
MAX 90 OR ABOVE: 0 0.10 INCH OR MORE: 5
MIN 32 OR BELOW: 4 0.50 INCH OR MORE: 4
MIN 0 OR BELOW: 0 1.00 INCH OR MORE: 1
[HDD (BASE 65) ]
TOTAL THIS MO. 307 CLEAR (SCALE 0-3) 16
DPTR FM NORMAL -107 PTCLDY (SCALE 4-7) 10
TOTAL FM JUL 1 431 CLOUDY (SCALE 8-10) 3
DPTR FM NORMAL -187
[CDD (BASE 65) ]
TOTAL THIS MO. 9
DPTR FM NORMAL 9 [PRESSURE DATA]
TOTAL FM JAN 1 1740 HIGHEST SLP 30.70 ON 19
DPTR FM NORMAL 130 LOWEST SLP 29.35 ON 30
[REMARKS]
#FINAL-11-20#