563
CDUS41 KALY 240624
CLIALB


CLIMATE REPORT
NATIONAL WEATHER SERVICE ALBANY NY
222 AM EDT THU MAY 24 2018


...................................

...THE ALBANY NY CLIMATE SUMMARY FOR MAY 23 2018...

CLIMATE NORMAL PERIOD 1981 TO 2010
CLIMATE RECORD PERIOD 1874 TO 2018


WEATHER ITEM   OBSERVED TIME   RECORD YEAR NORMAL DEPARTURE LAST
                VALUE   (LST)  VALUE       VALUE  FROM      YEAR
                                                  NORMAL
..................................................................
TEMPERATURE (F)
 YESTERDAY
  MAXIMUM         81    211 PM  93    1964  72      9       73
  MINIMUM         56    503 AM  36    1967  49      7       46
  AVERAGE         69                        60      9       60

PRECIPITATION (IN)
  YESTERDAY        0.00          1.43   MM   0.14  -0.14     0.00
  MONTH TO DATE    1.46                      2.60  -1.14     3.86
  SINCE MAR 1      8.69                      8.98  -0.29    10.81
  SINCE JAN 1     14.16                     13.77   0.39    16.79

SNOWFALL (IN)
  YESTERDAY        0.0           0.0    MM   0.0    0.0      0.0
  MONTH TO DATE    0.0                       0.1   -0.1       T
  SINCE MAR 1     38.4                      13.4   25.0     19.6
  SINCE JUL 1     77.3                      60.3   17.0     60.8
  SNOW DEPTH       0

DEGREE DAYS
 HEATING
  YESTERDAY        0                         6     -6        5
  MONTH TO DATE   79                       196   -117      225
  SINCE MAR 1   1739                      1645     94     1623
  SINCE JUL 1   6281                      6589   -308     5786

 COOLING
  YESTERDAY        4                         1      3        0
  MONTH TO DATE   32                        12     20       24
  SINCE MAR 1     32                        16     16       46
  SINCE JAN 1     32                        16     16       46
..................................................................


WIND (MPH)
  HIGHEST WIND SPEED    24   HIGHEST WIND DIRECTION     W (290)
  HIGHEST GUST SPEED    32   HIGHEST GUST DIRECTION     W (290)
  AVERAGE WIND SPEED     9.6


SKY COVER
  AVERAGE SKY COVER 0.6



RELATIVE HUMIDITY (PERCENT)
 HIGHEST    86
 LOWEST     36
 AVERAGE    61

..........................................................


THE ALBANY NY CLIMATE NORMALS FOR TODAY
                         NORMAL    RECORD    YEAR
 MAXIMUM TEMPERATURE (F)   72        92      1964
 MINIMUM TEMPERATURE (F)   50        29      1963


SUNRISE AND SUNSET
MAY 24 2018...........SUNRISE   525 AM EDT   SUNSET   820 PM EDT
MAY 25 2018...........SUNRISE   524 AM EDT   SUNSET   821 PM EDT


-  INDICATES NEGATIVE NUMBERS.
R  INDICATES RECORD WAS SET OR TIED.
MM INDICATES DATA IS MISSING.
T  INDICATES TRACE AMOUNT.




$$
