000
CDUS41 KALY 140623
CLIALB


CLIMATE REPORT
NATIONAL WEATHER SERVICE ALBANY NY
222 AM EDT MON MAY 14 2018


...................................

...THE ALBANY NY CLIMATE SUMMARY FOR MAY 13 2018...

CLIMATE NORMAL PERIOD 1981 TO 2010
CLIMATE RECORD PERIOD 1874 TO 2018


WEATHER ITEM   OBSERVED TIME   RECORD YEAR NORMAL DEPARTURE LAST
                VALUE   (LST)  VALUE       VALUE  FROM      YEAR
                                                  NORMAL
..................................................................
TEMPERATURE (F)
 YESTERDAY
  MAXIMUM         68    311 PM  86    2004  69     -1       55
                                      1991
  MINIMUM         48    448 AM  30    2005  46      2       47
                                      1976
  AVERAGE         58                        57      1       51

PRECIPITATION (IN)
  YESTERDAY        0.00          1.80 1897   0.11  -0.11     0.78
  MONTH TO DATE    0.48                      1.41  -0.93     3.43
  SINCE MAR 1      7.71                      7.79  -0.08    10.38
  SINCE JAN 1     13.18                     12.58   0.60    16.36

SNOWFALL (IN)
  YESTERDAY        0.0           T    1953   0.0    0.0      0.0
  MONTH TO DATE    0.0                       0.1   -0.1       T
  SINCE MAR 1     38.4                      13.4   25.0     19.6
  SINCE JUL 1     77.3                      60.3   17.0     60.8
  SNOW DEPTH       0

DEGREE DAYS
 HEATING
  YESTERDAY        7                         8     -1       14
  MONTH TO DATE   54                       128    -74      174
  SINCE MAR 1   1714                      1577    137     1572
  SINCE JUL 1   6256                      6521   -265     5735

 COOLING
  YESTERDAY        0                         1     -1        0
  MONTH TO DATE   19                         2     17        0
  SINCE MAR 1     19                         6     13       22
  SINCE JAN 1     19                         6     13       22
..................................................................


WIND (MPH)
  HIGHEST WIND SPEED    21   HIGHEST WIND DIRECTION     S (170)
  HIGHEST GUST SPEED    27   HIGHEST GUST DIRECTION     S (170)
  AVERAGE WIND SPEED     8.2


SKY COVER
  AVERAGE SKY COVER 0.8



RELATIVE HUMIDITY (PERCENT)
 HIGHEST    86
 LOWEST     42
 AVERAGE    64

..........................................................


THE ALBANY NY CLIMATE NORMALS FOR TODAY
                         NORMAL    RECORD    YEAR
 MAXIMUM TEMPERATURE (F)   69        93      1900
 MINIMUM TEMPERATURE (F)   46        30      1996


SUNRISE AND SUNSET
MAY 14 2018...........SUNRISE   534 AM EDT   SUNSET   810 PM EDT
MAY 15 2018...........SUNRISE   533 AM EDT   SUNSET   811 PM EDT


-  INDICATES NEGATIVE NUMBERS.
R  INDICATES RECORD WAS SET OR TIED.
MM INDICATES DATA IS MISSING.
T  INDICATES TRACE AMOUNT.




$$
