000
CDUS41 KALY 070641
CLIALB


CLIMATE REPORT
NATIONAL WEATHER SERVICE ALBANY NY
239 AM EDT SAT APR 7 2018


...................................

...THE ALBANY NY CLIMATE SUMMARY FOR APRIL 6 2018...

CLIMATE NORMAL PERIOD 1981 TO 2010
CLIMATE RECORD PERIOD 1874 TO 2018


WEATHER ITEM   OBSERVED TIME   RECORD YEAR NORMAL DEPARTURE LAST
                VALUE   (LST)  VALUE       VALUE  FROM      YEAR
                                                  NORMAL
..................................................................
TEMPERATURE (F)
 YESTERDAY
  MAXIMUM         40    919 PM  82    1921  54    -14       48
  MINIMUM         19    433 AM  14    1943  34    -15       41
  AVERAGE         30                        44    -14       45

PRECIPITATION (IN)
  YESTERDAY        0.19          2.02 1886   0.10   0.09     0.62
  MONTH TO DATE    0.66                      0.64   0.02     1.65
  SINCE MAR 1      3.72                      3.85  -0.13     5.72
  SINCE JAN 1      9.19                      8.64   0.55    11.70

SNOWFALL (IN)
  YESTERDAY        0.1          17.3  1982   0.2   -0.1      0.0
  MONTH TO DATE    1.1                       0.8    0.3      0.2
  SINCE MAR 1     37.1                      11.8   25.3     19.6
  SINCE JUL 1     76.0                      58.7   17.3     60.8
  SNOW DEPTH       0

DEGREE DAYS
 HEATING
  YESTERDAY       35                        21     14       20
  MONTH TO DATE  173                       133     40      120
  SINCE MAR 1   1124                      1062     62     1145
  SINCE JUL 1   5666                      6006   -340     5308

 COOLING
  YESTERDAY        0                         0      0        0
  MONTH TO DATE    0                         0      0        0
  SINCE MAR 1      0                         0      0        0
  SINCE JAN 1      0                         0      0        0
..................................................................


WIND (MPH)
  HIGHEST WIND SPEED    24   HIGHEST WIND DIRECTION     S (170)
  HIGHEST GUST SPEED    32   HIGHEST GUST DIRECTION     S (170)
  AVERAGE WIND SPEED     9.1


SKY COVER
  AVERAGE SKY COVER 0.8



RELATIVE HUMIDITY (PERCENT)
 HIGHEST    92
 LOWEST     54
 AVERAGE    73

..........................................................


THE ALBANY NY CLIMATE NORMALS FOR TODAY
                         NORMAL    RECORD    YEAR
 MAXIMUM TEMPERATURE (F)   55        87      2010
                                             1991
 MINIMUM TEMPERATURE (F)   34        13      1982


SUNRISE AND SUNSET
APRIL  7 2018.........SUNRISE   627 AM EDT   SUNSET   728 PM EDT
APRIL  8 2018.........SUNRISE   625 AM EDT   SUNSET   729 PM EDT


-  INDICATES NEGATIVE NUMBERS.
R  INDICATES RECORD WAS SET OR TIED.
MM INDICATES DATA IS MISSING.
T  INDICATES TRACE AMOUNT.




$$
