999
CDUS41 KALY 122042
CLIALB


CLIMATE REPORT
NATIONAL WEATHER SERVICE ALBANY NY
442 PM EDT THU APR 12 2018


...................................

...THE ALBANY NY CLIMATE SUMMARY FOR APRIL 12 2018...
VALID TODAY AS OF 0400 PM LOCAL TIME.

CLIMATE NORMAL PERIOD 1981 TO 2010
CLIMATE RECORD PERIOD 1874 TO 2018


WEATHER ITEM   OBSERVED TIME   RECORD YEAR NORMAL DEPARTURE LAST
                VALUE   (LST)  VALUE       VALUE  FROM      YEAR
                                                  NORMAL
..................................................................
TEMPERATURE (F)
 TODAY
  MAXIMUM         54   1250 PM  84    1977  57     -3       61
  MINIMUM         29    557 AM  13    1874  36     -7       47
  AVERAGE         42                        46     -4       54

PRECIPITATION (IN)
  TODAY            T             1.55 1933   0.11  -0.11     0.13
  MONTH TO DATE    0.70                      1.30  -0.60     1.81
  SINCE MAR 1      3.76                      4.51  -0.75     5.88
  SINCE JAN 1      9.23                      9.30  -0.07    11.86

SNOWFALL (IN)
  TODAY           MM             3.3  1962   0.1   MM        0.0
  MONTH TO DATE    2.4                       1.4    1.0      0.2
  SINCE MAR 1     38.4                      12.4   26.0     19.6
  SINCE JUL 1     77.3                      59.3   18.0     60.8
  SNOW DEPTH       0

DEGREE DAYS
 HEATING
  TODAY           23                        19      4       11
  MONTH TO DATE  352                       251    101      193
  SINCE MAR 1   1303                      1180    123     1218
  SINCE JUL 1   5845                      6124   -279     5381

 COOLING
  TODAY            0                         0      0        0
  MONTH TO DATE    0                         0      0        9
  SINCE MAR 1      0                         0      0        9
  SINCE JAN 1      0                         0      0        9
..................................................................


WIND (MPH)
  HIGHEST WIND SPEED    18   HIGHEST WIND DIRECTION     S (180)
  HIGHEST GUST SPEED    26   HIGHEST GUST DIRECTION     S (190)
  AVERAGE WIND SPEED     6.5


SKY COVER
  AVERAGE SKY COVER 0.7



RELATIVE HUMIDITY (PERCENT)
 HIGHEST    78           500 AM
 LOWEST     38          1100 AM
 AVERAGE    58

..........................................................


THE ALBANY NY CLIMATE NORMALS FOR TOMORROW
                         NORMAL    RECORD    YEAR
 MAXIMUM TEMPERATURE (F)   57        87      1977
 MINIMUM TEMPERATURE (F)   37        19      1874


SUNRISE AND SUNSET
APRIL 12 2018.........SUNRISE   619 AM EDT   SUNSET   734 PM EDT
APRIL 13 2018.........SUNRISE   617 AM EDT   SUNSET   735 PM EDT


-  INDICATES NEGATIVE NUMBERS.
R  INDICATES RECORD WAS SET OR TIED.
MM INDICATES DATA IS MISSING.
T  INDICATES TRACE AMOUNT.




$$
