000
CDUS41 KALY 180622
CLIALB


CLIMATE REPORT
NATIONAL WEATHER SERVICE ALBANY NY
221 AM EDT WED APR 18 2018


...................................

...THE ALBANY NY CLIMATE SUMMARY FOR APRIL 17 2018...

CLIMATE NORMAL PERIOD 1981 TO 2010
CLIMATE RECORD PERIOD 1874 TO 2018


WEATHER ITEM   OBSERVED TIME   RECORD YEAR NORMAL DEPARTURE LAST
                VALUE   (LST)  VALUE       VALUE  FROM      YEAR
                                                  NORMAL
..................................................................
TEMPERATURE (F)
 YESTERDAY
  MAXIMUM         45   1126 AM  91    2002  59    -14       66
  MINIMUM         33   1159 PM  21    1971  38     -5       46
  AVERAGE         39                        49    -10       56

PRECIPITATION (IN)
  YESTERDAY        0.01          0.78 1880   0.10  -0.09     0.02
  MONTH TO DATE    2.20                      1.83   0.37     1.87
  SINCE MAR 1      5.26                      5.04   0.22     5.94
  SINCE JAN 1     10.73                      9.83   0.90    11.92

SNOWFALL (IN)
  YESTERDAY        T             0.3  1965   0.1   -0.1      0.0
  MONTH TO DATE    2.4                       1.8    0.6      0.2
  SINCE MAR 1     38.4                      12.8   25.6     19.6
  SINCE JUL 1     77.3                      59.7   17.6     60.8
  SNOW DEPTH       0

DEGREE DAYS
 HEATING
  YESTERDAY       26                        17      9        9
  MONTH TO DATE  474                       338    136      246
  SINCE MAR 1   1425                      1267    158     1271
  SINCE JUL 1   5967                      6211   -244     5434

 COOLING
  YESTERDAY        0                         0      0        0
  MONTH TO DATE    0                         0      0       16
  SINCE MAR 1      0                         0      0       16
  SINCE JAN 1      0                         0      0       16
..................................................................


WIND (MPH)
  HIGHEST WIND SPEED    23   HIGHEST WIND DIRECTION     W (270)
  HIGHEST GUST SPEED    31   HIGHEST GUST DIRECTION     W (250)
  AVERAGE WIND SPEED    11.4


SKY COVER
  AVERAGE SKY COVER 0.9



RELATIVE HUMIDITY (PERCENT)
 HIGHEST    82
 LOWEST     49
 AVERAGE    66

..........................................................


THE ALBANY NY CLIMATE NORMALS FOR TODAY
                         NORMAL    RECORD    YEAR
 MAXIMUM TEMPERATURE (F)   60        90      1976
 MINIMUM TEMPERATURE (F)   38        21      1948


SUNRISE AND SUNSET
APRIL 18 2018.........SUNRISE   609 AM EDT   SUNSET   741 PM EDT
APRIL 19 2018.........SUNRISE   607 AM EDT   SUNSET   742 PM EDT


-  INDICATES NEGATIVE NUMBERS.
R  INDICATES RECORD WAS SET OR TIED.
MM INDICATES DATA IS MISSING.
T  INDICATES TRACE AMOUNT.




$$
