910
CDUS41 KALY 182049
CLIALB


CLIMATE REPORT
NATIONAL WEATHER SERVICE ALBANY NY
447 PM EDT FRI MAY 18 2018


...................................

...THE ALBANY NY CLIMATE SUMMARY FOR MAY 18 2018...
VALID TODAY AS OF 0400 PM LOCAL TIME.

CLIMATE NORMAL PERIOD 1981 TO 2010
CLIMATE RECORD PERIOD 1874 TO 2018


WEATHER ITEM   OBSERVED TIME   RECORD YEAR NORMAL DEPARTURE LAST
                VALUE   (LST)  VALUE       VALUE  FROM      YEAR
                                                  NORMAL
..................................................................
TEMPERATURE (F)
 TODAY
  MAXIMUM         72    336 PM  94    2017  70      2       94
                                      1962
  MINIMUM         51    533 AM  29    1981  48      3       62
  AVERAGE         62                        59      3       78

PRECIPITATION (IN)
  TODAY            0.00          1.27 1973   0.12  -0.12     0.15
  MONTH TO DATE    0.64                      1.98  -1.34     3.71
  SINCE MAR 1      7.87                      8.36  -0.49    10.66
  SINCE JAN 1     13.34                     13.15   0.19    16.64

SNOWFALL (IN)
  TODAY            0.0           2.2  2002   0.0    0.0      0.0
  MONTH TO DATE    0.0                       0.1   -0.1       T
  SINCE MAR 1     38.4                      13.4   25.0     19.6
  SINCE JUL 1     77.3                      60.3   17.0     60.8
  SNOW DEPTH       0

DEGREE DAYS
 HEATING
  TODAY            3                         7     -4        0
  MONTH TO DATE   60                       165   -105      197
  SINCE MAR 1   1720                      1614    106     1595
  SINCE JUL 1   6262                      6558   -296     5758

 COOLING
  TODAY            0                         1     -1       13
  MONTH TO DATE   27                         7     20       22
  SINCE MAR 1     27                        11     16       44
  SINCE JAN 1     27                        11     16       44
..................................................................


WIND (MPH)
  HIGHEST WIND SPEED    17   HIGHEST WIND DIRECTION    NE (40)
  HIGHEST GUST SPEED    24   HIGHEST GUST DIRECTION     N (20)
  AVERAGE WIND SPEED     9.0


SKY COVER
  AVERAGE SKY COVER 0.8



RELATIVE HUMIDITY (PERCENT)
 HIGHEST    51          1200 AM
 LOWEST     29           300 PM
 AVERAGE    40

..........................................................


THE ALBANY NY CLIMATE NORMALS FOR TOMORROW
                         NORMAL    RECORD    YEAR
 MAXIMUM TEMPERATURE (F)   70        91      1989
 MINIMUM TEMPERATURE (F)   48        29      1981


SUNRISE AND SUNSET
MAY 18 2018...........SUNRISE   530 AM EDT   SUNSET   814 PM EDT
MAY 19 2018...........SUNRISE   529 AM EDT   SUNSET   815 PM EDT


-  INDICATES NEGATIVE NUMBERS.
R  INDICATES RECORD WAS SET OR TIED.
MM INDICATES DATA IS MISSING.
T  INDICATES TRACE AMOUNT.




$$
