000
CDUS41 KALY 160623
CLIALB


CLIMATE REPORT
NATIONAL WEATHER SERVICE ALBANY NY
222 AM EDT MON APR 16 2018


...................................

...THE ALBANY NY CLIMATE SUMMARY FOR APRIL 15 2018...

CLIMATE NORMAL PERIOD 1981 TO 2010
CLIMATE RECORD PERIOD 1874 TO 2018


WEATHER ITEM   OBSERVED TIME   RECORD YEAR NORMAL DEPARTURE LAST
                VALUE   (LST)  VALUE       VALUE  FROM      YEAR
                                                  NORMAL
..................................................................
TEMPERATURE (F)
 YESTERDAY
  MAXIMUM         36    434 PM  86    2003  58    -22       71
  MINIMUM         28    416 AM  21    1940  37     -9       33
  AVERAGE         32                        48    -16       52

PRECIPITATION (IN)
  YESTERDAY        0.15          2.26 2007   0.10   0.05     0.02
  MONTH TO DATE    0.95                      1.62  -0.67     1.83
  SINCE MAR 1      4.01                      4.83  -0.82     5.90
  SINCE JAN 1      9.48                      9.62  -0.14    11.88

SNOWFALL (IN)
  YESTERDAY        T             2.4  2014   0.0    0.0      0.0
  MONTH TO DATE    2.4                       1.6    0.8      0.2
  SINCE MAR 1     38.4                      12.6   25.8     19.6
  SINCE JUL 1     77.3                      59.5   17.8     60.8
  SNOW DEPTH       0

DEGREE DAYS
 HEATING
  YESTERDAY       33                        17     16       13
  MONTH TO DATE  424                       304    120      237
  SINCE MAR 1   1375                      1233    142     1262
  SINCE JUL 1   5917                      6177   -260     5425

 COOLING
  YESTERDAY        0                         0      0        0
  MONTH TO DATE    0                         0      0        9
  SINCE MAR 1      0                         0      0        9
  SINCE JAN 1      0                         0      0        9
..................................................................


WIND (MPH)
  HIGHEST WIND SPEED    13   HIGHEST WIND DIRECTION     N (20)
  HIGHEST GUST SPEED    16   HIGHEST GUST DIRECTION     N (360)
  AVERAGE WIND SPEED     5.9


SKY COVER
  AVERAGE SKY COVER 1.0



RELATIVE HUMIDITY (PERCENT)
 HIGHEST    85
 LOWEST     64
 AVERAGE    75

..........................................................


THE ALBANY NY CLIMATE NORMALS FOR TODAY
                         NORMAL    RECORD    YEAR
 MAXIMUM TEMPERATURE (F)   59        91      2012
 MINIMUM TEMPERATURE (F)   38        22      1981


SUNRISE AND SUNSET
APRIL 16 2018.........SUNRISE   612 AM EDT   SUNSET   739 PM EDT
APRIL 17 2018.........SUNRISE   611 AM EDT   SUNSET   740 PM EDT


-  INDICATES NEGATIVE NUMBERS.
R  INDICATES RECORD WAS SET OR TIED.
MM INDICATES DATA IS MISSING.
T  INDICATES TRACE AMOUNT.




$$
