000
CDUS41 KALY 052043
CLIALB


CLIMATE REPORT
NATIONAL WEATHER SERVICE ALBANY NY
443 PM EDT SAT MAY 5 2018


...................................

...THE ALBANY NY CLIMATE SUMMARY FOR MAY 5 2018...
VALID TODAY AS OF 0400 PM LOCAL TIME.

CLIMATE NORMAL PERIOD 1981 TO 2010
CLIMATE RECORD PERIOD 1874 TO 2018


WEATHER ITEM   OBSERVED TIME   RECORD YEAR NORMAL DEPARTURE LAST
                VALUE   (LST)  VALUE       VALUE  FROM      YEAR
                                                  NORMAL
..................................................................
TEMPERATURE (F)
 TODAY
  MAXIMUM         75    334 PM  91    1944  66      9       54
  MINIMUM         50    409 AM  29    1974  44      6       44
  AVERAGE         63                        55      8       49

PRECIPITATION (IN)
  TODAY            0.00          1.70 1878   0.11  -0.11     0.75
  MONTH TO DATE    0.21                      0.54  -0.33     1.80
  SINCE MAR 1      7.44                      6.92   0.52     8.75
  SINCE JAN 1     12.91                     11.71   1.20    14.73

SNOWFALL (IN)
  TODAY            0.0           T    1900   0.0    0.0      0.0
  MONTH TO DATE    0.0                       0.0    0.0      0.0
  SINCE MAR 1     38.4                      13.3   25.1     19.6
  SINCE JUL 1     77.3                      60.2   17.1     60.8
  SNOW DEPTH       0

DEGREE DAYS
 HEATING
  TODAY            2                        10     -8       16
  MONTH TO DATE    8                        55    -47       58
  SINCE MAR 1   1668                      1504    164     1456
  SINCE JUL 1   6210                      6448   -238     5619

 COOLING
  TODAY            0                         0      0        0
  MONTH TO DATE   16                         0     16        0
  SINCE MAR 1     16                         4     12       22
  SINCE JAN 1     16                         4     12       22
..................................................................


WIND (MPH)
  HIGHEST WIND SPEED    23   HIGHEST WIND DIRECTION    NW (310)
  HIGHEST GUST SPEED    34   HIGHEST GUST DIRECTION     W (290)
  AVERAGE WIND SPEED    13.4


SKY COVER
  AVERAGE SKY COVER 0.8



RELATIVE HUMIDITY (PERCENT)
 HIGHEST    64           700 AM
 LOWEST     25           200 PM
 AVERAGE    45

..........................................................


THE ALBANY NY CLIMATE NORMALS FOR TOMORROW
                         NORMAL    RECORD    YEAR
 MAXIMUM TEMPERATURE (F)   67        89      1930
 MINIMUM TEMPERATURE (F)   44        29      1969


SUNRISE AND SUNSET
MAY  5 2018...........SUNRISE   544 AM EDT   SUNSET   800 PM EDT
MAY  6 2018...........SUNRISE   543 AM EDT   SUNSET   801 PM EDT


-  INDICATES NEGATIVE NUMBERS.
R  INDICATES RECORD WAS SET OR TIED.
MM INDICATES DATA IS MISSING.
T  INDICATES TRACE AMOUNT.




$$
