000
CDUS41 KALY 070623
CLIALB


CLIMATE REPORT
NATIONAL WEATHER SERVICE ALBANY NY
222 AM EDT MON MAY 7 2018


...................................

...THE ALBANY NY CLIMATE SUMMARY FOR MAY 6 2018...

CLIMATE NORMAL PERIOD 1981 TO 2010
CLIMATE RECORD PERIOD 1874 TO 2018


WEATHER ITEM   OBSERVED TIME   RECORD YEAR NORMAL DEPARTURE LAST
                VALUE   (LST)  VALUE       VALUE  FROM      YEAR
                                                  NORMAL
..................................................................
TEMPERATURE (F)
 YESTERDAY
  MAXIMUM         65    250 AM  89    1930  67     -2       70
  MINIMUM         54   1159 PM  29    1969  44     10       50
  AVERAGE         60                        55      5       60

PRECIPITATION (IN)
  YESTERDAY        0.13          0.73 1947   0.11   0.02     0.62
  MONTH TO DATE    0.34                      0.65  -0.31     2.42
  SINCE MAR 1      7.57                      7.03   0.54     9.37
  SINCE JAN 1     13.04                     11.82   1.22    15.35

SNOWFALL (IN)
  YESTERDAY        0.0           T    1994   0.0    0.0      0.0
  MONTH TO DATE    0.0                       0.0    0.0      0.0
  SINCE MAR 1     38.4                      13.3   25.1     19.6
  SINCE JUL 1     77.3                      60.2   17.1     60.8
  SNOW DEPTH       0

DEGREE DAYS
 HEATING
  YESTERDAY        5                        10     -5        5
  MONTH TO DATE   13                        65    -52       63
  SINCE MAR 1   1673                      1514    159     1461
  SINCE JUL 1   6215                      6458   -243     5624

 COOLING
  YESTERDAY        0                         0      0        0
  MONTH TO DATE   16                         0     16        0
  SINCE MAR 1     16                         4     12       22
  SINCE JAN 1     16                         4     12       22
..................................................................


WIND (MPH)
  HIGHEST WIND SPEED    14   HIGHEST WIND DIRECTION     S (180)
  HIGHEST GUST SPEED    20   HIGHEST GUST DIRECTION     S (180)
  AVERAGE WIND SPEED     4.1


SKY COVER
  AVERAGE SKY COVER 1.0



RELATIVE HUMIDITY (PERCENT)
 HIGHEST    86
 LOWEST     43
 AVERAGE    65

..........................................................


THE ALBANY NY CLIMATE NORMALS FOR TODAY
                         NORMAL    RECORD    YEAR
 MAXIMUM TEMPERATURE (F)   67        92      1930
 MINIMUM TEMPERATURE (F)   44        29      1874


SUNRISE AND SUNSET
MAY  7 2018...........SUNRISE   542 AM EDT   SUNSET   802 PM EDT
MAY  8 2018...........SUNRISE   541 AM EDT   SUNSET   803 PM EDT


-  INDICATES NEGATIVE NUMBERS.
R  INDICATES RECORD WAS SET OR TIED.
MM INDICATES DATA IS MISSING.
T  INDICATES TRACE AMOUNT.




$$
