000
CDUS41 KALY 020626
CLIALB


CLIMATE REPORT
NATIONAL WEATHER SERVICE ALBANY NY
226 AM EDT WED MAY 2 2018


...................................

...THE ALBANY NY CLIMATE SUMMARY FOR MAY 1 2018...

CLIMATE NORMAL PERIOD 1981 TO 2010
CLIMATE RECORD PERIOD 1874 TO 2018


WEATHER ITEM   OBSERVED TIME   RECORD YEAR NORMAL DEPARTURE LAST
                VALUE   (LST)  VALUE       VALUE  FROM      YEAR
                                                  NORMAL
..................................................................
TEMPERATURE (F)
 YESTERDAY
  MAXIMUM         74    303 PM  86    2001  65      9       74
  MINIMUM         43    537 AM  28    2008  43      0       49
                                      1961
  AVERAGE         59                        54      5       62

PRECIPITATION (IN)
  YESTERDAY        T             1.54 1953   0.11  -0.11     0.65
  MONTH TO DATE    T                         0.11  -0.11     0.65
  SINCE MAR 1      7.23                      6.49   0.74     7.60
  SINCE JAN 1     12.70                     11.28   1.42    13.58

SNOWFALL (IN)
  YESTERDAY        0.0           T    1978   0.0    0.0      0.0
  MONTH TO DATE    0.0                       0.0    0.0      0.0
  SINCE MAR 1     38.4                      13.3   25.1     19.6
  SINCE JUL 1     77.3                      60.2   17.1     60.8
  SNOW DEPTH       0

DEGREE DAYS
 HEATING
  YESTERDAY        6                        12     -6        3
  MONTH TO DATE    6                        12     -6        3
  SINCE MAR 1   1666                      1461    205     1401
  SINCE JUL 1   6208                      6405   -197     5564

 COOLING
  YESTERDAY        0                         0      0        0
  MONTH TO DATE    0                         0      0        0
  SINCE MAR 1      0                         4     -4       22
  SINCE JAN 1      0                         4     -4       22
..................................................................


WIND (MPH)
  HIGHEST WIND SPEED    16   HIGHEST WIND DIRECTION     W (280)
  HIGHEST GUST SPEED    21   HIGHEST GUST DIRECTION     W (280)
  AVERAGE WIND SPEED     3.9


SKY COVER
  AVERAGE SKY COVER 0.6



RELATIVE HUMIDITY (PERCENT)
 HIGHEST    89
 LOWEST     20
 AVERAGE    55

..........................................................


THE ALBANY NY CLIMATE NORMALS FOR TODAY
                         NORMAL    RECORD    YEAR
 MAXIMUM TEMPERATURE (F)   65        88      2001
 MINIMUM TEMPERATURE (F)   43        29      1974


SUNRISE AND SUNSET
MAY  2 2018...........SUNRISE   548 AM EDT   SUNSET   757 PM EDT
MAY  3 2018...........SUNRISE   547 AM EDT   SUNSET   758 PM EDT


-  INDICATES NEGATIVE NUMBERS.
R  INDICATES RECORD WAS SET OR TIED.
MM INDICATES DATA IS MISSING.
T  INDICATES TRACE AMOUNT.




$$
