818
CDUS41 KALY 220623
CLIALB


CLIMATE REPORT
NATIONAL WEATHER SERVICE ALBANY NY
223 AM EDT TUE MAY 22 2018


...................................

...THE ALBANY NY CLIMATE SUMMARY FOR MAY 21 2018...

CLIMATE NORMAL PERIOD 1981 TO 2010
CLIMATE RECORD PERIOD 1874 TO 2018


WEATHER ITEM   OBSERVED TIME   RECORD YEAR NORMAL DEPARTURE LAST
                VALUE   (LST)  VALUE       VALUE  FROM      YEAR
                                                  NORMAL
..................................................................
TEMPERATURE (F)
 YESTERDAY
  MAXIMUM         78    445 PM  92    1941  71      7       73
  MINIMUM         47    459 AM  32    1949  49     -2       42
  AVERAGE         63                        60      3       58

PRECIPITATION (IN)
  YESTERDAY        0.00          1.76 1954   0.12  -0.12     0.02
  MONTH TO DATE    1.34                      2.34  -1.00     3.73
  SINCE MAR 1      8.57                      8.72  -0.15    10.68
  SINCE JAN 1     14.04                     13.51   0.53    16.66

SNOWFALL (IN)
  YESTERDAY        0.0           T    1895   0.0    0.0      0.0
  MONTH TO DATE    0.0                       0.1   -0.1       T
  SINCE MAR 1     38.4                      13.4   25.0     19.6
  SINCE JUL 1     77.3                      60.3   17.0     60.8
  SNOW DEPTH       0

DEGREE DAYS
 HEATING
  YESTERDAY        2                         6     -4        7
  MONTH TO DATE   73                       184   -111      210
  SINCE MAR 1   1733                      1633    100     1608
  SINCE JUL 1   6275                      6577   -302     5771

 COOLING
  YESTERDAY        0                         1     -1        0
  MONTH TO DATE   28                        10     18       24
  SINCE MAR 1     28                        14     14       46
  SINCE JAN 1     28                        14     14       46
..................................................................


WIND (MPH)
  HIGHEST WIND SPEED    16   HIGHEST WIND DIRECTION     W (270)
  HIGHEST GUST SPEED    20   HIGHEST GUST DIRECTION     W (280)
  AVERAGE WIND SPEED     4.0


SKY COVER
  AVERAGE SKY COVER 0.3



RELATIVE HUMIDITY (PERCENT)
 HIGHEST    93
 LOWEST     27
 AVERAGE    60

..........................................................


THE ALBANY NY CLIMATE NORMALS FOR TODAY
                         NORMAL    RECORD    YEAR
 MAXIMUM TEMPERATURE (F)   71        97      1911
 MINIMUM TEMPERATURE (F)   49        33      2002


SUNRISE AND SUNSET
MAY 22 2018...........SUNRISE   526 AM EDT   SUNSET   818 PM EDT
MAY 23 2018...........SUNRISE   525 AM EDT   SUNSET   819 PM EDT


-  INDICATES NEGATIVE NUMBERS.
R  INDICATES RECORD WAS SET OR TIED.
MM INDICATES DATA IS MISSING.
T  INDICATES TRACE AMOUNT.




$$
