000
CDUS41 KALY 110635
CLIALB


CLIMATE REPORT
NATIONAL WEATHER SERVICE ALBANY NY
235 AM EDT WED APR 11 2018


...................................

...THE ALBANY NY CLIMATE SUMMARY FOR APRIL 10 2018...

CLIMATE NORMAL PERIOD 1981 TO 2010
CLIMATE RECORD PERIOD 1874 TO 2018


WEATHER ITEM   OBSERVED TIME   RECORD YEAR NORMAL DEPARTURE LAST
                VALUE   (LST)  VALUE       VALUE  FROM      YEAR
                                                  NORMAL
..................................................................
TEMPERATURE (F)
 YESTERDAY
  MAXIMUM         47    328 PM  86    1922  56     -9       81
  MINIMUM         27   1159 PM  21    1974  35     -8       50
  AVERAGE         37                        46     -9       66

PRECIPITATION (IN)
  YESTERDAY        0.00          0.89 1983   0.11  -0.11     0.00
  MONTH TO DATE    0.70                      1.08  -0.38     1.68
  SINCE MAR 1      3.76                      4.29  -0.53     5.75
  SINCE JAN 1      9.23                      9.08   0.15    11.73

SNOWFALL (IN)
  YESTERDAY        0.0           5.7  1961   0.1   -0.1      0.0
  MONTH TO DATE    2.4                       1.2    1.2      0.2
  SINCE MAR 1     38.4                      12.2   26.2     19.6
  SINCE JUL 1     77.3                      59.1   18.2     60.8
  SNOW DEPTH       0

DEGREE DAYS
 HEATING
  YESTERDAY       28                        19      9        0
  MONTH TO DATE  300                       213     87      182
  SINCE MAR 1   1251                      1142    109     1207
  SINCE JUL 1   5793                      6086   -293     5370

 COOLING
  YESTERDAY        0                         0      0        1
  MONTH TO DATE    0                         0      0        1
  SINCE MAR 1      0                         0      0        1
  SINCE JAN 1      0                         0      0        1
..................................................................


WIND (MPH)
  HIGHEST WIND SPEED    18   HIGHEST WIND DIRECTION     W (270)
  HIGHEST GUST SPEED    24   HIGHEST GUST DIRECTION     W (270)
  AVERAGE WIND SPEED     6.1


SKY COVER
  AVERAGE SKY COVER 0.7



RELATIVE HUMIDITY (PERCENT)
 HIGHEST    63
 LOWEST     30
 AVERAGE    47

..........................................................


THE ALBANY NY CLIMATE NORMALS FOR TODAY
                         NORMAL    RECORD    YEAR
 MAXIMUM TEMPERATURE (F)   56        87      2017
 MINIMUM TEMPERATURE (F)   36        20      1874


SUNRISE AND SUNSET
APRIL 11 2018.........SUNRISE   620 AM EDT   SUNSET   733 PM EDT
APRIL 12 2018.........SUNRISE   619 AM EDT   SUNSET   734 PM EDT


-  INDICATES NEGATIVE NUMBERS.
R  INDICATES RECORD WAS SET OR TIED.
MM INDICATES DATA IS MISSING.
T  INDICATES TRACE AMOUNT.




$$
