000
CDUS41 KALY 300638
CLIALB


CLIMATE REPORT
NATIONAL WEATHER SERVICE ALBANY NY
237 AM EDT MON APR 30 2018


...................................

...THE ALBANY NY CLIMATE SUMMARY FOR APRIL 29 2018...

CLIMATE NORMAL PERIOD 1981 TO 2010
CLIMATE RECORD PERIOD 1874 TO 2018


WEATHER ITEM   OBSERVED TIME   RECORD YEAR NORMAL DEPARTURE LAST
                VALUE   (LST)  VALUE       VALUE  FROM      YEAR
                                                  NORMAL
..................................................................
TEMPERATURE (F)
 YESTERDAY
  MAXIMUM         50   1226 AM  88    1888  64    -14       74
  MINIMUM         38    833 PM  27    1947  42     -4       51
  AVERAGE         44                        53     -9       63

PRECIPITATION (IN)
  YESTERDAY        0.31          1.00 1996   0.11   0.20      T
  MONTH TO DATE    4.07                      3.06   1.01     2.87
  SINCE MAR 1      7.13                      6.27   0.86     6.94
  SINCE JAN 1     12.60                     11.06   1.54    12.92

SNOWFALL (IN)
  YESTERDAY        0.0           1.0  1885   0.0    0.0      0.0
  MONTH TO DATE    2.4                       2.3    0.1      0.2
  SINCE MAR 1     38.4                      13.3   25.1     19.6
  SINCE JUL 1     77.3                      60.2   17.1     60.8
  SNOW DEPTH       0

DEGREE DAYS
 HEATING
  YESTERDAY       21                        12      9        2
  MONTH TO DATE  689                       508    181      356
  SINCE MAR 1   1640                      1437    203     1381
  SINCE JUL 1   6182                      6381   -199     5544

 COOLING
  YESTERDAY        0                         0      0        0
  MONTH TO DATE    0                         0      0       22
  SINCE MAR 1      0                         0      0       22
  SINCE JAN 1      0                         0      0       22
..................................................................


WIND (MPH)
  HIGHEST WIND SPEED    24   HIGHEST WIND DIRECTION     W (280)
  HIGHEST GUST SPEED    33   HIGHEST GUST DIRECTION     W (290)
  AVERAGE WIND SPEED    12.6


SKY COVER
  AVERAGE SKY COVER 1.0



RELATIVE HUMIDITY (PERCENT)
 HIGHEST    85
 LOWEST     62
 AVERAGE    74

..........................................................


THE ALBANY NY CLIMATE NORMALS FOR TODAY
                         NORMAL    RECORD    YEAR
 MAXIMUM TEMPERATURE (F)   64        86      1903
 MINIMUM TEMPERATURE (F)   42        25      1874


SUNRISE AND SUNSET
APRIL 30 2018.........SUNRISE   551 AM EDT   SUNSET   755 PM EDT
MAY  1 2018...........SUNRISE   550 AM EDT   SUNSET   756 PM EDT


-  INDICATES NEGATIVE NUMBERS.
R  INDICATES RECORD WAS SET OR TIED.
MM INDICATES DATA IS MISSING.
T  INDICATES TRACE AMOUNT.




$$
