000
CDUS41 KALY 080637
CLIALB


CLIMATE REPORT
NATIONAL WEATHER SERVICE ALBANY NY
236 AM EDT SUN APR 8 2018


...................................

...THE ALBANY NY CLIMATE SUMMARY FOR APRIL 7 2018...

CLIMATE NORMAL PERIOD 1981 TO 2010
CLIMATE RECORD PERIOD 1874 TO 2018


WEATHER ITEM   OBSERVED TIME   RECORD YEAR NORMAL DEPARTURE LAST
                VALUE   (LST)  VALUE       VALUE  FROM      YEAR
                                                  NORMAL
..................................................................
TEMPERATURE (F)
 YESTERDAY
  MAXIMUM         40    335 PM  87    2010  55    -15       46
                                      1991
  MINIMUM         25   1159 PM  13    1982  34     -9       37
  AVERAGE         33                        44    -11       42

PRECIPITATION (IN)
  YESTERDAY        0.04          1.29 1924   0.11  -0.07     0.03
  MONTH TO DATE    0.70                      0.75  -0.05     1.68
  SINCE MAR 1      3.76                      3.96  -0.20     5.75
  SINCE JAN 1      9.23                      8.75   0.48    11.73

SNOWFALL (IN)
  YESTERDAY        1.3           3.2  1896   0.1    1.2      0.0
  MONTH TO DATE    2.4                       0.9    1.5      0.2
  SINCE MAR 1     38.4                      11.9   26.5     19.6
  SINCE JUL 1     77.3                      58.8   18.5     60.8
  SNOW DEPTH       1

DEGREE DAYS
 HEATING
  YESTERDAY       32                        21     11       23
  MONTH TO DATE  205                       154     51      143
  SINCE MAR 1   1156                      1083     73     1168
  SINCE JUL 1   5698                      6027   -329     5331

 COOLING
  YESTERDAY        0                         0      0        0
  MONTH TO DATE    0                         0      0        0
  SINCE MAR 1      0                         0      0        0
  SINCE JAN 1      0                         0      0        0
..................................................................


WIND (MPH)
  HIGHEST WIND SPEED    28   HIGHEST WIND DIRECTION    NW (300)
  HIGHEST GUST SPEED    38   HIGHEST GUST DIRECTION     W (270)
  AVERAGE WIND SPEED    12.5


SKY COVER
  AVERAGE SKY COVER 0.8



RELATIVE HUMIDITY (PERCENT)
 HIGHEST    85
 LOWEST     33
 AVERAGE    59

..........................................................


THE ALBANY NY CLIMATE NORMALS FOR TODAY
                         NORMAL    RECORD    YEAR
 MAXIMUM TEMPERATURE (F)   55        88      1929
 MINIMUM TEMPERATURE (F)   35        19      1982


SUNRISE AND SUNSET
APRIL  8 2018.........SUNRISE   625 AM EDT   SUNSET   729 PM EDT
APRIL  9 2018.........SUNRISE   624 AM EDT   SUNSET   730 PM EDT


-  INDICATES NEGATIVE NUMBERS.
R  INDICATES RECORD WAS SET OR TIED.
MM INDICATES DATA IS MISSING.
T  INDICATES TRACE AMOUNT.




$$
