000
CDUS41 KALY 312054
CLIALB


CLIMATE REPORT
NATIONAL WEATHER SERVICE ALBANY NY
454 PM EDT SAT MAR 31 2018


...................................

...THE ALBANY NY CLIMATE SUMMARY FOR MARCH 31 2018...
VALID TODAY AS OF 0400 PM LOCAL TIME.

CLIMATE NORMAL PERIOD 1981 TO 2010
CLIMATE RECORD PERIOD 1874 TO 2018


WEATHER ITEM   OBSERVED TIME   RECORD YEAR NORMAL DEPARTURE LAST
                VALUE   (LST)  VALUE       VALUE  FROM      YEAR
                                                  NORMAL
..................................................................
TEMPERATURE (F)
 TODAY
  MAXIMUM         56    313 PM  89    1998  51      5       38
  MINIMUM         31    555 AM  12    1923  31      0       33
  AVERAGE         44                        41      3       36

PRECIPITATION (IN)
  TODAY            0.00          2.02 1997   0.11  -0.11     1.18
  MONTH TO DATE    3.06                      3.21  -0.15     4.07
  SINCE MAR 1      3.06                      3.21  -0.15     4.07
  SINCE JAN 1      8.53                      8.00   0.53    10.05

SNOWFALL (IN)
  TODAY            0.0          14.6  1997   0.2   -0.2      1.0
  MONTH TO DATE   36.0                      11.0   25.0     19.4
  SINCE MAR 1     36.0                      11.0   25.0     19.4
  SINCE JUL 1     74.9                      57.9   17.0     60.6
  SNOW DEPTH       0

DEGREE DAYS
 HEATING
  TODAY           21                        24     -3       29
  MONTH TO DATE  951                       928     23     1025
  SINCE MAR 1    951                       929     22     1025
  SINCE JUL 1   5493                      5873   -380     5188

 COOLING
  TODAY            0                         0      0        0
  MONTH TO DATE    0                         0      0        0
  SINCE MAR 1      0                         0      0        0
  SINCE JAN 1      0                         0      0        0
..................................................................


WIND (MPH)
  HIGHEST WIND SPEED    15   HIGHEST WIND DIRECTION     W (280)
  HIGHEST GUST SPEED    19   HIGHEST GUST DIRECTION    NW (300)
  AVERAGE WIND SPEED     9.1


SKY COVER
  AVERAGE SKY COVER 0.3



RELATIVE HUMIDITY (PERCENT)
 HIGHEST    69           300 AM
 LOWEST     22           300 PM
 AVERAGE    46

..........................................................


THE ALBANY NY CLIMATE NORMALS FOR TOMORROW
                         NORMAL    RECORD    YEAR
 MAXIMUM TEMPERATURE (F)   52        77      1986
 MINIMUM TEMPERATURE (F)   32         9      1923


SUNRISE AND SUNSET
MARCH 31 2018.........SUNRISE   639 AM EDT   SUNSET   720 PM EDT
APRIL  1 2018.........SUNRISE   637 AM EDT   SUNSET   721 PM EDT


-  INDICATES NEGATIVE NUMBERS.
R  INDICATES RECORD WAS SET OR TIED.
MM INDICATES DATA IS MISSING.
T  INDICATES TRACE AMOUNT.




$$
